{"id":9649,"date":"2026-01-07T18:41:37","date_gmt":"2026-01-07T16:41:37","guid":{"rendered":"https:\/\/secihouse.lt\/?post_type=product&#038;p=9649"},"modified":"2026-03-09T15:29:05","modified_gmt":"2026-03-09T13:29:05","slug":"konges-slojd-mazasis-meskutis-baker","status":"publish","type":"product","link":"https:\/\/secihouse.lt\/index.php\/product\/konges-slojd-mazasis-meskutis-baker\/","title":{"rendered":"Konges Slojd ma\u017easis me\u0161kutis &#8211; Baker"},"content":{"rendered":"<p data-start=\"0\" data-end=\"146\">Susipa\u017einkite su \u00a0ma\u017euoju me\u0161kiuku kep\u0117ju \u2013 pa\u010diu mieliausiu kaimynyst\u0117s kep\u0117ju, kuris m\u0117gsta kepti \u0161vie\u017eias bagetes savo ma\u017eiesiems draugams.<\/p>\n<p data-start=\"0\" data-end=\"146\">Ma\u017easis me\u0161kiukas kep\u0117jas miega savo ma\u017eoje kepykl\u0117l\u0117je \u2013 tiesiog \u00a0atidarykite ma\u017e\u0105 stal\u010diuk\u0105 ir pa\u017eadinkite j\u012f. Voil\u00e0 \u2013 kepykl\u0117l\u0117 atidaryta!<\/p>\n<p data-start=\"316\" data-end=\"362\" data-is-last-node=\"\" data-is-only-node=\"\"><strong>Rekomenduojamas am\u017eius:<\/strong> Vaikams nuo 3 met\u0173+<br data-start=\"341\" data-end=\"344\" \/><strong>Sud\u0117tis:<\/strong>\u00a050 % medviln\u0117\/\u00a025 % poliesteris\/\u00a020 % popierius\/\u00a05 % derva<\/p>\n","protected":false},"excerpt":{"rendered":"<p>Susipa\u017einkite su \u00a0ma\u017euoju me\u0161kiuku kep\u0117ju \u2013 pa\u010diu mieliausiu kaimynyst\u0117s kep\u0117ju, kuris m\u0117gsta kepti \u0161vie\u017eias bagetes savo ma\u017eiesiems draugams. Ma\u017easis me\u0161kiukas kep\u0117jas miega savo ma\u017eoje kepykl\u0117l\u0117je \u2013 tiesiog \u00a0atidarykite ma\u017e\u0105 stal\u010diuk\u0105 ir pa\u017eadinkite j\u012f. Voil\u00e0 \u2013 kepykl\u0117l\u0117 atidaryta! Rekomenduojamas am\u017eius: Vaikams nuo 3 met\u0173+Sud\u0117tis:\u00a050 % medviln\u0117\/\u00a025 % poliesteris\/\u00a020 % popierius\/\u00a05 % derva<\/p>\n","protected":false},"featured_media":9650,"template":"","meta":[],"product_brand":[],"product_cat":[186,66],"product_tag":[236,815,450,216,832,613,42],"class_list":{"0":"post-9649","1":"product","2":"type-product","3":"status-publish","4":"has-post-thumbnail","6":"product_cat-naujienos","7":"product_cat-zaislai","8":"product_tag-konges-slojd","9":"product_tag-konges-slojd-rinkinys-meskutis","10":"product_tag-konges-slojd-zaislai","11":"product_tag-meskutis","12":"product_tag-pliusinis-meskutis","13":"product_tag-pliusinis-zaislas","14":"product_tag-zaislai","15":"","17":"first","18":"instock","19":"taxable","20":"shipping-taxable","21":"purchasable","22":"product-type-simple"},"_links":{"self":[{"href":"https:\/\/secihouse.lt\/index.php\/wp-json\/wp\/v2\/product\/9649","targetHints":{"allow":["GET"]}}],"collection":[{"href":"https:\/\/secihouse.lt\/index.php\/wp-json\/wp\/v2\/product"}],"about":[{"href":"https:\/\/secihouse.lt\/index.php\/wp-json\/wp\/v2\/types\/product"}],"wp:featuredmedia":[{"embeddable":true,"href":"https:\/\/secihouse.lt\/index.php\/wp-json\/wp\/v2\/media\/9650"}],"wp:attachment":[{"href":"https:\/\/secihouse.lt\/index.php\/wp-json\/wp\/v2\/media?parent=9649"}],"wp:term":[{"taxonomy":"product_brand","embeddable":true,"href":"https:\/\/secihouse.lt\/index.php\/wp-json\/wp\/v2\/product_brand?post=9649"},{"taxonomy":"product_cat","embeddable":true,"href":"https:\/\/secihouse.lt\/index.php\/wp-json\/wp\/v2\/product_cat?post=9649"},{"taxonomy":"product_tag","embeddable":true,"href":"https:\/\/secihouse.lt\/index.php\/wp-json\/wp\/v2\/product_tag?post=9649"}],"curies":[{"name":"wp","href":"https:\/\/api.w.org\/{rel}","templated":true}]}}