{"id":9544,"date":"2025-11-25T22:26:39","date_gmt":"2025-11-25T20:26:39","guid":{"rendered":"https:\/\/secihouse.lt\/?post_type=product&#038;p=9544"},"modified":"2025-11-25T22:28:29","modified_gmt":"2025-11-25T20:28:29","slug":"konges-slojd-svieciantys-rieduciai-kalamata","status":"publish","type":"product","link":"https:\/\/secihouse.lt\/index.php\/product\/konges-slojd-svieciantys-rieduciai-kalamata\/","title":{"rendered":"Konges Slojd \u0161vie\u010diantys riedu\u010diai &#8211; Kalamata"},"content":{"rendered":"<p data-start=\"0\" data-end=\"221\">Klasikiniai riedu\u010diai su \u0161vie\u010dian\u010diais ratukais, tod\u0117l va\u017eiuoti greitai tampa dar smagiau. Sukurti su pusiau mink\u0161tu bato dizainu, u\u017etikrinan\u010diu palaikym\u0105 ir stabilum\u0105 vaikams, kurie dar mokosi ried\u0117ti.<\/p>\n<p data-start=\"223\" data-end=\"403\">Riedu\u010diai yra reguliuojamo dyd\u017eio, tai rei\u0161kia, kad juos galima pritaikyti prie vaiko p\u0117dos augimo. Puiki investicija keliems sezonams.<\/p>\n<p data-start=\"405\" data-end=\"440\">Riedu\u010di\u0173 dydis 31\u201336.<\/p>\n<p data-start=\"442\" data-end=\"462\">Pa\u017eym\u0117ta CE \u017eenklu<\/p>\n<ul data-start=\"481\" data-end=\"672\" data-is-last-node=\"\" data-is-only-node=\"\">\n<li data-start=\"542\" data-end=\"571\">\n<p data-start=\"544\" data-end=\"571\">Maksimali apkrova: 60 kg.<\/p>\n<\/li>\n<li data-start=\"572\" data-end=\"604\">\n<p data-start=\"574\" data-end=\"604\">Tik laisvalaikio naudojimui<\/p>\n<\/li>\n<\/ul>\n","protected":false},"excerpt":{"rendered":"<p>Klasikiniai riedu\u010diai su \u0161vie\u010dian\u010diais ratukais, tod\u0117l va\u017eiuoti greitai tampa dar smagiau. Sukurti su pusiau mink\u0161tu bato dizainu, u\u017etikrinan\u010diu palaikym\u0105 ir stabilum\u0105 vaikams, kurie dar mokosi ried\u0117ti. Riedu\u010diai yra reguliuojamo dyd\u017eio, tai rei\u0161kia, kad juos galima pritaikyti prie vaiko p\u0117dos augimo. Puiki investicija keliems sezonams. Riedu\u010di\u0173 dydis 31\u201336. Pa\u017eym\u0117ta CE \u017eenklu Maksimali apkrova: 60 kg. Tik [&hellip;]<\/p>\n","protected":false},"featured_media":9545,"template":"","meta":[],"product_brand":[],"product_cat":[186,66],"product_tag":[236,819,817,818,42],"class_list":{"0":"post-9544","1":"product","2":"type-product","3":"status-publish","4":"has-post-thumbnail","6":"product_cat-naujienos","7":"product_cat-zaislai","8":"product_tag-konges-slojd","9":"product_tag-konges-slojd-rieduciai","10":"product_tag-rieduciai","11":"product_tag-svieciantys-rieduciai","12":"product_tag-zaislai","13":"","15":"first","16":"instock","17":"taxable","18":"shipping-taxable","19":"purchasable","20":"product-type-simple"},"_links":{"self":[{"href":"https:\/\/secihouse.lt\/index.php\/wp-json\/wp\/v2\/product\/9544","targetHints":{"allow":["GET"]}}],"collection":[{"href":"https:\/\/secihouse.lt\/index.php\/wp-json\/wp\/v2\/product"}],"about":[{"href":"https:\/\/secihouse.lt\/index.php\/wp-json\/wp\/v2\/types\/product"}],"wp:featuredmedia":[{"embeddable":true,"href":"https:\/\/secihouse.lt\/index.php\/wp-json\/wp\/v2\/media\/9545"}],"wp:attachment":[{"href":"https:\/\/secihouse.lt\/index.php\/wp-json\/wp\/v2\/media?parent=9544"}],"wp:term":[{"taxonomy":"product_brand","embeddable":true,"href":"https:\/\/secihouse.lt\/index.php\/wp-json\/wp\/v2\/product_brand?post=9544"},{"taxonomy":"product_cat","embeddable":true,"href":"https:\/\/secihouse.lt\/index.php\/wp-json\/wp\/v2\/product_cat?post=9544"},{"taxonomy":"product_tag","embeddable":true,"href":"https:\/\/secihouse.lt\/index.php\/wp-json\/wp\/v2\/product_tag?post=9544"}],"curies":[{"name":"wp","href":"https:\/\/api.w.org\/{rel}","templated":true}]}}