{"id":9458,"date":"2025-11-25T21:00:39","date_gmt":"2025-11-25T19:00:39","guid":{"rendered":"https:\/\/secihouse.lt\/?post_type=product&#038;p=9458"},"modified":"2025-11-25T21:00:40","modified_gmt":"2025-11-25T19:00:40","slug":"konges-slojd-kaledine-dekoracija-elfas","status":"publish","type":"product","link":"https:\/\/secihouse.lt\/index.php\/product\/konges-slojd-kaledine-dekoracija-elfas\/","title":{"rendered":"Konges Slojd Kal\u0117din\u0117 dekoracija elfas"},"content":{"rendered":"<p data-start=\"0\" data-end=\"251\">Tai nuostabus, i\u0161skirtinis \u017eaisliukas dekoracija, kuris puikiai papuo\u0161 kiekvieno namu\u010dius belaukiant Kal\u0117d\u0173.<\/p>\n<p data-start=\"253\" data-end=\"490\"><strong data-start=\"253\" data-end=\"282\">Apie kal\u0117din\u0119 dekoracij\u0105:<\/strong><br data-start=\"282\" data-end=\"285\" \/>Sukurta su vieta, kur galima para\u0161yti vaiko vard\u0105 ir metus nuolatiniu \u017eymekliu (\u012f komplekt\u0105 ne\u012feina). Dekoracija turi patogi\u0105 kilpel\u0119 pakabinimui ant eglut\u0117s, lango ar kitur kaip miel\u0105 \u0161ventin\u0119 puo\u0161men\u0105.<\/p>\n<p data-start=\"492\" data-end=\"745\" data-is-last-node=\"\" data-is-only-node=\"\"><strong data-start=\"492\" data-end=\"504\">Pastaba:<\/strong> Tai n\u0117ra \u017eaislas ir turi b\u016bti naudojama tik kaip dekoracija. Dekoracija yra trapi, tod\u0117l j\u0105 reikia laikyti atsargiai. Ji tvarkingai supakuota \u012f miel\u0105 laikymo d\u0117\u017eut\u0119, tod\u0117l rekomenduojame \u00a0b\u016bti atsargiems j\u0105 i\u0161imdami, kad nesul\u016b\u017et\u0173.<\/p>\n<p data-start=\"492\" data-end=\"745\" data-is-last-node=\"\" data-is-only-node=\"\"><strong>Sud\u0117tis:\u00a0<\/strong>100 % poliresinas<\/p>\n","protected":false},"excerpt":{"rendered":"<p>Tai nuostabus, i\u0161skirtinis \u017eaisliukas dekoracija, kuris puikiai papuo\u0161 kiekvieno namu\u010dius belaukiant Kal\u0117d\u0173. Apie kal\u0117din\u0119 dekoracij\u0105:Sukurta su vieta, kur galima para\u0161yti vaiko vard\u0105 ir metus nuolatiniu \u017eymekliu (\u012f komplekt\u0105 ne\u012feina). Dekoracija turi patogi\u0105 kilpel\u0119 pakabinimui ant eglut\u0117s, lango ar kitur kaip miel\u0105 \u0161ventin\u0119 puo\u0161men\u0105. Pastaba: Tai n\u0117ra \u017eaislas ir turi b\u016bti naudojama tik kaip dekoracija. Dekoracija [&hellip;]<\/p>\n","protected":false},"featured_media":9459,"template":"","meta":[],"product_brand":[],"product_cat":[186,243],"product_tag":[798,797,236,799],"class_list":{"0":"post-9458","1":"product","2":"type-product","3":"status-publish","4":"has-post-thumbnail","6":"product_cat-naujienos","7":"product_cat-vaiku-kambarys","8":"product_tag-egles-zaisliukai","9":"product_tag-kaledinis-zaisliukas","10":"product_tag-konges-slojd","11":"product_tag-konges-slojd-kaledinis-egles-zaisliukas","12":"","14":"first","15":"instock","16":"taxable","17":"shipping-taxable","18":"purchasable","19":"product-type-simple"},"_links":{"self":[{"href":"https:\/\/secihouse.lt\/index.php\/wp-json\/wp\/v2\/product\/9458","targetHints":{"allow":["GET"]}}],"collection":[{"href":"https:\/\/secihouse.lt\/index.php\/wp-json\/wp\/v2\/product"}],"about":[{"href":"https:\/\/secihouse.lt\/index.php\/wp-json\/wp\/v2\/types\/product"}],"wp:featuredmedia":[{"embeddable":true,"href":"https:\/\/secihouse.lt\/index.php\/wp-json\/wp\/v2\/media\/9459"}],"wp:attachment":[{"href":"https:\/\/secihouse.lt\/index.php\/wp-json\/wp\/v2\/media?parent=9458"}],"wp:term":[{"taxonomy":"product_brand","embeddable":true,"href":"https:\/\/secihouse.lt\/index.php\/wp-json\/wp\/v2\/product_brand?post=9458"},{"taxonomy":"product_cat","embeddable":true,"href":"https:\/\/secihouse.lt\/index.php\/wp-json\/wp\/v2\/product_cat?post=9458"},{"taxonomy":"product_tag","embeddable":true,"href":"https:\/\/secihouse.lt\/index.php\/wp-json\/wp\/v2\/product_tag?post=9458"}],"curies":[{"name":"wp","href":"https:\/\/api.w.org\/{rel}","templated":true}]}}