{"id":9402,"date":"2025-09-09T21:06:35","date_gmt":"2025-09-09T19:06:35","guid":{"rendered":"https:\/\/secihouse.lt\/?post_type=product&#038;p=9402"},"modified":"2025-12-18T13:56:29","modified_gmt":"2025-12-18T11:56:29","slug":"mimi-lula-papuosalu-dezute-unicorn","status":"publish","type":"product","link":"https:\/\/secihouse.lt\/index.php\/product\/mimi-lula-papuosalu-dezute-unicorn\/","title":{"rendered":"MIMI &#038; LULA papuo\u0161al\u0173 d\u0117\u017eut\u0117 &#8211; Unicorn"},"content":{"rendered":"<p data-start=\"38\" data-end=\"220\"><strong data-start=\"38\" data-end=\"131\">Vienaragio formos papuo\u0161al\u0173 d\u0117\u017eut\u0117 \u2013 pati magi\u0161kiausia vieta ma\u017e\u0173j\u0173 lobiams saugoti!<\/strong><br data-start=\"131\" data-end=\"134\" \/>\u0160i miela d\u0117\u017eut\u0117 b\u016bt\u0173 nuostabi dovana ir gra\u017eiausias akcentas j\u0173 tualetiniame staliuke!<\/p>\n<ul data-start=\"222\" data-end=\"556\">\n<li data-start=\"222\" data-end=\"386\">\n<p data-start=\"224\" data-end=\"386\">Pagaminta i\u0161 itin \u0161velnios ro\u017ein\u0117s aksomin\u0117s med\u017eiagos su vienaragio ir \u017evaig\u017ed\u017ei\u0173 dizainu, pagamintu i\u0161 odel\u0117s imitacijos, blizgi\u0173 ir aksomini\u0173 audini\u0173 derinio<\/p>\n<\/li>\n<li data-start=\"387\" data-end=\"453\">\n<p data-start=\"389\" data-end=\"453\">Matmenys: apie 15 cm (plotis) x 7 cm (auk\u0161tis) x 11 cm (gylis)<\/p>\n<\/li>\n<li data-start=\"454\" data-end=\"478\">\n<p data-start=\"456\" data-end=\"478\">U\u017esegama u\u017etrauktuku<\/p>\n<\/li>\n<li data-start=\"479\" data-end=\"556\">\n<p data-start=\"481\" data-end=\"556\">Viduje yra elastinga ki\u0161en\u0117l\u0117, keturi kabliukai ir trys papildomi skyreliai<\/p>\n<\/li>\n<\/ul>\n<p data-start=\"355\" data-end=\"485\">\n<p data-start=\"355\" data-end=\"485\"><strong data-start=\"42\" data-end=\"54\">Sud\u0117tis<\/strong><\/p>\n<p data-start=\"355\" data-end=\"485\">I\u0161or\u0117: 75 % poliesteris (audinys), 20 % poliuretanas (PU), 5 % metalas<br data-start=\"107\" data-end=\"110\" \/>Pamu\u0161alas: 100 % poliesteris (audinys)<\/p>\n<p data-start=\"355\" data-end=\"485\">\n","protected":false},"excerpt":{"rendered":"<p>Vienaragio formos papuo\u0161al\u0173 d\u0117\u017eut\u0117 \u2013 pati magi\u0161kiausia vieta ma\u017e\u0173j\u0173 lobiams saugoti!\u0160i miela d\u0117\u017eut\u0117 b\u016bt\u0173 nuostabi dovana ir gra\u017eiausias akcentas j\u0173 tualetiniame staliuke! Pagaminta i\u0161 itin \u0161velnios ro\u017ein\u0117s aksomin\u0117s med\u017eiagos su vienaragio ir \u017evaig\u017ed\u017ei\u0173 dizainu, pagamintu i\u0161 odel\u0117s imitacijos, blizgi\u0173 ir aksomini\u0173 audini\u0173 derinio Matmenys: apie 15 cm (plotis) x 7 cm (auk\u0161tis) x 11 cm [&hellip;]<\/p>\n","protected":false},"featured_media":9403,"template":"","meta":[],"product_brand":[],"product_cat":[67,186],"product_tag":[224,562,46,787,669,417],"class_list":{"0":"post-9402","1":"product","2":"type-product","3":"status-publish","4":"has-post-thumbnail","6":"product_cat-apranga-aksesuarai","7":"product_cat-naujienos","8":"product_tag-aksesuarai","9":"product_tag-aksesuarai-plaukams","10":"product_tag-aksesuarai-vaikams","11":"product_tag-mimi-lula","12":"product_tag-plaukams","13":"product_tag-segtukai","14":"","16":"first","17":"instock","18":"taxable","19":"shipping-taxable","20":"purchasable","21":"product-type-simple"},"_links":{"self":[{"href":"https:\/\/secihouse.lt\/index.php\/wp-json\/wp\/v2\/product\/9402","targetHints":{"allow":["GET"]}}],"collection":[{"href":"https:\/\/secihouse.lt\/index.php\/wp-json\/wp\/v2\/product"}],"about":[{"href":"https:\/\/secihouse.lt\/index.php\/wp-json\/wp\/v2\/types\/product"}],"wp:featuredmedia":[{"embeddable":true,"href":"https:\/\/secihouse.lt\/index.php\/wp-json\/wp\/v2\/media\/9403"}],"wp:attachment":[{"href":"https:\/\/secihouse.lt\/index.php\/wp-json\/wp\/v2\/media?parent=9402"}],"wp:term":[{"taxonomy":"product_brand","embeddable":true,"href":"https:\/\/secihouse.lt\/index.php\/wp-json\/wp\/v2\/product_brand?post=9402"},{"taxonomy":"product_cat","embeddable":true,"href":"https:\/\/secihouse.lt\/index.php\/wp-json\/wp\/v2\/product_cat?post=9402"},{"taxonomy":"product_tag","embeddable":true,"href":"https:\/\/secihouse.lt\/index.php\/wp-json\/wp\/v2\/product_tag?post=9402"}],"curies":[{"name":"wp","href":"https:\/\/api.w.org\/{rel}","templated":true}]}}