{"id":9365,"date":"2025-09-09T20:27:32","date_gmt":"2025-09-09T18:27:32","guid":{"rendered":"https:\/\/secihouse.lt\/?post_type=product&#038;p=9365"},"modified":"2026-03-29T19:20:28","modified_gmt":"2026-03-29T17:20:28","slug":"mimi-lula-plauku-segtuku-mini-rinkinys-farm-animal","status":"publish","type":"product","link":"https:\/\/secihouse.lt\/index.php\/product\/mimi-lula-plauku-segtuku-mini-rinkinys-farm-animal\/","title":{"rendered":"MIMI &#038; LULA plauk\u0173 segtuk\u0173 mini rinkinys &#8211; Farm animal"},"content":{"rendered":"<p data-start=\"47\" data-end=\"320\"><strong data-start=\"47\" data-end=\"160\">\u012ene\u0161kite \u0161iek tiek kaimi\u0161ko \u017eaismingumo su \u0161iomis mielomis mini \u201eclic clac\u201c segtuk\u0173 rinkiniu!<\/strong><br data-start=\"160\" data-end=\"163\" \/>\u0160ie segtukai puikiai pagyvins bet koki\u0105 \u0161ukuosen\u0105 ar aprang\u0105 linksma kaimo nuotaika.<\/p>\n<ul data-start=\"322\" data-end=\"541\">\n<li data-start=\"322\" data-end=\"350\">\n<p data-start=\"324\" data-end=\"350\"><strong data-start=\"324\" data-end=\"348\">5 segtukai pakuot\u0117je<\/strong><\/p>\n<\/li>\n<li data-start=\"351\" data-end=\"440\">\n<p data-start=\"353\" data-end=\"440\"><strong data-start=\"353\" data-end=\"388\">4 cm ilgio \u201eclic clac\u201c segtukai<\/strong>, aptraukti blizgia, grosgreno ir zom\u0161ine med\u017eiaga<\/p>\n<\/li>\n<\/ul>\n<p data-start=\"443\" data-end=\"541\">Gyv\u016bn\u0117liai, g\u0117l\u0117 ir \u0161irdel\u0117 pagaminti i\u0161 \u0161velnios zom\u0161in\u0117s med\u017eiagos bei blizgaus auksinio audinio<\/p>\n<p data-start=\"94\" data-end=\"177\">\n<p><strong data-start=\"94\" data-end=\"106\">Sud\u0117tis:<\/strong><br data-start=\"106\" data-end=\"109\" \/>50 % poliesteris (audinys),<br data-start=\"136\" data-end=\"139\" data-is-only-node=\"\" \/>20 % poliuretanas (PU),<br data-start=\"162\" data-end=\"165\" \/>30 % gele\u017eis<\/p>\n<p>&nbsp;<\/p>\n","protected":false},"excerpt":{"rendered":"<p>\u012ene\u0161kite \u0161iek tiek kaimi\u0161ko \u017eaismingumo su \u0161iomis mielomis mini \u201eclic clac\u201c segtuk\u0173 rinkiniu!\u0160ie segtukai puikiai pagyvins bet koki\u0105 \u0161ukuosen\u0105 ar aprang\u0105 linksma kaimo nuotaika. 5 segtukai pakuot\u0117je 4 cm ilgio \u201eclic clac\u201c segtukai, aptraukti blizgia, grosgreno ir zom\u0161ine med\u017eiaga Gyv\u016bn\u0117liai, g\u0117l\u0117 ir \u0161irdel\u0117 pagaminti i\u0161 \u0161velnios zom\u0161in\u0117s med\u017eiagos bei blizgaus auksinio audinio Sud\u0117tis:50 % poliesteris [&hellip;]<\/p>\n","protected":false},"featured_media":9366,"template":"","meta":[],"product_brand":[],"product_cat":[67,186],"product_tag":[224,562,46,787,669,417],"class_list":{"0":"post-9365","1":"product","2":"type-product","3":"status-publish","4":"has-post-thumbnail","6":"product_cat-apranga-aksesuarai","7":"product_cat-naujienos","8":"product_tag-aksesuarai","9":"product_tag-aksesuarai-plaukams","10":"product_tag-aksesuarai-vaikams","11":"product_tag-mimi-lula","12":"product_tag-plaukams","13":"product_tag-segtukai","14":"","16":"first","17":"instock","18":"taxable","19":"shipping-taxable","20":"purchasable","21":"product-type-simple"},"_links":{"self":[{"href":"https:\/\/secihouse.lt\/index.php\/wp-json\/wp\/v2\/product\/9365","targetHints":{"allow":["GET"]}}],"collection":[{"href":"https:\/\/secihouse.lt\/index.php\/wp-json\/wp\/v2\/product"}],"about":[{"href":"https:\/\/secihouse.lt\/index.php\/wp-json\/wp\/v2\/types\/product"}],"wp:featuredmedia":[{"embeddable":true,"href":"https:\/\/secihouse.lt\/index.php\/wp-json\/wp\/v2\/media\/9366"}],"wp:attachment":[{"href":"https:\/\/secihouse.lt\/index.php\/wp-json\/wp\/v2\/media?parent=9365"}],"wp:term":[{"taxonomy":"product_brand","embeddable":true,"href":"https:\/\/secihouse.lt\/index.php\/wp-json\/wp\/v2\/product_brand?post=9365"},{"taxonomy":"product_cat","embeddable":true,"href":"https:\/\/secihouse.lt\/index.php\/wp-json\/wp\/v2\/product_cat?post=9365"},{"taxonomy":"product_tag","embeddable":true,"href":"https:\/\/secihouse.lt\/index.php\/wp-json\/wp\/v2\/product_tag?post=9365"}],"curies":[{"name":"wp","href":"https:\/\/api.w.org\/{rel}","templated":true}]}}