{"id":8740,"date":"2024-09-25T11:26:42","date_gmt":"2024-09-25T09:26:42","guid":{"rendered":"https:\/\/secihouse.lt\/?post_type=product&#038;p=8740"},"modified":"2025-03-22T21:37:58","modified_gmt":"2025-03-22T19:37:58","slug":"tinycottons-bodis-gal-lery","status":"publish","type":"product","link":"https:\/\/secihouse.lt\/index.php\/product\/tinycottons-bodis-gal-lery\/","title":{"rendered":"TinyCottons bodis &#8211; Gal-lery"},"content":{"rendered":"<p>\u0160is ilgomis rankov\u0117mis dramblio kaulo spalvos bod\u017eiukas \u201eGal-lery\u201c grafika yra pagamintas i\u0161 100 % grynos medviln\u0117s, u\u017etikrinan\u010dios komfort\u0105 ir ilgaam\u017ei\u0161kum\u0105. Su u\u017esegimais apa\u010dioje ir nugaroje, kad b\u016bt\u0173 lengviau apsirengti.<\/p>\n<p><strong>Sud\u0117tis:<\/strong><br \/>\n100% medviln\u0117<\/p>\n<p>&nbsp;<\/p>\n<p><strong>Visi TINY gaminiai pagaminti i\u0161 auk\u0161tos kokyb\u0117s pluo\u0161to.\u00a0<\/strong><\/p>\n<p><strong>Prie\u017ei\u016bra:<\/strong> Nebalinti. Ned\u017eiovinkite d\u017eiovykl\u0117je. Nevalyti cheminiu b\u016bdu. Skalbkite su pana\u0161iomis spalvomis.<\/p>\n<p>&nbsp;<\/p>\n","protected":false},"excerpt":{"rendered":"<p>\u0160is ilgomis rankov\u0117mis dramblio kaulo spalvos bod\u017eiukas \u201eGal-lery\u201c grafika yra pagamintas i\u0161 100 % grynos medviln\u0117s, u\u017etikrinan\u010dios komfort\u0105 ir ilgaam\u017ei\u0161kum\u0105. Su u\u017esegimais apa\u010dioje ir nugaroje, kad b\u016bt\u0173 lengviau apsirengti. Sud\u0117tis: 100% medviln\u0117 &nbsp; Visi TINY gaminiai pagaminti i\u0161 auk\u0161tos kokyb\u0117s pluo\u0161to.\u00a0 Prie\u017ei\u016bra: Nebalinti. Ned\u017eiovinkite d\u017eiovykl\u0117je. Nevalyti cheminiu b\u016bdu. Skalbkite su pana\u0161iomis spalvomis. &nbsp;<\/p>\n","protected":false},"featured_media":8768,"template":"","meta":[],"product_brand":[],"product_cat":[772,67,186],"product_tag":[244,427,740,428],"class_list":{"0":"post-8740","1":"product","2":"type-product","3":"status-publish","4":"has-post-thumbnail","6":"product_cat-apranga","7":"product_cat-apranga-aksesuarai","8":"product_cat-naujienos","9":"product_tag-apranga","10":"product_tag-bodis","11":"product_tag-kudikiams","12":"product_tag-tinycottons-bodis","13":"","15":"first","16":"instock","17":"taxable","18":"shipping-taxable","19":"purchasable","20":"product-type-variable"},"_links":{"self":[{"href":"https:\/\/secihouse.lt\/index.php\/wp-json\/wp\/v2\/product\/8740","targetHints":{"allow":["GET"]}}],"collection":[{"href":"https:\/\/secihouse.lt\/index.php\/wp-json\/wp\/v2\/product"}],"about":[{"href":"https:\/\/secihouse.lt\/index.php\/wp-json\/wp\/v2\/types\/product"}],"wp:featuredmedia":[{"embeddable":true,"href":"https:\/\/secihouse.lt\/index.php\/wp-json\/wp\/v2\/media\/8768"}],"wp:attachment":[{"href":"https:\/\/secihouse.lt\/index.php\/wp-json\/wp\/v2\/media?parent=8740"}],"wp:term":[{"taxonomy":"product_brand","embeddable":true,"href":"https:\/\/secihouse.lt\/index.php\/wp-json\/wp\/v2\/product_brand?post=8740"},{"taxonomy":"product_cat","embeddable":true,"href":"https:\/\/secihouse.lt\/index.php\/wp-json\/wp\/v2\/product_cat?post=8740"},{"taxonomy":"product_tag","embeddable":true,"href":"https:\/\/secihouse.lt\/index.php\/wp-json\/wp\/v2\/product_tag?post=8740"}],"curies":[{"name":"wp","href":"https:\/\/api.w.org\/{rel}","templated":true}]}}