{"id":8234,"date":"2024-06-27T20:04:29","date_gmt":"2024-06-27T18:04:29","guid":{"rendered":"https:\/\/secihouse.lt\/?post_type=product&#038;p=8234"},"modified":"2026-02-15T20:32:19","modified_gmt":"2026-02-15T18:32:19","slug":"konges-slojd-kepure-nuo-saules-tiger","status":"publish","type":"product","link":"https:\/\/secihouse.lt\/index.php\/product\/konges-slojd-kepure-nuo-saules-tiger\/","title":{"rendered":"Konges Slojd kepur\u0117 nuo saul\u0117s &#8211; Tiger"},"content":{"rendered":"<p>Kepur\u0117 nuo saul\u0117s pla\u010diu kra\u0161teliu, kad netrukdyt\u0173 saul\u0117 d\u017eiaugtis vasaros metu!<\/p>\n<p>&nbsp;<\/p>\n<p><strong>Sud\u0117tis:<\/strong> 100% nailono<\/p>\n<p>&nbsp;<\/p>\n","protected":false},"excerpt":{"rendered":"<p>Kepur\u0117 nuo saul\u0117s pla\u010diu kra\u0161teliu, kad netrukdyt\u0173 saul\u0117 d\u017eiaugtis vasaros metu! &nbsp; Sud\u0117tis: 100% nailono &nbsp;<\/p>\n","protected":false},"featured_media":8354,"template":"","meta":[],"product_brand":[],"product_cat":[772,67,186],"product_tag":[46,675,236,674],"class_list":{"0":"post-8234","1":"product","2":"type-product","3":"status-publish","4":"has-post-thumbnail","6":"product_cat-apranga","7":"product_cat-apranga-aksesuarai","8":"product_cat-naujienos","9":"product_tag-aksesuarai-vaikams","10":"product_tag-kepure-nuo-saules","11":"product_tag-konges-slojd","12":"product_tag-konges-slojd-kepure","13":"","15":"first","16":"instock","17":"taxable","18":"shipping-taxable","19":"purchasable","20":"product-type-variable"},"_links":{"self":[{"href":"https:\/\/secihouse.lt\/index.php\/wp-json\/wp\/v2\/product\/8234","targetHints":{"allow":["GET"]}}],"collection":[{"href":"https:\/\/secihouse.lt\/index.php\/wp-json\/wp\/v2\/product"}],"about":[{"href":"https:\/\/secihouse.lt\/index.php\/wp-json\/wp\/v2\/types\/product"}],"wp:featuredmedia":[{"embeddable":true,"href":"https:\/\/secihouse.lt\/index.php\/wp-json\/wp\/v2\/media\/8354"}],"wp:attachment":[{"href":"https:\/\/secihouse.lt\/index.php\/wp-json\/wp\/v2\/media?parent=8234"}],"wp:term":[{"taxonomy":"product_brand","embeddable":true,"href":"https:\/\/secihouse.lt\/index.php\/wp-json\/wp\/v2\/product_brand?post=8234"},{"taxonomy":"product_cat","embeddable":true,"href":"https:\/\/secihouse.lt\/index.php\/wp-json\/wp\/v2\/product_cat?post=8234"},{"taxonomy":"product_tag","embeddable":true,"href":"https:\/\/secihouse.lt\/index.php\/wp-json\/wp\/v2\/product_tag?post=8234"}],"curies":[{"name":"wp","href":"https:\/\/api.w.org\/{rel}","templated":true}]}}