{"id":8210,"date":"2024-06-27T19:45:10","date_gmt":"2024-06-27T17:45:10","guid":{"rendered":"https:\/\/secihouse.lt\/?post_type=product&#038;p=8210"},"modified":"2026-02-22T11:47:28","modified_gmt":"2026-02-22T09:47:28","slug":"konges-slojd-apranga-melange","status":"publish","type":"product","link":"https:\/\/secihouse.lt\/index.php\/product\/konges-slojd-apranga-melange\/","title":{"rendered":"Konges Slojd apranga &#8211; Melange"},"content":{"rendered":"<p>Dviej\u0173 dali\u0173 medvilninis komplektukas su deran\u010diais mar\u0161kin\u0117liais ir \u0161ortais.<\/p>\n<p>&nbsp;<\/p>\n<p><strong>Sud\u0117tis:<\/strong> 100% organin\u0117s medviln\u0117s GOTS, ekologi\u0161ka, sertifikuota CU1094701<\/p>\n","protected":false},"excerpt":{"rendered":"<p>Dviej\u0173 dali\u0173 medvilninis komplektukas su deran\u010diais mar\u0161kin\u0117liais ir \u0161ortais. &nbsp; Sud\u0117tis: 100% organin\u0117s medviln\u0117s GOTS, ekologi\u0161ka, sertifikuota CU1094701<\/p>\n","protected":false},"featured_media":8330,"template":"","meta":[],"product_brand":[],"product_cat":[772,67,186],"product_tag":[244,268,670,236,469],"class_list":{"0":"post-8210","1":"product","2":"type-product","3":"status-publish","4":"has-post-thumbnail","6":"product_cat-apranga","7":"product_cat-apranga-aksesuarai","8":"product_cat-naujienos","9":"product_tag-apranga","10":"product_tag-komplektas","11":"product_tag-komplektukas","12":"product_tag-konges-slojd","13":"product_tag-konges-slojd-apranga","14":"","16":"first","17":"instock","18":"taxable","19":"shipping-taxable","20":"purchasable","21":"product-type-variable"},"_links":{"self":[{"href":"https:\/\/secihouse.lt\/index.php\/wp-json\/wp\/v2\/product\/8210","targetHints":{"allow":["GET"]}}],"collection":[{"href":"https:\/\/secihouse.lt\/index.php\/wp-json\/wp\/v2\/product"}],"about":[{"href":"https:\/\/secihouse.lt\/index.php\/wp-json\/wp\/v2\/types\/product"}],"wp:featuredmedia":[{"embeddable":true,"href":"https:\/\/secihouse.lt\/index.php\/wp-json\/wp\/v2\/media\/8330"}],"wp:attachment":[{"href":"https:\/\/secihouse.lt\/index.php\/wp-json\/wp\/v2\/media?parent=8210"}],"wp:term":[{"taxonomy":"product_brand","embeddable":true,"href":"https:\/\/secihouse.lt\/index.php\/wp-json\/wp\/v2\/product_brand?post=8210"},{"taxonomy":"product_cat","embeddable":true,"href":"https:\/\/secihouse.lt\/index.php\/wp-json\/wp\/v2\/product_cat?post=8210"},{"taxonomy":"product_tag","embeddable":true,"href":"https:\/\/secihouse.lt\/index.php\/wp-json\/wp\/v2\/product_tag?post=8210"}],"curies":[{"name":"wp","href":"https:\/\/api.w.org\/{rel}","templated":true}]}}