{"id":8194,"date":"2024-06-27T18:51:48","date_gmt":"2024-06-27T16:51:48","guid":{"rendered":"https:\/\/secihouse.lt\/?post_type=product&#038;p=8194"},"modified":"2024-10-07T12:52:12","modified_gmt":"2024-10-07T10:52:12","slug":"konges-slojd-plauku-gumytes-kaspineliai","status":"publish","type":"product","link":"https:\/\/secihouse.lt\/index.php\/product\/konges-slojd-plauku-gumytes-kaspineliai\/","title":{"rendered":"Konges Slojd plauk\u0173 gumyt\u0117s &#8211; kaspin\u0117liai"},"content":{"rendered":"<p>Tamprios plauk\u0173 gumyt\u0117s, kurios plaukus puo\u0161 \u012fvairiausioms progoms .<\/p>\n<p>&nbsp;<\/p>\n<p><strong>Sud\u0117tis:<\/strong> Elastingumas: 60% lateksas, 40% poliesteris.<\/p>\n<p><strong>Rekomenduojamas am\u017eius:<\/strong> nuo 3m+.<\/p>\n","protected":false},"excerpt":{"rendered":"<p>Tamprios plauk\u0173 gumyt\u0117s, kurios plaukus puo\u0161 \u012fvairiausioms progoms . &nbsp; Sud\u0117tis: Elastingumas: 60% lateksas, 40% poliesteris. Rekomenduojamas am\u017eius: nuo 3m+.<\/p>\n","protected":false},"featured_media":8312,"template":"","meta":[],"product_brand":[],"product_cat":[67,186],"product_tag":[562,236,667,413],"class_list":{"0":"post-8194","1":"product","2":"type-product","3":"status-publish","4":"has-post-thumbnail","6":"product_cat-apranga-aksesuarai","7":"product_cat-naujienos","8":"product_tag-aksesuarai-plaukams","9":"product_tag-konges-slojd","10":"product_tag-konges-slojd-plauku-gumytes","11":"product_tag-plauku-gumytes","12":"","14":"first","15":"instock","16":"taxable","17":"shipping-taxable","18":"purchasable","19":"product-type-simple"},"_links":{"self":[{"href":"https:\/\/secihouse.lt\/index.php\/wp-json\/wp\/v2\/product\/8194","targetHints":{"allow":["GET"]}}],"collection":[{"href":"https:\/\/secihouse.lt\/index.php\/wp-json\/wp\/v2\/product"}],"about":[{"href":"https:\/\/secihouse.lt\/index.php\/wp-json\/wp\/v2\/types\/product"}],"wp:featuredmedia":[{"embeddable":true,"href":"https:\/\/secihouse.lt\/index.php\/wp-json\/wp\/v2\/media\/8312"}],"wp:attachment":[{"href":"https:\/\/secihouse.lt\/index.php\/wp-json\/wp\/v2\/media?parent=8194"}],"wp:term":[{"taxonomy":"product_brand","embeddable":true,"href":"https:\/\/secihouse.lt\/index.php\/wp-json\/wp\/v2\/product_brand?post=8194"},{"taxonomy":"product_cat","embeddable":true,"href":"https:\/\/secihouse.lt\/index.php\/wp-json\/wp\/v2\/product_cat?post=8194"},{"taxonomy":"product_tag","embeddable":true,"href":"https:\/\/secihouse.lt\/index.php\/wp-json\/wp\/v2\/product_tag?post=8194"}],"curies":[{"name":"wp","href":"https:\/\/api.w.org\/{rel}","templated":true}]}}