{"id":8049,"date":"2024-05-02T14:22:45","date_gmt":"2024-05-02T12:22:45","guid":{"rendered":"https:\/\/secihouse.lt\/?post_type=product&#038;p=8049"},"modified":"2025-04-28T08:38:20","modified_gmt":"2025-04-28T06:38:20","slug":"gommu-lovele-stars","status":"publish","type":"product","link":"https:\/\/secihouse.lt\/index.php\/product\/gommu-lovele-stars\/","title":{"rendered":"Gommu lovel\u0117 &#8211; Stars"},"content":{"rendered":"<p>Lovel\u0117, kurioje bus saldus miegelis, kiekvienam \u017eaisliukui \ud83d\ude42<\/p>\n<p>&nbsp;<\/p>\n<p><strong>Pagaminta:<\/strong> 100% medviln\u0117s drob\u0117s,<\/p>\n<p>Yra 1 \u010diu\u017einys ir 1 pagalv\u0117.<\/p>\n<p>\u0160i prek\u0117 pristatoma i\u0161ardyta ir su surinkimo instrukcijomis.<\/p>\n<p><strong>I\u0161matavimai:<\/strong> 40cmx43cmx30cm.<\/p>\n<p>&nbsp;<\/p>\n<p>Visi GOMMU gaminiai pagaminti i\u0161 auk\u0161tos kokyb\u0117s med\u017eiag\u0173. Laikykit\u0117s toliau pateikt\u0173 prie\u017ei\u016bros nurodym\u0173, kad u\u017etikrintum\u0117te kuo ilgesn\u012f gaminio tarnavimo laik\u0105:<\/p>\n<ul>\n<li>Skalbti skalbimo ma\u0161inoje \u0161altoje temperat\u016broje<\/li>\n<li>Nebalinkite auk\u0161toje temperat\u016broje.<\/li>\n<li>Ned\u017eiovinkite d\u017eiovykl\u0117je<\/li>\n<li>Nevalyti cheminiu valymu<\/li>\n<\/ul>\n<p>&nbsp;<\/p>\n","protected":false},"excerpt":{"rendered":"<p>Lovel\u0117, kurioje bus saldus miegelis, kiekvienam \u017eaisliukui \ud83d\ude42 &nbsp; Pagaminta: 100% medviln\u0117s drob\u0117s, Yra 1 \u010diu\u017einys ir 1 pagalv\u0117. \u0160i prek\u0117 pristatoma i\u0161ardyta ir su surinkimo instrukcijomis. I\u0161matavimai: 40cmx43cmx30cm. &nbsp; Visi GOMMU gaminiai pagaminti i\u0161 auk\u0161tos kokyb\u0117s med\u017eiag\u0173. Laikykit\u0117s toliau pateikt\u0173 prie\u017ei\u016bros nurodym\u0173, kad u\u017etikrintum\u0117te kuo ilgesn\u012f gaminio tarnavimo laik\u0105: Skalbti skalbimo ma\u0161inoje \u0161altoje temperat\u016broje [&hellip;]<\/p>\n","protected":false},"featured_media":8053,"template":"","meta":[],"product_brand":[],"product_cat":[186,66],"product_tag":[653,403,651,655,654,652,656,657,42],"class_list":{"0":"post-8049","1":"product","2":"type-product","3":"status-publish","4":"has-post-thumbnail","6":"product_cat-naujienos","7":"product_cat-zaislai","8":"product_tag-baldeliai","9":"product_tag-gommu","10":"product_tag-gommu-baldai","11":"product_tag-gommu-lovele","12":"product_tag-gommu-lovyte","13":"product_tag-leliu-baldai","14":"product_tag-lovele-lelytei","15":"product_tag-lovele-zaislams","16":"product_tag-zaislai","17":"","19":"first","20":"instock","21":"taxable","22":"shipping-taxable","23":"purchasable","24":"product-type-simple"},"_links":{"self":[{"href":"https:\/\/secihouse.lt\/index.php\/wp-json\/wp\/v2\/product\/8049","targetHints":{"allow":["GET"]}}],"collection":[{"href":"https:\/\/secihouse.lt\/index.php\/wp-json\/wp\/v2\/product"}],"about":[{"href":"https:\/\/secihouse.lt\/index.php\/wp-json\/wp\/v2\/types\/product"}],"wp:featuredmedia":[{"embeddable":true,"href":"https:\/\/secihouse.lt\/index.php\/wp-json\/wp\/v2\/media\/8053"}],"wp:attachment":[{"href":"https:\/\/secihouse.lt\/index.php\/wp-json\/wp\/v2\/media?parent=8049"}],"wp:term":[{"taxonomy":"product_brand","embeddable":true,"href":"https:\/\/secihouse.lt\/index.php\/wp-json\/wp\/v2\/product_brand?post=8049"},{"taxonomy":"product_cat","embeddable":true,"href":"https:\/\/secihouse.lt\/index.php\/wp-json\/wp\/v2\/product_cat?post=8049"},{"taxonomy":"product_tag","embeddable":true,"href":"https:\/\/secihouse.lt\/index.php\/wp-json\/wp\/v2\/product_tag?post=8049"}],"curies":[{"name":"wp","href":"https:\/\/api.w.org\/{rel}","templated":true}]}}