{"id":7687,"date":"2024-01-02T23:37:03","date_gmt":"2024-01-02T21:37:03","guid":{"rendered":"https:\/\/secihouse.lt\/?post_type=product&#038;p=7687"},"modified":"2024-02-02T15:27:12","modified_gmt":"2024-02-02T13:27:12","slug":"olli-ella-dinky-dinkums-lelyte-iris","status":"publish","type":"product","link":"https:\/\/secihouse.lt\/index.php\/product\/olli-ella-dinky-dinkums-lelyte-iris\/","title":{"rendered":"Olli Ella Dinky Dinkums l\u0117lyt\u0117 &#8211; Iris"},"content":{"rendered":"<p>Ry\u0161kiomis spalvomis \u017eydintys Dinky l\u0117lyt\u0117s pumpurai yra tarsi lauko g\u0117l\u0117s, skleid\u017eian\u010dios d\u017eiaugsm\u0105, kad ir kur bekeliaut\u0173! .<\/p>\n<p>Dinky Dinkum Doll Lily yra supakuota \u012f vinta\u017ein\u012f \u012fkv\u0117pt\u0105 popierin\u012f mai\u0161el\u012f.<\/p>\n<p>&nbsp;<\/p>\n<p><strong>L\u0117lyt\u0117 pagaminta:<\/strong> Medviln\u0117s ir poliesterio<\/p>\n<p><strong>Rekomenduojamas am\u017eius:<\/strong> 0+<\/p>\n<p><strong>Dydis:<\/strong> \u00a022 cm x 12 cm x 8 cm<\/p>\n<p><strong>Svoris:<\/strong> 0,16 kg<\/p>\n<p>&nbsp;<\/p>\n<p>\u201eDinky Dinkums\u201c reikalauja ma\u017eai prie\u017ei\u016bros kaip kaktusas:<\/p>\n<p>\u0160velnus \u0161altas skalbimas ma\u0161inoje skalbini\u0173 mai\u0161elyje.<br \/>\n\u0160iems dailiems pumpurams nereikia saul\u0117s voni\u0173 \u2013 leiskite jiems i\u0161d\u017ei\u016bti pav\u0117syje.<br \/>\nBalinimas, mirkymas ir trynimas n\u0117ra j\u0173 \u017eiedlapi\u0173 kalba.<br \/>\nD\u017eiovinimas skalbykl\u0117je, lyginimas ir cheminis valymas yra ne\u017eyd\u0117jimo laikas.<\/p>\n<p>&nbsp;<\/p>\n","protected":false},"excerpt":{"rendered":"<p>Ry\u0161kiomis spalvomis \u017eydintys Dinky l\u0117lyt\u0117s pumpurai yra tarsi lauko g\u0117l\u0117s, skleid\u017eian\u010dios d\u017eiaugsm\u0105, kad ir kur bekeliaut\u0173! . Dinky Dinkum Doll Lily yra supakuota \u012f vinta\u017ein\u012f \u012fkv\u0117pt\u0105 popierin\u012f mai\u0161el\u012f. &nbsp; L\u0117lyt\u0117 pagaminta: Medviln\u0117s ir poliesterio Rekomenduojamas am\u017eius: 0+ Dydis: \u00a022 cm x 12 cm x 8 cm Svoris: 0,16 kg &nbsp; \u201eDinky Dinkums\u201c reikalauja ma\u017eai prie\u017ei\u016bros [&hellip;]<\/p>\n","protected":false},"featured_media":7688,"template":"","meta":[],"product_brand":[],"product_cat":[186,66],"product_tag":[629,254,628,630,250,256],"class_list":{"0":"post-7687","1":"product","2":"type-product","3":"status-publish","4":"has-post-thumbnail","6":"product_cat-naujienos","7":"product_cat-zaislai","8":"product_tag-dinkum-doll","9":"product_tag-lelyte","10":"product_tag-lelyte-dinkum","11":"product_tag-lelyte-gele","12":"product_tag-olli-ella","13":"product_tag-olli-ella-lelyte","14":"","16":"first","17":"instock","18":"taxable","19":"shipping-taxable","20":"purchasable","21":"product-type-simple"},"_links":{"self":[{"href":"https:\/\/secihouse.lt\/index.php\/wp-json\/wp\/v2\/product\/7687","targetHints":{"allow":["GET"]}}],"collection":[{"href":"https:\/\/secihouse.lt\/index.php\/wp-json\/wp\/v2\/product"}],"about":[{"href":"https:\/\/secihouse.lt\/index.php\/wp-json\/wp\/v2\/types\/product"}],"wp:featuredmedia":[{"embeddable":true,"href":"https:\/\/secihouse.lt\/index.php\/wp-json\/wp\/v2\/media\/7688"}],"wp:attachment":[{"href":"https:\/\/secihouse.lt\/index.php\/wp-json\/wp\/v2\/media?parent=7687"}],"wp:term":[{"taxonomy":"product_brand","embeddable":true,"href":"https:\/\/secihouse.lt\/index.php\/wp-json\/wp\/v2\/product_brand?post=7687"},{"taxonomy":"product_cat","embeddable":true,"href":"https:\/\/secihouse.lt\/index.php\/wp-json\/wp\/v2\/product_cat?post=7687"},{"taxonomy":"product_tag","embeddable":true,"href":"https:\/\/secihouse.lt\/index.php\/wp-json\/wp\/v2\/product_tag?post=7687"}],"curies":[{"name":"wp","href":"https:\/\/api.w.org\/{rel}","templated":true}]}}