{"id":7596,"date":"2023-12-12T20:02:25","date_gmt":"2023-12-12T18:02:25","guid":{"rendered":"https:\/\/secihouse.lt\/?post_type=product&#038;p=7596"},"modified":"2023-12-15T22:45:10","modified_gmt":"2023-12-15T20:45:10","slug":"maileg-kaledine-kojine","status":"publish","type":"product","link":"https:\/\/secihouse.lt\/index.php\/product\/maileg-kaledine-kojine\/","title":{"rendered":"MAILEG Kal\u0117din\u0117 kojin\u0117"},"content":{"rendered":"<p>Kal\u0117din\u0117s kojin\u0117s sukuria kal\u0117din\u0119 atmosfer\u0105 visur, kur jas pad\u0117site. Kojin\u0117s yra 16 cm ir yra labai dekoratyvios ir gali lengvai pasl\u0117pti ma\u017eas dovan\u0117les, u\u017era\u0161us ar saldainius.<\/p>\n<p>&nbsp;<\/p>\n<p><strong>Dydis:\u00a0<\/strong>16cm<\/p>\n<p>&nbsp;<\/p>\n","protected":false},"excerpt":{"rendered":"<p>Kal\u0117din\u0117s kojin\u0117s sukuria kal\u0117din\u0119 atmosfer\u0105 visur, kur jas pad\u0117site. Kojin\u0117s yra 16 cm ir yra labai dekoratyvios ir gali lengvai pasl\u0117pti ma\u017eas dovan\u0117les, u\u017era\u0161us ar saldainius. &nbsp; Dydis:\u00a016cm &nbsp;<\/p>\n","protected":false},"featured_media":7597,"template":"","meta":[],"product_brand":[],"product_cat":[61,186],"product_tag":[43,107,625,626,69,72,76,81,624],"class_list":{"0":"post-7596","1":"product","2":"type-product","3":"status-publish","4":"has-post-thumbnail","6":"product_cat-maileg-kolekcija","7":"product_cat-naujienos","8":"product_tag-maileg","9":"product_tag-maileg-aksesuarai","10":"product_tag-maileg-arbatos","11":"product_tag-maileg-arbatos-rinkinys","12":"product_tag-maileg-baldai","13":"product_tag-maileg-kolekcija","14":"product_tag-maileg-maistas","15":"product_tag-maileg-zaislai","16":"product_tag-peliuku-aksesuarai","17":"","19":"first","20":"instock","21":"taxable","22":"shipping-taxable","23":"purchasable","24":"product-type-simple"},"_links":{"self":[{"href":"https:\/\/secihouse.lt\/index.php\/wp-json\/wp\/v2\/product\/7596","targetHints":{"allow":["GET"]}}],"collection":[{"href":"https:\/\/secihouse.lt\/index.php\/wp-json\/wp\/v2\/product"}],"about":[{"href":"https:\/\/secihouse.lt\/index.php\/wp-json\/wp\/v2\/types\/product"}],"wp:featuredmedia":[{"embeddable":true,"href":"https:\/\/secihouse.lt\/index.php\/wp-json\/wp\/v2\/media\/7597"}],"wp:attachment":[{"href":"https:\/\/secihouse.lt\/index.php\/wp-json\/wp\/v2\/media?parent=7596"}],"wp:term":[{"taxonomy":"product_brand","embeddable":true,"href":"https:\/\/secihouse.lt\/index.php\/wp-json\/wp\/v2\/product_brand?post=7596"},{"taxonomy":"product_cat","embeddable":true,"href":"https:\/\/secihouse.lt\/index.php\/wp-json\/wp\/v2\/product_cat?post=7596"},{"taxonomy":"product_tag","embeddable":true,"href":"https:\/\/secihouse.lt\/index.php\/wp-json\/wp\/v2\/product_tag?post=7596"}],"curies":[{"name":"wp","href":"https:\/\/api.w.org\/{rel}","templated":true}]}}