{"id":7497,"date":"2023-11-25T01:08:11","date_gmt":"2023-11-24T23:08:11","guid":{"rendered":"https:\/\/secihouse.lt\/?post_type=product&#038;p=7497"},"modified":"2024-11-17T22:14:22","modified_gmt":"2024-11-17T20:14:22","slug":"maileg-slides-ir-slidziu-lazdos-mum-dad-mouse","status":"publish","type":"product","link":"https:\/\/secihouse.lt\/index.php\/product\/maileg-slides-ir-slidziu-lazdos-mum-dad-mouse\/","title":{"rendered":"MAILEG Slid\u0117s ir slid\u017ei\u0173 lazdos- Mum&#038; Dad mouse"},"content":{"rendered":"<p>Tobulas \u017eiemos u\u017esi\u0117mimas sniege. Su \u0161iuo rinkiniu j\u016bs\u0173 pelyt\u0117s gali puikiai praleisti dien\u0105 \u0161laituose. Slid\u0117s ir lazdos yra pagamintos i\u0161 med\u017eio, o elastin\u0117 juosta leid\u017eia lengvai pritvirtinti ant pelyt\u0117s p\u0117d\u0173 ir leten\u0173.<\/p>\n<p>&nbsp;<\/p>\n<p><strong>Dydis: <\/strong>H10,5cm<\/p>\n<p><strong>Rekomenduojamas am\u017eius: <\/strong>3+ met\u0173<\/p>\n<p>&nbsp;<\/p>\n","protected":false},"excerpt":{"rendered":"<p>Tobulas \u017eiemos u\u017esi\u0117mimas sniege. Su \u0161iuo rinkiniu j\u016bs\u0173 pelyt\u0117s gali puikiai praleisti dien\u0105 \u0161laituose. Slid\u0117s ir lazdos yra pagamintos i\u0161 med\u017eio, o elastin\u0117 juosta leid\u017eia lengvai pritvirtinti ant pelyt\u0117s p\u0117d\u0173 ir leten\u0173. &nbsp; Dydis: H10,5cm Rekomenduojamas am\u017eius: 3+ met\u0173 &nbsp;<\/p>\n","protected":false},"featured_media":7498,"template":"","meta":[],"product_brand":[],"product_cat":[61,186],"product_tag":[43,107,625,626,69,72,76,81,624],"class_list":{"0":"post-7497","1":"product","2":"type-product","3":"status-publish","4":"has-post-thumbnail","6":"product_cat-maileg-kolekcija","7":"product_cat-naujienos","8":"product_tag-maileg","9":"product_tag-maileg-aksesuarai","10":"product_tag-maileg-arbatos","11":"product_tag-maileg-arbatos-rinkinys","12":"product_tag-maileg-baldai","13":"product_tag-maileg-kolekcija","14":"product_tag-maileg-maistas","15":"product_tag-maileg-zaislai","16":"product_tag-peliuku-aksesuarai","17":"","19":"first","20":"instock","21":"taxable","22":"shipping-taxable","23":"purchasable","24":"product-type-simple"},"_links":{"self":[{"href":"https:\/\/secihouse.lt\/index.php\/wp-json\/wp\/v2\/product\/7497","targetHints":{"allow":["GET"]}}],"collection":[{"href":"https:\/\/secihouse.lt\/index.php\/wp-json\/wp\/v2\/product"}],"about":[{"href":"https:\/\/secihouse.lt\/index.php\/wp-json\/wp\/v2\/types\/product"}],"wp:featuredmedia":[{"embeddable":true,"href":"https:\/\/secihouse.lt\/index.php\/wp-json\/wp\/v2\/media\/7498"}],"wp:attachment":[{"href":"https:\/\/secihouse.lt\/index.php\/wp-json\/wp\/v2\/media?parent=7497"}],"wp:term":[{"taxonomy":"product_brand","embeddable":true,"href":"https:\/\/secihouse.lt\/index.php\/wp-json\/wp\/v2\/product_brand?post=7497"},{"taxonomy":"product_cat","embeddable":true,"href":"https:\/\/secihouse.lt\/index.php\/wp-json\/wp\/v2\/product_cat?post=7497"},{"taxonomy":"product_tag","embeddable":true,"href":"https:\/\/secihouse.lt\/index.php\/wp-json\/wp\/v2\/product_tag?post=7497"}],"curies":[{"name":"wp","href":"https:\/\/api.w.org\/{rel}","templated":true}]}}