{"id":7473,"date":"2023-11-25T00:39:13","date_gmt":"2023-11-24T22:39:13","guid":{"rendered":"https:\/\/secihouse.lt\/?post_type=product&#038;p=7473"},"modified":"2025-11-11T16:35:23","modified_gmt":"2025-11-11T14:35:23","slug":"maileg-pelyte-kaledu-senelis","status":"publish","type":"product","link":"https:\/\/secihouse.lt\/index.php\/product\/maileg-pelyte-kaledu-senelis\/","title":{"rendered":"MAILEG Pelyt\u0117 Kal\u0117d\u0173 senelis"},"content":{"rendered":"<p>Didysis brolis peliukas apsireng\u0119s klasikiniais Kal\u0117d\u0173 Senelio drabu\u017eiais. Jis gyvena ma\u017eame name ir turi mai\u0161\u0105 visoms dovanoms, kurias turi pristatyti Kal\u0117d\u0173 nakt\u012f. Juk visi laukiame Kal\u0117d\u0173!<\/p>\n<p>&nbsp;<\/p>\n<p><strong>Dydis: <\/strong>H14cm<\/p>\n<p><strong>Rekomenduojamas am\u017eius: <\/strong>3+ met\u0173<\/p>\n<p><strong>Prie\u017ei\u016bra:\u00a0<\/strong>Skalbti 30\u00b0C<\/p>\n<p><strong>Med\u017eiaga:\u00a0<\/strong>Medviln\u0117<\/p>\n<p><strong>U\u017epildas:\u00a0<\/strong>Perdirbtas poliesteris, Plastiko granul\u0117s<\/p>\n","protected":false},"excerpt":{"rendered":"<p>Didysis brolis peliukas apsireng\u0119s klasikiniais Kal\u0117d\u0173 Senelio drabu\u017eiais. Jis gyvena ma\u017eame name ir turi mai\u0161\u0105 visoms dovanoms, kurias turi pristatyti Kal\u0117d\u0173 nakt\u012f. Juk visi laukiame Kal\u0117d\u0173! &nbsp; Dydis: H14cm Rekomenduojamas am\u017eius: 3+ met\u0173 Prie\u017ei\u016bra:\u00a0Skalbti 30\u00b0C Med\u017eiaga:\u00a0Medviln\u0117 U\u017epildas:\u00a0Perdirbtas poliesteris, Plastiko granul\u0117s<\/p>\n","protected":false},"featured_media":7474,"template":"","meta":[],"product_brand":[],"product_cat":[61,186],"product_tag":[43,621,72,144,96,623,81,145,622],"class_list":{"0":"post-7473","1":"product","2":"type-product","3":"status-publish","4":"has-post-thumbnail","6":"product_cat-maileg-kolekcija","7":"product_cat-naujienos","8":"product_tag-maileg","9":"product_tag-maileg-gyvunai","10":"product_tag-maileg-kolekcija","11":"product_tag-maileg-peliukai","12":"product_tag-maileg-peliukas","13":"product_tag-maileg-pelytes","14":"product_tag-maileg-zaislai","15":"product_tag-peliukai","16":"product_tag-pelytes","17":"","19":"first","20":"instock","21":"taxable","22":"shipping-taxable","23":"purchasable","24":"product-type-simple"},"_links":{"self":[{"href":"https:\/\/secihouse.lt\/index.php\/wp-json\/wp\/v2\/product\/7473","targetHints":{"allow":["GET"]}}],"collection":[{"href":"https:\/\/secihouse.lt\/index.php\/wp-json\/wp\/v2\/product"}],"about":[{"href":"https:\/\/secihouse.lt\/index.php\/wp-json\/wp\/v2\/types\/product"}],"wp:featuredmedia":[{"embeddable":true,"href":"https:\/\/secihouse.lt\/index.php\/wp-json\/wp\/v2\/media\/7474"}],"wp:attachment":[{"href":"https:\/\/secihouse.lt\/index.php\/wp-json\/wp\/v2\/media?parent=7473"}],"wp:term":[{"taxonomy":"product_brand","embeddable":true,"href":"https:\/\/secihouse.lt\/index.php\/wp-json\/wp\/v2\/product_brand?post=7473"},{"taxonomy":"product_cat","embeddable":true,"href":"https:\/\/secihouse.lt\/index.php\/wp-json\/wp\/v2\/product_cat?post=7473"},{"taxonomy":"product_tag","embeddable":true,"href":"https:\/\/secihouse.lt\/index.php\/wp-json\/wp\/v2\/product_tag?post=7473"}],"curies":[{"name":"wp","href":"https:\/\/api.w.org\/{rel}","templated":true}]}}