{"id":7396,"date":"2023-11-12T01:13:53","date_gmt":"2023-11-11T23:13:53","guid":{"rendered":"https:\/\/secihouse.lt\/?post_type=product&#038;p=7396"},"modified":"2026-02-15T20:37:25","modified_gmt":"2026-02-15T18:37:25","slug":"konges-slojd-lele-kudikelis","status":"publish","type":"product","link":"https:\/\/secihouse.lt\/index.php\/product\/konges-slojd-lele-kudikelis\/","title":{"rendered":"Konges Slojd l\u0117l\u0117 k\u016bdik\u0117lis"},"content":{"rendered":"<p>\u017davi l\u0117lyt\u0117, kuri be galo miela ir tuo pa\u010diu labai mylinti. Turinti kartu su savimi \u010diulptuk\u0105, kuris padeda nurimti vaiku\u010dio gl\u0117byje,o galb\u016bt lovyt\u0117je ar ve\u017eim\u0117lyje. Pri\u017ei\u016br\u0117damas l\u0117lyt\u0119, ma\u017eylis ugdo savaranki\u0161kum\u0105, vertybes ir labiau pasitik\u0117jim\u0105 savo j\u0117gomis.<\/p>\n<p>&nbsp;<\/p>\n<p><strong>Sud\u0117tis:<\/strong>\u00a0L\u0117l\u0117 pagaminta i\u0161 vinilo ir ekologi\u0161kos medviln\u0117s su perdirbto poliesterio u\u017epildu.<\/p>\n<p><strong>Dydis:\u00a0<\/strong>H 31.5 cm x W 18 cm x D 9.5 cm<\/p>\n<p><strong>Rekomenduojamas am\u017eius:<\/strong> nuo + 3met\u0173<\/p>\n","protected":false},"excerpt":{"rendered":"<p>\u017davi l\u0117lyt\u0117, kuri be galo miela ir tuo pa\u010diu labai mylinti. Turinti kartu su savimi \u010diulptuk\u0105, kuris padeda nurimti vaiku\u010dio gl\u0117byje,o galb\u016bt lovyt\u0117je ar ve\u017eim\u0117lyje. Pri\u017ei\u016br\u0117damas l\u0117lyt\u0119, ma\u017eylis ugdo savaranki\u0161kum\u0105, vertybes ir labiau pasitik\u0117jim\u0105 savo j\u0117gomis. &nbsp; Sud\u0117tis:\u00a0L\u0117l\u0117 pagaminta i\u0161 vinilo ir ekologi\u0161kos medviln\u0117s su perdirbto poliesterio u\u017epildu. Dydis:\u00a0H 31.5 cm x W 18 cm [&hellip;]<\/p>\n","protected":false},"featured_media":7242,"template":"","meta":[],"product_brand":[],"product_cat":[186,66],"product_tag":[572,236,571,184,513,254,42],"class_list":{"0":"post-7396","1":"product","2":"type-product","3":"status-publish","4":"has-post-thumbnail","6":"product_cat-naujienos","7":"product_cat-zaislai","8":"product_tag-doll","9":"product_tag-konges-slojd","10":"product_tag-konges-slojd-lele","11":"product_tag-lele","12":"product_tag-lele-kudikis","13":"product_tag-lelyte","14":"product_tag-zaislai","15":"","17":"first","18":"instock","19":"taxable","20":"shipping-taxable","21":"purchasable","22":"product-type-simple"},"_links":{"self":[{"href":"https:\/\/secihouse.lt\/index.php\/wp-json\/wp\/v2\/product\/7396","targetHints":{"allow":["GET"]}}],"collection":[{"href":"https:\/\/secihouse.lt\/index.php\/wp-json\/wp\/v2\/product"}],"about":[{"href":"https:\/\/secihouse.lt\/index.php\/wp-json\/wp\/v2\/types\/product"}],"wp:featuredmedia":[{"embeddable":true,"href":"https:\/\/secihouse.lt\/index.php\/wp-json\/wp\/v2\/media\/7242"}],"wp:attachment":[{"href":"https:\/\/secihouse.lt\/index.php\/wp-json\/wp\/v2\/media?parent=7396"}],"wp:term":[{"taxonomy":"product_brand","embeddable":true,"href":"https:\/\/secihouse.lt\/index.php\/wp-json\/wp\/v2\/product_brand?post=7396"},{"taxonomy":"product_cat","embeddable":true,"href":"https:\/\/secihouse.lt\/index.php\/wp-json\/wp\/v2\/product_cat?post=7396"},{"taxonomy":"product_tag","embeddable":true,"href":"https:\/\/secihouse.lt\/index.php\/wp-json\/wp\/v2\/product_tag?post=7396"}],"curies":[{"name":"wp","href":"https:\/\/api.w.org\/{rel}","templated":true}]}}