{"id":7386,"date":"2023-11-12T00:37:32","date_gmt":"2023-11-11T22:37:32","guid":{"rendered":"https:\/\/secihouse.lt\/?post_type=product&#038;p=7386"},"modified":"2024-03-04T10:11:52","modified_gmt":"2024-03-04T08:11:52","slug":"little-dutch-namelis-little-farm","status":"publish","type":"product","link":"https:\/\/secihouse.lt\/index.php\/product\/little-dutch-namelis-little-farm\/","title":{"rendered":"Little Dutch namelis &#8211; Little farm"},"content":{"rendered":"<p>Su \u0161iuo fermos nameliu \u017eaidim\u0173 laikas dar linksmesnis! Jame gyvena daug nuostabi\u0173 gyv\u016bn\u0117li\u0173, kuriuos pri\u017ei\u016bri du \u017emogeliukai. Su visomis medin\u0117mis fig\u016br\u0117l\u0117mis vaikutis sukurs nuostabi\u0105 istorij\u0105, o tuo pa\u010diu lavins vaizduot\u0119.\u00a0O kai \u017eaidimo laikas pasibaigs, tiesiog sud\u0117kite visas fig\u016br\u0117les \u012f fermos namel\u012f.<\/p>\n<p>&nbsp;<\/p>\n<p><strong>Rekomenduojamas am\u017eius:<\/strong> +36 m\u0117n.<\/p>\n<p><strong>Sud\u0117tis:<\/strong> Mediena<\/p>\n","protected":false},"excerpt":{"rendered":"<p>Su \u0161iuo fermos nameliu \u017eaidim\u0173 laikas dar linksmesnis! Jame gyvena daug nuostabi\u0173 gyv\u016bn\u0117li\u0173, kuriuos pri\u017ei\u016bri du \u017emogeliukai. Su visomis medin\u0117mis fig\u016br\u0117l\u0117mis vaikutis sukurs nuostabi\u0105 istorij\u0105, o tuo pa\u010diu lavins vaizduot\u0119.\u00a0O kai \u017eaidimo laikas pasibaigs, tiesiog sud\u0117kite visas fig\u016br\u0117les \u012f fermos namel\u012f. &nbsp; Rekomenduojamas am\u017eius: +36 m\u0117n. Sud\u0117tis: Mediena<\/p>\n","protected":false},"featured_media":7276,"template":"","meta":[],"product_brand":[],"product_cat":[186,66],"product_tag":[575,581,577,576,582,574,579,578,42,178,580,158],"class_list":{"0":"post-7386","1":"product","2":"type-product","3":"status-publish","4":"has-post-thumbnail","6":"product_cat-naujienos","7":"product_cat-zaislai","8":"product_tag-ferm","9":"product_tag-ferm-zaislai","10":"product_tag-little-dutch-ferm","11":"product_tag-little-dutch-namelis","12":"product_tag-little-dutch-zaislai","13":"product_tag-namelis","14":"product_tag-ukio-zaislai","15":"product_tag-ukis","16":"product_tag-zaislai","17":"product_tag-zaislas","18":"product_tag-zaisliukai","19":"product_tag-zaisliukas","20":"","22":"first","23":"instock","24":"taxable","25":"shipping-taxable","26":"purchasable","27":"product-type-simple"},"_links":{"self":[{"href":"https:\/\/secihouse.lt\/index.php\/wp-json\/wp\/v2\/product\/7386","targetHints":{"allow":["GET"]}}],"collection":[{"href":"https:\/\/secihouse.lt\/index.php\/wp-json\/wp\/v2\/product"}],"about":[{"href":"https:\/\/secihouse.lt\/index.php\/wp-json\/wp\/v2\/types\/product"}],"wp:featuredmedia":[{"embeddable":true,"href":"https:\/\/secihouse.lt\/index.php\/wp-json\/wp\/v2\/media\/7276"}],"wp:attachment":[{"href":"https:\/\/secihouse.lt\/index.php\/wp-json\/wp\/v2\/media?parent=7386"}],"wp:term":[{"taxonomy":"product_brand","embeddable":true,"href":"https:\/\/secihouse.lt\/index.php\/wp-json\/wp\/v2\/product_brand?post=7386"},{"taxonomy":"product_cat","embeddable":true,"href":"https:\/\/secihouse.lt\/index.php\/wp-json\/wp\/v2\/product_cat?post=7386"},{"taxonomy":"product_tag","embeddable":true,"href":"https:\/\/secihouse.lt\/index.php\/wp-json\/wp\/v2\/product_tag?post=7386"}],"curies":[{"name":"wp","href":"https:\/\/api.w.org\/{rel}","templated":true}]}}