{"id":7371,"date":"2023-11-08T15:38:19","date_gmt":"2023-11-08T13:38:19","guid":{"rendered":"https:\/\/secihouse.lt\/?post_type=product&#038;p=7371"},"modified":"2026-02-15T20:37:43","modified_gmt":"2026-02-15T18:37:43","slug":"olli-ella-sunelis-officer","status":"publish","type":"product","link":"https:\/\/secihouse.lt\/index.php\/product\/olli-ella-sunelis-officer\/","title":{"rendered":"Olli Ella \u0161unelis &#8211; Officer"},"content":{"rendered":"<p>Pareig\u016bnas \u0161unelis pasiruo\u0161\u0119s patirti nuostabi\u0173 nuotyki\u0173, kurie v\u0117liau kels pla\u010diausi\u0105 \u0161ypsen\u0105!<\/p>\n<p>Pagaminta i\u0161 vilnos mi\u0161iniu su i\u0161siuvin\u0117jimais, \u0161unelis taip pat kartu su klasikiniu automobiliu, kurio ratai medinukai bei turime pamin\u0117ti, kad \u0161almiukas taip pat nusi\u0117m\u0105 \ud83d\ude42 .<\/p>\n<p>&nbsp;<\/p>\n<p><strong>Rekomenduojamas am\u017eius:<\/strong> nuo 3+ met\u0173<\/p>\n","protected":false},"excerpt":{"rendered":"<p>Pareig\u016bnas \u0161unelis pasiruo\u0161\u0119s patirti nuostabi\u0173 nuotyki\u0173, kurie v\u0117liau kels pla\u010diausi\u0105 \u0161ypsen\u0105! Pagaminta i\u0161 vilnos mi\u0161iniu su i\u0161siuvin\u0117jimais, \u0161unelis taip pat kartu su klasikiniu automobiliu, kurio ratai medinukai bei turime pamin\u0117ti, kad \u0161almiukas taip pat nusi\u0117m\u0105 \ud83d\ude42 . &nbsp; Rekomenduojamas am\u017eius: nuo 3+ met\u0173<\/p>\n","protected":false},"featured_media":7345,"template":"","meta":[],"product_brand":[],"product_cat":[186,66],"product_tag":[452,604,611,250,602,607,613,612,139,42],"class_list":{"0":"post-7371","1":"product","2":"type-product","3":"status-publish","4":"has-post-thumbnail","6":"product_cat-naujienos","7":"product_cat-zaislai","8":"product_tag-masineles","9":"product_tag-minksti-zaislai","10":"product_tag-olli","11":"product_tag-olli-ella","12":"product_tag-olli-ella-sunelis","13":"product_tag-olli-ella-zaislai","14":"product_tag-pliusinis-zaislas","15":"product_tag-pliusinukas","16":"product_tag-sunelis","17":"product_tag-zaislai","18":"","20":"first","21":"instock","22":"taxable","23":"shipping-taxable","24":"purchasable","25":"product-type-simple"},"_links":{"self":[{"href":"https:\/\/secihouse.lt\/index.php\/wp-json\/wp\/v2\/product\/7371","targetHints":{"allow":["GET"]}}],"collection":[{"href":"https:\/\/secihouse.lt\/index.php\/wp-json\/wp\/v2\/product"}],"about":[{"href":"https:\/\/secihouse.lt\/index.php\/wp-json\/wp\/v2\/types\/product"}],"wp:featuredmedia":[{"embeddable":true,"href":"https:\/\/secihouse.lt\/index.php\/wp-json\/wp\/v2\/media\/7345"}],"wp:attachment":[{"href":"https:\/\/secihouse.lt\/index.php\/wp-json\/wp\/v2\/media?parent=7371"}],"wp:term":[{"taxonomy":"product_brand","embeddable":true,"href":"https:\/\/secihouse.lt\/index.php\/wp-json\/wp\/v2\/product_brand?post=7371"},{"taxonomy":"product_cat","embeddable":true,"href":"https:\/\/secihouse.lt\/index.php\/wp-json\/wp\/v2\/product_cat?post=7371"},{"taxonomy":"product_tag","embeddable":true,"href":"https:\/\/secihouse.lt\/index.php\/wp-json\/wp\/v2\/product_tag?post=7371"}],"curies":[{"name":"wp","href":"https:\/\/api.w.org\/{rel}","templated":true}]}}