{"id":7361,"date":"2023-11-07T12:09:50","date_gmt":"2023-11-07T10:09:50","guid":{"rendered":"https:\/\/secihouse.lt\/?post_type=product&#038;p=7361"},"modified":"2024-06-26T17:44:33","modified_gmt":"2024-06-26T15:44:33","slug":"liewood-zaislinis-traktorius","status":"publish","type":"product","link":"https:\/\/secihouse.lt\/index.php\/product\/liewood-zaislinis-traktorius\/","title":{"rendered":"Liewood \u017eaislinis traktorius"},"content":{"rendered":"<p>M\u0117gstate \u017eaisti \u016bk\u012f ? Papildomos detal\u0117s juk \u017eaidim\u0105 daro smagesn\u012f ir \u012fdomesn\u012f, o su \u0161iuo traktoriuku \u017eaisti ne tik bus smagu ir \u012fdomu, bet ir be galo daug tur\u0117site gra\u017ei\u0173 akimirk\u0173.<\/p>\n<p>Traktorius su nuimama priekaba<br \/>\nGalima atidaryti baga\u017ein\u0117s dangtis<\/p>\n<p>Da\u017eyti netoksi\u0161kais vandens pagrindo da\u017eais<\/p>\n<p><strong>Dydis:<\/strong>\u00a013cm \u00a0x 8,5 cm 16cm.<\/p>\n<p>&nbsp;<\/p>\n","protected":false},"excerpt":{"rendered":"<p>M\u0117gstate \u017eaisti \u016bk\u012f ? Papildomos detal\u0117s juk \u017eaidim\u0105 daro smagesn\u012f ir \u012fdomesn\u012f, o su \u0161iuo traktoriuku \u017eaisti ne tik bus smagu ir \u012fdomu, bet ir be galo daug tur\u0117site gra\u017ei\u0173 akimirk\u0173. Traktorius su nuimama priekaba Galima atidaryti baga\u017ein\u0117s dangtis Da\u017eyti netoksi\u0161kais vandens pagrindo da\u017eais Dydis:\u00a013cm \u00a0x 8,5 cm 16cm. &nbsp;<\/p>\n","protected":false},"featured_media":7186,"template":"","meta":[],"product_brand":[],"product_cat":[186,66],"product_tag":[156,549,155,550,441,42],"class_list":{"0":"post-7361","1":"product","2":"type-product","3":"status-publish","4":"has-post-thumbnail","6":"product_cat-naujienos","7":"product_cat-zaislai","8":"product_tag-liewood","9":"product_tag-liewood-medinis-traktorius","10":"product_tag-liewood-zaislai","11":"product_tag-liewood-zaislinis-traktorius","12":"product_tag-mediniai-zaislai","13":"product_tag-zaislai","14":"","16":"first","17":"instock","18":"taxable","19":"shipping-taxable","20":"purchasable","21":"product-type-simple"},"_links":{"self":[{"href":"https:\/\/secihouse.lt\/index.php\/wp-json\/wp\/v2\/product\/7361","targetHints":{"allow":["GET"]}}],"collection":[{"href":"https:\/\/secihouse.lt\/index.php\/wp-json\/wp\/v2\/product"}],"about":[{"href":"https:\/\/secihouse.lt\/index.php\/wp-json\/wp\/v2\/types\/product"}],"wp:featuredmedia":[{"embeddable":true,"href":"https:\/\/secihouse.lt\/index.php\/wp-json\/wp\/v2\/media\/7186"}],"wp:attachment":[{"href":"https:\/\/secihouse.lt\/index.php\/wp-json\/wp\/v2\/media?parent=7361"}],"wp:term":[{"taxonomy":"product_brand","embeddable":true,"href":"https:\/\/secihouse.lt\/index.php\/wp-json\/wp\/v2\/product_brand?post=7361"},{"taxonomy":"product_cat","embeddable":true,"href":"https:\/\/secihouse.lt\/index.php\/wp-json\/wp\/v2\/product_cat?post=7361"},{"taxonomy":"product_tag","embeddable":true,"href":"https:\/\/secihouse.lt\/index.php\/wp-json\/wp\/v2\/product_tag?post=7361"}],"curies":[{"name":"wp","href":"https:\/\/api.w.org\/{rel}","templated":true}]}}