{"id":6802,"date":"2023-09-14T21:39:44","date_gmt":"2023-09-14T19:39:44","guid":{"rendered":"https:\/\/secihouse.lt\/?post_type=product&#038;p=6802"},"modified":"2026-02-15T21:06:15","modified_gmt":"2026-02-15T19:06:15","slug":"liewood-kepure-kudikiams-su-meskucio-ausimis","status":"publish","type":"product","link":"https:\/\/secihouse.lt\/index.php\/product\/liewood-kepure-kudikiams-su-meskucio-ausimis\/","title":{"rendered":"Liewood kepur\u0117 k\u016bdikiams su me\u0161ku\u010dio ausimis"},"content":{"rendered":"<p>Liewood kepur\u0117 skirta patiems ma\u017eiausiams su mielom me\u0161ku\u010dio ausyt\u0117mis. Kepuryte lengva u\u017ed\u0117ti ir nuimti bei apsaugos nuo \u0161altuko.<\/p>\n<p>&nbsp;<\/p>\n<p><strong>Sud\u0117tis:<\/strong>\u00a0K<span class=\"Y2IQFc\" lang=\"lt\">orpusas 100% perdirbtas poliesteris, Pamu\u0161alas: 100% organin\u0117 medviln\u0117.<\/span><\/p>\n<p><strong>Prie\u017ei\u016bra:<\/strong>Skalbti skalbimo ma\u0161inoje temperat\u016bra 30\u00b0.\u00a0Skalbkite su pana\u0161iomis spalvomis; Pakabinkite i\u0161d\u017eiovinti;<br \/>\nNed\u017eiovinkite d\u017eiovykl\u0117je.\u00a0Nelyginkite.\u00a0Nebalinti.<\/p>\n","protected":false},"excerpt":{"rendered":"<p>Liewood kepur\u0117 skirta patiems ma\u017eiausiams su mielom me\u0161ku\u010dio ausyt\u0117mis. Kepuryte lengva u\u017ed\u0117ti ir nuimti bei apsaugos nuo \u0161altuko. &nbsp; Sud\u0117tis:\u00a0Korpusas 100% perdirbtas poliesteris, Pamu\u0161alas: 100% organin\u0117 medviln\u0117. Prie\u017ei\u016bra:Skalbti skalbimo ma\u0161inoje temperat\u016bra 30\u00b0.\u00a0Skalbkite su pana\u0161iomis spalvomis; Pakabinkite i\u0161d\u017eiovinti; Ned\u017eiovinkite d\u017eiovykl\u0117je.\u00a0Nelyginkite.\u00a0Nebalinti.<\/p>\n","protected":false},"featured_media":6803,"template":"","meta":[],"product_brand":[],"product_cat":[772,67,186],"product_tag":[244,447,448,449,156,346,446],"class_list":{"0":"post-6802","1":"product","2":"type-product","3":"status-publish","4":"has-post-thumbnail","6":"product_cat-apranga","7":"product_cat-apranga-aksesuarai","8":"product_cat-naujienos","9":"product_tag-apranga","10":"product_tag-aprsnga","11":"product_tag-kepure","12":"product_tag-kepure-aksesuarai","13":"product_tag-liewood","14":"product_tag-liewood-apranga","15":"product_tag-liewood-kepure","16":"","18":"first","19":"instock","20":"taxable","21":"shipping-taxable","22":"purchasable","23":"product-type-variable"},"_links":{"self":[{"href":"https:\/\/secihouse.lt\/index.php\/wp-json\/wp\/v2\/product\/6802","targetHints":{"allow":["GET"]}}],"collection":[{"href":"https:\/\/secihouse.lt\/index.php\/wp-json\/wp\/v2\/product"}],"about":[{"href":"https:\/\/secihouse.lt\/index.php\/wp-json\/wp\/v2\/types\/product"}],"wp:featuredmedia":[{"embeddable":true,"href":"https:\/\/secihouse.lt\/index.php\/wp-json\/wp\/v2\/media\/6803"}],"wp:attachment":[{"href":"https:\/\/secihouse.lt\/index.php\/wp-json\/wp\/v2\/media?parent=6802"}],"wp:term":[{"taxonomy":"product_brand","embeddable":true,"href":"https:\/\/secihouse.lt\/index.php\/wp-json\/wp\/v2\/product_brand?post=6802"},{"taxonomy":"product_cat","embeddable":true,"href":"https:\/\/secihouse.lt\/index.php\/wp-json\/wp\/v2\/product_cat?post=6802"},{"taxonomy":"product_tag","embeddable":true,"href":"https:\/\/secihouse.lt\/index.php\/wp-json\/wp\/v2\/product_tag?post=6802"}],"curies":[{"name":"wp","href":"https:\/\/api.w.org\/{rel}","templated":true}]}}