{"id":6794,"date":"2023-09-06T14:26:37","date_gmt":"2023-09-06T12:26:37","guid":{"rendered":"https:\/\/secihouse.lt\/?post_type=product&#038;p=6794"},"modified":"2025-11-19T11:50:06","modified_gmt":"2025-11-19T09:50:06","slug":"liewood-karusele-molle","status":"publish","type":"product","link":"https:\/\/secihouse.lt\/index.php\/product\/liewood-karusele-molle\/","title":{"rendered":"Liewood karusel\u0117 &#8211; Molle"},"content":{"rendered":"<p>Miela bei jausminga karusel\u0117, kuri puo\u0161 ma\u017eylio kambar\u012f ir tuo pa\u010diu suteiks pla\u010diausi\u0105 \u0161ypsen\u0105.<br \/>\nKarusel\u0117 su \u017eaismingais \u017eaisliukais, kaban\u010diais \u012fvairaus ilgio ant medinio \u017eiedo.<\/p>\n<p><strong>Sud\u0117tis:<\/strong> Pagaminta i\u0161 100% organin\u0117s medviln\u0117s lino mi\u0161inio su poliesterio u\u017epildu.<\/p>\n<p><strong>Rekomenduojamas am\u017eius:<\/strong> Rekomenduojamas am\u017eius: +0 met\u0173<\/p>\n<p><strong>Dydis<\/strong>: 50cm<\/p>\n","protected":false},"excerpt":{"rendered":"<p>Miela bei jausminga karusel\u0117, kuri puo\u0161 ma\u017eylio kambar\u012f ir tuo pa\u010diu suteiks pla\u010diausi\u0105 \u0161ypsen\u0105. Karusel\u0117 su \u017eaismingais \u017eaisliukais, kaban\u010diais \u012fvairaus ilgio ant medinio \u017eiedo. Sud\u0117tis: Pagaminta i\u0161 100% organin\u0117s medviln\u0117s lino mi\u0161inio su poliesterio u\u017epildu. Rekomenduojamas am\u017eius: Rekomenduojamas am\u017eius: +0 met\u0173 Dydis: 50cm<\/p>\n","protected":false},"featured_media":6795,"template":"","meta":[],"product_brand":[],"product_cat":[186,243],"product_tag":[443,156,442,307],"class_list":{"0":"post-6794","1":"product","2":"type-product","3":"status-publish","4":"has-post-thumbnail","6":"product_cat-naujienos","7":"product_cat-vaiku-kambarys","8":"product_tag-karusele","9":"product_tag-liewood","10":"product_tag-liewood-karusele","11":"product_tag-vaiku-kambarys","12":"","14":"first","15":"instock","16":"taxable","17":"shipping-taxable","18":"purchasable","19":"product-type-simple"},"_links":{"self":[{"href":"https:\/\/secihouse.lt\/index.php\/wp-json\/wp\/v2\/product\/6794","targetHints":{"allow":["GET"]}}],"collection":[{"href":"https:\/\/secihouse.lt\/index.php\/wp-json\/wp\/v2\/product"}],"about":[{"href":"https:\/\/secihouse.lt\/index.php\/wp-json\/wp\/v2\/types\/product"}],"wp:featuredmedia":[{"embeddable":true,"href":"https:\/\/secihouse.lt\/index.php\/wp-json\/wp\/v2\/media\/6795"}],"wp:attachment":[{"href":"https:\/\/secihouse.lt\/index.php\/wp-json\/wp\/v2\/media?parent=6794"}],"wp:term":[{"taxonomy":"product_brand","embeddable":true,"href":"https:\/\/secihouse.lt\/index.php\/wp-json\/wp\/v2\/product_brand?post=6794"},{"taxonomy":"product_cat","embeddable":true,"href":"https:\/\/secihouse.lt\/index.php\/wp-json\/wp\/v2\/product_cat?post=6794"},{"taxonomy":"product_tag","embeddable":true,"href":"https:\/\/secihouse.lt\/index.php\/wp-json\/wp\/v2\/product_tag?post=6794"}],"curies":[{"name":"wp","href":"https:\/\/api.w.org\/{rel}","templated":true}]}}