{"id":6616,"date":"2023-08-01T17:51:38","date_gmt":"2023-08-01T15:51:38","guid":{"rendered":"https:\/\/secihouse.lt\/?post_type=product&#038;p=6616"},"modified":"2024-08-15T18:42:42","modified_gmt":"2024-08-15T16:42:42","slug":"gommu-plauku-gumytes","status":"publish","type":"product","link":"https:\/\/secihouse.lt\/index.php\/product\/gommu-plauku-gumytes\/","title":{"rendered":"Gommu plauk\u0173 gumyt\u0117s"},"content":{"rendered":"<p>Gommu gerb\u0117jams nuostabios plauk\u0173 gumyt\u0117s, kurios suteiks \u012fvaizd\u017eiui dar daugiau \u017eaismingumo.<span class=\"Y2IQFc\" lang=\"lt\">Visi GOMMU gaminiai pagaminti i\u0161 auk\u0161tos kokyb\u0117s med\u017eiag\u0173. <\/span><\/p>\n<p>&nbsp;<\/p>\n<p><span class=\"Y2IQFc\" lang=\"lt\"><strong>Sud\u0117tis<\/strong>: \u017eavesys: 100% perdirbta derva, elastingumas: 80% perdirbta guma 20% perdirbtas poliesteris.<\/span><\/p>\n<p><strong>Dydis:<\/strong>\u00a03 cm x 1,7 cm.<\/p>\n<p><span class=\"Y2IQFc\" lang=\"lt\"><strong>Laikykit\u0117s toliau pateikt\u0173 prie\u017ei\u016bros nurodym\u0173, kad u\u017etikrintum\u0117te kuo ilgesn\u012f gaminio tarnavimo laik\u0105:\u00a0<\/strong><\/span><span class=\"Y2IQFc\" lang=\"lt\"> Per daug nelaikykite saul\u0117je. Nelaikykite auk\u0161toje temperat\u016broje. Neplaukite abrazyviniais produktais. Nelaikykite s\u016briame vandenyje.<\/span><\/p>\n<p>&nbsp;<\/p>\n","protected":false},"excerpt":{"rendered":"<p>Gommu gerb\u0117jams nuostabios plauk\u0173 gumyt\u0117s, kurios suteiks \u012fvaizd\u017eiui dar daugiau \u017eaismingumo.Visi GOMMU gaminiai pagaminti i\u0161 auk\u0161tos kokyb\u0117s med\u017eiag\u0173. &nbsp; Sud\u0117tis: \u017eavesys: 100% perdirbta derva, elastingumas: 80% perdirbta guma 20% perdirbtas poliesteris. Dydis:\u00a03 cm x 1,7 cm. Laikykit\u0117s toliau pateikt\u0173 prie\u017ei\u016bros nurodym\u0173, kad u\u017etikrintum\u0117te kuo ilgesn\u012f gaminio tarnavimo laik\u0105:\u00a0 Per daug nelaikykite saul\u0117je. Nelaikykite auk\u0161toje temperat\u016broje. [&hellip;]<\/p>\n","protected":false},"featured_media":6617,"template":"","meta":[],"product_brand":[],"product_cat":[67,186],"product_tag":[403,414,412,415,413,404],"class_list":{"0":"post-6616","1":"product","2":"type-product","3":"status-publish","4":"has-post-thumbnail","6":"product_cat-apranga-aksesuarai","7":"product_cat-naujienos","8":"product_tag-gommu","9":"product_tag-gommu-plauku-gumytes","10":"product_tag-gumytes","11":"product_tag-gumytes-lelytes","12":"product_tag-plauku-gumytes","13":"product_tag-we-are-gommu","14":"","16":"first","17":"instock","18":"taxable","19":"shipping-taxable","20":"purchasable","21":"product-type-simple"},"_links":{"self":[{"href":"https:\/\/secihouse.lt\/index.php\/wp-json\/wp\/v2\/product\/6616","targetHints":{"allow":["GET"]}}],"collection":[{"href":"https:\/\/secihouse.lt\/index.php\/wp-json\/wp\/v2\/product"}],"about":[{"href":"https:\/\/secihouse.lt\/index.php\/wp-json\/wp\/v2\/types\/product"}],"wp:featuredmedia":[{"embeddable":true,"href":"https:\/\/secihouse.lt\/index.php\/wp-json\/wp\/v2\/media\/6617"}],"wp:attachment":[{"href":"https:\/\/secihouse.lt\/index.php\/wp-json\/wp\/v2\/media?parent=6616"}],"wp:term":[{"taxonomy":"product_brand","embeddable":true,"href":"https:\/\/secihouse.lt\/index.php\/wp-json\/wp\/v2\/product_brand?post=6616"},{"taxonomy":"product_cat","embeddable":true,"href":"https:\/\/secihouse.lt\/index.php\/wp-json\/wp\/v2\/product_cat?post=6616"},{"taxonomy":"product_tag","embeddable":true,"href":"https:\/\/secihouse.lt\/index.php\/wp-json\/wp\/v2\/product_tag?post=6616"}],"curies":[{"name":"wp","href":"https:\/\/api.w.org\/{rel}","templated":true}]}}