{"id":6489,"date":"2023-07-28T00:04:15","date_gmt":"2023-07-27T22:04:15","guid":{"rendered":"https:\/\/secihouse.lt\/?post_type=product&#038;p=6489"},"modified":"2025-07-27T21:58:16","modified_gmt":"2025-07-27T19:58:16","slug":"konges-slojd-kramtukas-dino","status":"publish","type":"product","link":"https:\/\/secihouse.lt\/index.php\/product\/konges-slojd-kramtukas-dino\/","title":{"rendered":"Konges Slojd kramtukas &#8211; Dino"},"content":{"rendered":"<p>Mielas bei be galo mink\u0161tas kramtukas dinozauriukas. Pritaikyta ma\u017eoms rankyt\u0117ms, tod\u0117l bus visai paprasta pasikasyti dantentas nuo nemalonaus jausmo, kai dantukai nori pasirodyti grei\u010diau.<\/p>\n<p><strong>Med\u017eiaga:<\/strong> 100% nat\u016bralios gumos<\/p>\n","protected":false},"excerpt":{"rendered":"<p>Mielas bei be galo mink\u0161tas kramtukas dinozauriukas. Pritaikyta ma\u017eoms rankyt\u0117ms, tod\u0117l bus visai paprasta pasikasyti dantentas nuo nemalonaus jausmo, kai dantukai nori pasirodyti grei\u010diau. Med\u017eiaga: 100% nat\u016bralios gumos<\/p>\n","protected":false},"featured_media":6490,"template":"","meta":[],"product_brand":[],"product_cat":[186,64,66],"product_tag":[221,236,235,217,368],"class_list":{"0":"post-6489","1":"product","2":"type-product","3":"status-publish","4":"has-post-thumbnail","6":"product_cat-naujienos","7":"product_cat-neramiems-dantukams","8":"product_cat-zaislai","9":"product_tag-dantukams","10":"product_tag-konges-slojd","11":"product_tag-konges-slojd-kramtukas","12":"product_tag-kramtukas","13":"product_tag-kramtyti","14":"","16":"first","17":"instock","18":"taxable","19":"shipping-taxable","20":"purchasable","21":"product-type-simple"},"_links":{"self":[{"href":"https:\/\/secihouse.lt\/index.php\/wp-json\/wp\/v2\/product\/6489","targetHints":{"allow":["GET"]}}],"collection":[{"href":"https:\/\/secihouse.lt\/index.php\/wp-json\/wp\/v2\/product"}],"about":[{"href":"https:\/\/secihouse.lt\/index.php\/wp-json\/wp\/v2\/types\/product"}],"wp:featuredmedia":[{"embeddable":true,"href":"https:\/\/secihouse.lt\/index.php\/wp-json\/wp\/v2\/media\/6490"}],"wp:attachment":[{"href":"https:\/\/secihouse.lt\/index.php\/wp-json\/wp\/v2\/media?parent=6489"}],"wp:term":[{"taxonomy":"product_brand","embeddable":true,"href":"https:\/\/secihouse.lt\/index.php\/wp-json\/wp\/v2\/product_brand?post=6489"},{"taxonomy":"product_cat","embeddable":true,"href":"https:\/\/secihouse.lt\/index.php\/wp-json\/wp\/v2\/product_cat?post=6489"},{"taxonomy":"product_tag","embeddable":true,"href":"https:\/\/secihouse.lt\/index.php\/wp-json\/wp\/v2\/product_tag?post=6489"}],"curies":[{"name":"wp","href":"https:\/\/api.w.org\/{rel}","templated":true}]}}