{"id":6469,"date":"2023-07-27T17:11:28","date_gmt":"2023-07-27T15:11:28","guid":{"rendered":"https:\/\/secihouse.lt\/?post_type=product&#038;p=6469"},"modified":"2023-10-31T20:29:13","modified_gmt":"2023-10-31T18:29:13","slug":"bibs-x-liberty-colour-capel-blush-mix-0-6m","status":"publish","type":"product","link":"https:\/\/secihouse.lt\/index.php\/product\/bibs-x-liberty-colour-capel-blush-mix-0-6m\/","title":{"rendered":"BIBS x Liberty Colour\u2013 Capel Blush Mix 0-6m"},"content":{"rendered":"<p>Be galo \u012fsp\u016bdingi \u010diulptukai BIBS su g\u0117li\u0173 ornamintais!<\/p>\n<p>&nbsp;<\/p>\n<p><span style=\"font-size: inherit;\">Pakuot\u0117je 2 vnt.<\/span><\/p>\n<div class=\"nova-woocommerce-tabs style_1\">\n<div class=\"tabs-content\" data-tabs-content=\"single_product_tab\">\n<div id=\"panel_description\" class=\"tabs-panel is-active\" role=\"tabpanel\" aria-labelledby=\"panel_description-label\">\n<p>Ko gero pats populiariausias \u010diulptukas pasaulyje! Vy\u0161nios formos \u017eindukas atkartoja kr\u016bties spenel\u012f, o lengvas, \u012f i\u0161or\u0119 i\u0161lenktas skydelis neleid\u017eia odai sudirgti.<\/p>\n<p>Sud\u0117tis: 100% nat\u016bralus lateksas, polipropileno skydelis. Be BPA,\u00a0PVC ir ftalat\u0173.<\/p>\n<p>0-6 m\u0117n. dydis<\/p>\n<p>\u012e \u0161i\u0105 kain\u0105 \u012feina du \u010diulptukai, supakuoti originalioje pakuot\u0117je.<\/p>\n<p>Kadangi tai yra nat\u016bralios gumos \u010diulptukas, <strong>naudojamas jis gali i\u0161sip\u016bsti ir patams\u0117ti.<\/strong> Tai yra nat\u016bralus latekso \u2018nusid\u0117v\u0117jimas\u2019, o ne nekokybi\u0161kos prek\u0117s po\u017eymis. Kaip greitai \u010diulptukas nusid\u0117v\u0117s priklauso nuo naudojimo da\u017enumo, intensyvumo ar netgi nuo kiekvieno vaiku\u010dio individuali\u0173 \u012fpro\u010di\u0173 (vieni \u017einda ramiai ir l\u0117tai, kiti greitai ir stipriau). Si\u016blome \u010diulptukus pakeisti naujais vos tik pasteb\u0117jus, jog jis pradeda did\u0117ti.<\/p>\n<p><strong>\u010ciulptukai yra nekei\u010diami ir negr\u0105\u017einami.<\/strong><\/p>\n<p>Spalvos gali \u0161iek tiek skirtis nuo rodom\u0173 j\u016bs\u0173 ekranuose.<\/p>\n<p>&nbsp;<\/p>\n<p><strong>Rekomenduojama:<\/strong> \u010diulptukus keisti kas 4-6 savaites (naudojant intensyviai \u2013 kas m\u0117nes\u012f).<\/p>\n<p><strong>Kaip tinkamai plauti bibs \u010diulptukus?<\/strong><\/p>\n<ul>\n<li>\u012ed\u0117kite \u010diulptukus \u012f \u0161var\u0173 duben\u0117l\u012f<\/li>\n<\/ul>\n<p>&nbsp;<\/p>\n<ul>\n<li>\u012e duben\u0117l\u012f \u012fpilkite verdan\u010dio vandens<\/li>\n<\/ul>\n<p>&nbsp;<\/p>\n<ul>\n<li>Palikite \u010diulptukus kar\u0161tame vandenyje apie 5 min<\/li>\n<\/ul>\n<p>&nbsp;<\/p>\n<ul>\n<li>I\u0161imkite \u010diulptukus ir leiskite jiems i\u0161d\u017ei\u0173ti.jei viduje yra vandens \u2013 i\u0161spauskite,<\/li>\n<\/ul>\n<p>&nbsp;<\/p>\n<p><strong>Pastabos!<\/strong> Atid\u017eiai ap\u017ei\u016br\u0117kite \u010diulptuk\u0105 ir patampykite \u012f visas puses prie\u0161 kiekvien\u0105 naudojim\u0105. Jei pasteb\u0117jote kokius nors pa\u017eeidimus ar nusid\u0117v\u0117jimus, i\u0161 karto i\u0161meskite. Nepalikite tiesiogin\u0117je saul\u0117s \u0161viesoje, \u0161alia kar\u0161\u010dio \u0161altini\u0173 ar dezinfekciniame skystyje (ilgiau nei rekomenduojama). Laikyti sausame, \u0161variame, u\u017edarame d\u0117kle, prie\u0161 kiekvien\u0105 naudojim\u0105 nuplauti. Galima \u0161altai sterilizuoti. Ned\u0117ti \u012f indaplov\u0119 ir mikrobang\u0173 krosnel\u0119.<\/p>\n<\/div>\n<\/div>\n<\/div>\n<p>&nbsp;<\/p>\n","protected":false},"excerpt":{"rendered":"<p>Be galo \u012fsp\u016bdingi \u010diulptukai BIBS su g\u0117li\u0173 ornamintais! &nbsp; Pakuot\u0117je 2 vnt. Ko gero pats populiariausias \u010diulptukas pasaulyje! Vy\u0161nios formos \u017eindukas atkartoja kr\u016bties spenel\u012f, o lengvas, \u012f i\u0161or\u0119 i\u0161lenktas skydelis neleid\u017eia odai sudirgti. Sud\u0117tis: 100% nat\u016bralus lateksas, polipropileno skydelis. Be BPA,\u00a0PVC ir ftalat\u0173. 0-6 m\u0117n. dydis \u012e \u0161i\u0105 kain\u0105 \u012feina du \u010diulptukai, supakuoti originalioje pakuot\u0117je. [&hellip;]<\/p>\n","protected":false},"featured_media":6466,"template":"","meta":[],"product_brand":[],"product_cat":[62,186],"product_tag":[363,364,366,365,68],"class_list":{"0":"post-6469","1":"product","2":"type-product","3":"status-publish","4":"has-post-thumbnail","6":"product_cat-ciulptukai","7":"product_cat-naujienos","8":"product_tag-bibs","9":"product_tag-bibs-ciulptukai","10":"product_tag-bibs-color","11":"product_tag-bibs-geleti-ciulptukai","12":"product_tag-ciulptukai","13":"","15":"first","16":"instock","17":"taxable","18":"shipping-taxable","19":"purchasable","20":"product-type-simple"},"_links":{"self":[{"href":"https:\/\/secihouse.lt\/index.php\/wp-json\/wp\/v2\/product\/6469","targetHints":{"allow":["GET"]}}],"collection":[{"href":"https:\/\/secihouse.lt\/index.php\/wp-json\/wp\/v2\/product"}],"about":[{"href":"https:\/\/secihouse.lt\/index.php\/wp-json\/wp\/v2\/types\/product"}],"wp:featuredmedia":[{"embeddable":true,"href":"https:\/\/secihouse.lt\/index.php\/wp-json\/wp\/v2\/media\/6466"}],"wp:attachment":[{"href":"https:\/\/secihouse.lt\/index.php\/wp-json\/wp\/v2\/media?parent=6469"}],"wp:term":[{"taxonomy":"product_brand","embeddable":true,"href":"https:\/\/secihouse.lt\/index.php\/wp-json\/wp\/v2\/product_brand?post=6469"},{"taxonomy":"product_cat","embeddable":true,"href":"https:\/\/secihouse.lt\/index.php\/wp-json\/wp\/v2\/product_cat?post=6469"},{"taxonomy":"product_tag","embeddable":true,"href":"https:\/\/secihouse.lt\/index.php\/wp-json\/wp\/v2\/product_tag?post=6469"}],"curies":[{"name":"wp","href":"https:\/\/api.w.org\/{rel}","templated":true}]}}