{"id":6446,"date":"2023-07-27T16:16:47","date_gmt":"2023-07-27T14:16:47","guid":{"rendered":"https:\/\/secihouse.lt\/?post_type=product&#038;p=6446"},"modified":"2024-10-04T15:59:49","modified_gmt":"2024-10-04T13:59:49","slug":"liewood-vonios-kilimeliai-sea-creature","status":"publish","type":"product","link":"https:\/\/secihouse.lt\/index.php\/product\/liewood-vonios-kilimeliai-sea-creature\/","title":{"rendered":"Liewood vonios kilim\u0117liai -Sea creature"},"content":{"rendered":"<p><span class=\"Y2IQFc\" lang=\"lt\">Ma\u017ei j\u016bros b\u016btybi\u0173 form\u0173 vonios kilim\u0117liai. Galima naudoti vonios apa\u010dioje. Ma\u017eyliui nebus slidu ir saugiau jausis ant vonios pagrindo. <\/span><\/p>\n<p><span class=\"Y2IQFc\" lang=\"lt\">Mink\u0161tas kilim\u0117lis, turintis galing\u0105 sukibim\u0105, galima perstatyti kilim\u0117lius \u012f kit\u0105 viet\u0105 ir labai lengvai valomi.<\/span><\/p>\n<p>Pakuot\u0117je 8 vnt. kilim\u0117li\u0173<\/p>\n<p><span class=\"Y2IQFc\" lang=\"lt\"><strong>Med\u017eiaga:<\/strong> 100% nat\u016brali guma. \u00a0<\/span><\/p>\n<p><strong>Dydis: <\/strong>storis\u00a00.8cm<\/p>\n<p>&nbsp;<\/p>\n","protected":false},"excerpt":{"rendered":"<p>Ma\u017ei j\u016bros b\u016btybi\u0173 form\u0173 vonios kilim\u0117liai. Galima naudoti vonios apa\u010dioje. Ma\u017eyliui nebus slidu ir saugiau jausis ant vonios pagrindo. Mink\u0161tas kilim\u0117lis, turintis galing\u0105 sukibim\u0105, galima perstatyti kilim\u0117lius \u012f kit\u0105 viet\u0105 ir labai lengvai valomi. Pakuot\u0117je 8 vnt. kilim\u0117li\u0173 Med\u017eiaga: 100% nat\u016brali guma. \u00a0 Dydis: storis\u00a00.8cm &nbsp;<\/p>\n","protected":false},"featured_media":6447,"template":"","meta":[],"product_brand":[],"product_cat":[63,186],"product_tag":[356,357,355,156,359,195,358],"class_list":{"0":"post-6446","1":"product","2":"type-product","3":"status-publish","4":"has-post-thumbnail","6":"product_cat-laikas-maudynems","7":"product_cat-naujienos","8":"product_tag-kilimeliai-i-vonia","9":"product_tag-kilimelis","10":"product_tag-laikas-maudynems","11":"product_tag-liewood","12":"product_tag-liewood-kilimelis","13":"product_tag-maudynes","14":"product_tag-maudyniu-metas","15":"","17":"first","18":"instock","19":"taxable","20":"shipping-taxable","21":"purchasable","22":"product-type-simple"},"_links":{"self":[{"href":"https:\/\/secihouse.lt\/index.php\/wp-json\/wp\/v2\/product\/6446","targetHints":{"allow":["GET"]}}],"collection":[{"href":"https:\/\/secihouse.lt\/index.php\/wp-json\/wp\/v2\/product"}],"about":[{"href":"https:\/\/secihouse.lt\/index.php\/wp-json\/wp\/v2\/types\/product"}],"wp:featuredmedia":[{"embeddable":true,"href":"https:\/\/secihouse.lt\/index.php\/wp-json\/wp\/v2\/media\/6447"}],"wp:attachment":[{"href":"https:\/\/secihouse.lt\/index.php\/wp-json\/wp\/v2\/media?parent=6446"}],"wp:term":[{"taxonomy":"product_brand","embeddable":true,"href":"https:\/\/secihouse.lt\/index.php\/wp-json\/wp\/v2\/product_brand?post=6446"},{"taxonomy":"product_cat","embeddable":true,"href":"https:\/\/secihouse.lt\/index.php\/wp-json\/wp\/v2\/product_cat?post=6446"},{"taxonomy":"product_tag","embeddable":true,"href":"https:\/\/secihouse.lt\/index.php\/wp-json\/wp\/v2\/product_tag?post=6446"}],"curies":[{"name":"wp","href":"https:\/\/api.w.org\/{rel}","templated":true}]}}