{"id":6442,"date":"2023-07-27T16:05:57","date_gmt":"2023-07-27T14:05:57","guid":{"rendered":"https:\/\/secihouse.lt\/?post_type=product&#038;p=6442"},"modified":"2024-08-07T18:54:14","modified_gmt":"2024-08-07T16:54:14","slug":"liewood-silikoninis-pop-zaislas-monstriukas","status":"publish","type":"product","link":"https:\/\/secihouse.lt\/index.php\/product\/liewood-silikoninis-pop-zaislas-monstriukas\/","title":{"rendered":"Liewood silikoninis Pop \u017eaislas &#8211; monstriukas"},"content":{"rendered":"<p>\u017daismingas stimuliavimo \u017eaisliukas monstriukas.\u00a0<span class=\"Y2IQFc\" lang=\"lt\">Pagaminta i\u0161 mink\u0161to, saugaus ir patvaraus silikono.<\/span><\/p>\n<p><span class=\"Y2IQFc\" lang=\"lt\"> Spalvingi mygtukai, skatinantys poj\u016b\u010dius.<\/span><\/p>\n<p><span class=\"Y2IQFc\" lang=\"lt\"> Lankstus pagrinda<\/span><span class=\"Y2IQFc\" lang=\"lt\">s .<\/span><\/p>\n<p>&nbsp;<\/p>\n<p><span class=\"Y2IQFc\" lang=\"lt\"><strong>Med\u017eiaga:<\/strong> 100% silikonas. \u00a0<\/span><span class=\"Y2IQFc\" lang=\"lt\">Patvari, mink\u0161ta ir ilgaam\u017e\u0117 med\u017eiaga, lengva valyti.<\/span><\/p>\n<p><strong>Rekomenduojamas am\u017eius:<\/strong>\u00a03+ metai<\/p>\n<p><strong>Dydis:<\/strong> Auk\u0161tis 15,8cm x Ilgis 13cm x Storis 1cm<img loading=\"lazy\" decoding=\"async\" id=\"dimg_3\" class=\"YQ4gaf zr758c wA1Bge\" src=\"data:image\/png;base64,iVBORw0KGgoAAAANSUhEUgAAABQAAAAUCAQAAAAngNWGAAABDUlEQVR4AYXRgUZDYRjH4TegFTKgpEqiFJgoWAoMEQGBgBboChaaAKxLKAhAhQqAdAmpBIQolkCFqp2nITvNKXuA7+\/Hhzey5OWjE4Nq3rzY1f9\/NGHPB549492+8Ww060iCS2XdctZdI3GsECmb+HJoIX6x6EgDm+lURTH+YB7V9nAqE5WNme4YKuOiY6iMe6PaQxUUIuTbswgFVNJwA8sO3Bn6yR6bWZMSNtJwDtuWfHpQxaPx9C9zadil7jrCigbq6UXceNIVKTWUIqypm2ytJdTiNyNeXclF6GttOVfeDEc7qzjR23r3OMFqZKng1kw0mXGLrfibHTScOZWgGv9TdC6ROFeMTgwYiIxvJzMRWQbeGZUAAAAASUVORK5CYII=\" alt=\"Piktograma \u201ePatvirtinta bendruomen\u0117s\u201c\" width=\"16\" height=\"16\" data-atf=\"0\" data-frt=\"0\" \/><\/p>\n<p>&nbsp;<\/p>\n<p>&nbsp;<\/p>\n","protected":false},"excerpt":{"rendered":"<p>\u017daismingas stimuliavimo \u017eaisliukas monstriukas.\u00a0Pagaminta i\u0161 mink\u0161to, saugaus ir patvaraus silikono. Spalvingi mygtukai, skatinantys poj\u016b\u010dius. Lankstus pagrindas . &nbsp; Med\u017eiaga: 100% silikonas. \u00a0Patvari, mink\u0161ta ir ilgaam\u017e\u0117 med\u017eiaga, lengva valyti. Rekomenduojamas am\u017eius:\u00a03+ metai Dydis: Auk\u0161tis 15,8cm x Ilgis 13cm x Storis 1cm &nbsp; &nbsp;<\/p>\n","protected":false},"featured_media":6443,"template":"","meta":[],"product_brand":[],"product_cat":[186,66],"product_tag":[156,352,354,351,353,42],"class_list":{"0":"post-6442","1":"product","2":"type-product","3":"status-publish","4":"has-post-thumbnail","6":"product_cat-naujienos","7":"product_cat-zaislai","8":"product_tag-liewood","9":"product_tag-liewood-zaislas","10":"product_tag-pop-it","11":"product_tag-pop-zaislas","12":"product_tag-stimuliavimo-zaislas","13":"product_tag-zaislai","14":"","16":"first","17":"instock","18":"taxable","19":"shipping-taxable","20":"purchasable","21":"product-type-simple"},"_links":{"self":[{"href":"https:\/\/secihouse.lt\/index.php\/wp-json\/wp\/v2\/product\/6442","targetHints":{"allow":["GET"]}}],"collection":[{"href":"https:\/\/secihouse.lt\/index.php\/wp-json\/wp\/v2\/product"}],"about":[{"href":"https:\/\/secihouse.lt\/index.php\/wp-json\/wp\/v2\/types\/product"}],"wp:featuredmedia":[{"embeddable":true,"href":"https:\/\/secihouse.lt\/index.php\/wp-json\/wp\/v2\/media\/6443"}],"wp:attachment":[{"href":"https:\/\/secihouse.lt\/index.php\/wp-json\/wp\/v2\/media?parent=6442"}],"wp:term":[{"taxonomy":"product_brand","embeddable":true,"href":"https:\/\/secihouse.lt\/index.php\/wp-json\/wp\/v2\/product_brand?post=6442"},{"taxonomy":"product_cat","embeddable":true,"href":"https:\/\/secihouse.lt\/index.php\/wp-json\/wp\/v2\/product_cat?post=6442"},{"taxonomy":"product_tag","embeddable":true,"href":"https:\/\/secihouse.lt\/index.php\/wp-json\/wp\/v2\/product_tag?post=6442"}],"curies":[{"name":"wp","href":"https:\/\/api.w.org\/{rel}","templated":true}]}}