{"id":6422,"date":"2023-08-01T10:45:24","date_gmt":"2023-08-01T08:45:24","guid":{"rendered":"https:\/\/secihouse.lt\/?post_type=product&#038;p=6422"},"modified":"2026-02-15T20:49:13","modified_gmt":"2026-02-15T18:49:13","slug":"liewood-liemene-golden-caramel-sandy-mix","status":"publish","type":"product","link":"https:\/\/secihouse.lt\/index.php\/product\/liewood-liemene-golden-caramel-sandy-mix\/","title":{"rendered":"Liewood liemen\u0117 -Golden caramel \/ Sandy mix"},"content":{"rendered":"<p>Labai gra\u017ei bei jauki liemen\u0117! Tiks visiems met\u0173 laikams, kur\u012f ne\u0161iosi ma\u017eyliui patogiai .<\/p>\n<p><strong>Med\u017eiaga:\u00a0<\/strong><span class=\"Y2IQFc\" lang=\"lt\">Med\u017eiaga &#8211; apvalkalas: 100% organin\u0117 medviln\u0117 .<\/span><span class=\"Y2IQFc\" lang=\"lt\">Med\u017eiaga \u2013 pamu\u0161alas: 65% perdirbtas poliesteris ir 35% medviln\u0117 Med\u017eiaga \u2013 pamink\u0161tinimas: 100% perdirbtas poliesteris Kv\u0117puojantis\/ Patvarus \/Lengvas\/ \u00a0Vertika.<\/span><\/p>\n<p>Prie\u017ei\u016bra: s<span class=\"Y2IQFc\" lang=\"lt\">kalbti 30\u00b0C arba \u017eemesn\u0117je temperat\u016broje, rekomenduojama skalbkite su pana\u0161iomis spalvomis; Skalbdami apverskite auk\u0161tyn kojomis; D\u017eiovinimas d\u017eiovykl\u0117je, Lyginkite i\u0161 kitos pus\u0117s ant silpnos ugnies. Nebalinti.<\/span><\/p>\n<p>&nbsp;<\/p>\n","protected":false},"excerpt":{"rendered":"<p>Labai gra\u017ei bei jauki liemen\u0117! Tiks visiems met\u0173 laikams, kur\u012f ne\u0161iosi ma\u017eyliui patogiai . Med\u017eiaga:\u00a0Med\u017eiaga &#8211; apvalkalas: 100% organin\u0117 medviln\u0117 .Med\u017eiaga \u2013 pamu\u0161alas: 65% perdirbtas poliesteris ir 35% medviln\u0117 Med\u017eiaga \u2013 pamink\u0161tinimas: 100% perdirbtas poliesteris Kv\u0117puojantis\/ Patvarus \/Lengvas\/ \u00a0Vertika. Prie\u017ei\u016bra: skalbti 30\u00b0C arba \u017eemesn\u0117je temperat\u016broje, rekomenduojama skalbkite su pana\u0161iomis spalvomis; Skalbdami apverskite auk\u0161tyn kojomis; D\u017eiovinimas [&hellip;]<\/p>\n","protected":false},"featured_media":6423,"template":"","meta":[],"product_brand":[],"product_cat":[772,67,186],"product_tag":[244,292,287,347,156,346,248],"class_list":{"0":"post-6422","1":"product","2":"type-product","3":"status-publish","4":"has-post-thumbnail","6":"product_cat-apranga","7":"product_cat-apranga-aksesuarai","8":"product_cat-naujienos","9":"product_tag-apranga","10":"product_tag-drabuziai","11":"product_tag-drabuzis","12":"product_tag-liemene","13":"product_tag-liewood","14":"product_tag-liewood-apranga","15":"product_tag-stilius","16":"","18":"first","19":"instock","20":"taxable","21":"shipping-taxable","22":"purchasable","23":"product-type-variable"},"_links":{"self":[{"href":"https:\/\/secihouse.lt\/index.php\/wp-json\/wp\/v2\/product\/6422","targetHints":{"allow":["GET"]}}],"collection":[{"href":"https:\/\/secihouse.lt\/index.php\/wp-json\/wp\/v2\/product"}],"about":[{"href":"https:\/\/secihouse.lt\/index.php\/wp-json\/wp\/v2\/types\/product"}],"wp:featuredmedia":[{"embeddable":true,"href":"https:\/\/secihouse.lt\/index.php\/wp-json\/wp\/v2\/media\/6423"}],"wp:attachment":[{"href":"https:\/\/secihouse.lt\/index.php\/wp-json\/wp\/v2\/media?parent=6422"}],"wp:term":[{"taxonomy":"product_brand","embeddable":true,"href":"https:\/\/secihouse.lt\/index.php\/wp-json\/wp\/v2\/product_brand?post=6422"},{"taxonomy":"product_cat","embeddable":true,"href":"https:\/\/secihouse.lt\/index.php\/wp-json\/wp\/v2\/product_cat?post=6422"},{"taxonomy":"product_tag","embeddable":true,"href":"https:\/\/secihouse.lt\/index.php\/wp-json\/wp\/v2\/product_tag?post=6422"}],"curies":[{"name":"wp","href":"https:\/\/api.w.org\/{rel}","templated":true}]}}