{"id":6417,"date":"2023-07-27T15:21:46","date_gmt":"2023-07-27T13:21:46","guid":{"rendered":"https:\/\/secihouse.lt\/?post_type=product&#038;p=6417"},"modified":"2026-02-15T20:51:58","modified_gmt":"2026-02-15T18:51:58","slug":"liewood-stalo-irankiu-rinkinys-golden-caramel-mix","status":"publish","type":"product","link":"https:\/\/secihouse.lt\/index.php\/product\/liewood-stalo-irankiu-rinkinys-golden-caramel-mix\/","title":{"rendered":"Liewood stalo \u012franki\u0173 rinkinys -Golden caramel mix"},"content":{"rendered":"<p>Labai \u017eav\u016bs bei linksmi stalo \u012frankiai n<span class=\"Y2IQFc\" lang=\"lt\">er\u016bdijan\u010dio plieno su 3D silikonin\u0117mis rankenom<\/span><span class=\"Y2IQFc\" lang=\"lt\">is. Galima plauti indaplov\u0117je.<\/span><\/p>\n<p>&nbsp;<\/p>\n<p><strong>Med\u017eiaga:<\/strong> Rankena &#8211; 100% silikonas \/ \u012erankis 100% ner\u016bdijantis plienas<\/p>\n<p><strong>Rekomenduojamas am\u017eius:<\/strong> 1.5 &#8211; 4 metai<\/p>\n<p><strong>Dydis:\u00a0<\/strong><span class=\"Y2IQFc\" lang=\"lt\">PEILIS DRAMBLYS: PLOTIS (CM) 3,4, ILGIS (CM) 16,5. \u0160AKUT\u0116S KROKODILAS: PLOTIS (CM) 2,8, ILGIS (CM) 15. \u0160auk\u0161telis \u017dIRAFA: PLOTIS (CM) 3,5, ILGIS (CM) 15,2<\/span><\/p>\n<p>&nbsp;<\/p>\n","protected":false},"excerpt":{"rendered":"<p>Labai \u017eav\u016bs bei linksmi stalo \u012frankiai ner\u016bdijan\u010dio plieno su 3D silikonin\u0117mis rankenomis. Galima plauti indaplov\u0117je. &nbsp; Med\u017eiaga: Rankena &#8211; 100% silikonas \/ \u012erankis 100% ner\u016bdijantis plienas Rekomenduojamas am\u017eius: 1.5 &#8211; 4 metai Dydis:\u00a0PEILIS DRAMBLYS: PLOTIS (CM) 3,4, ILGIS (CM) 16,5. \u0160AKUT\u0116S KROKODILAS: PLOTIS (CM) 2,8, ILGIS (CM) 15. \u0160auk\u0161telis \u017dIRAFA: PLOTIS (CM) 3,5, ILGIS (CM) [&hellip;]<\/p>\n","protected":false},"featured_media":6420,"template":"","meta":[],"product_brand":[],"product_cat":[65,186],"product_tag":[345,339,344,340,341,342,343],"class_list":{"0":"post-6417","1":"product","2":"type-product","3":"status-publish","4":"has-post-thumbnail","6":"product_cat-laikas-pietums","7":"product_cat-naujienos","8":"product_tag-irankiai","9":"product_tag-laikas-pietumds","10":"product_tag-liewood-stali-irankiai","11":"product_tag-stalo-irankiai","12":"product_tag-stalo-valgymo-irankiai","13":"product_tag-valgiui","14":"product_tag-valgyti","15":"","17":"first","18":"instock","19":"taxable","20":"shipping-taxable","21":"purchasable","22":"product-type-simple"},"_links":{"self":[{"href":"https:\/\/secihouse.lt\/index.php\/wp-json\/wp\/v2\/product\/6417","targetHints":{"allow":["GET"]}}],"collection":[{"href":"https:\/\/secihouse.lt\/index.php\/wp-json\/wp\/v2\/product"}],"about":[{"href":"https:\/\/secihouse.lt\/index.php\/wp-json\/wp\/v2\/types\/product"}],"wp:featuredmedia":[{"embeddable":true,"href":"https:\/\/secihouse.lt\/index.php\/wp-json\/wp\/v2\/media\/6420"}],"wp:attachment":[{"href":"https:\/\/secihouse.lt\/index.php\/wp-json\/wp\/v2\/media?parent=6417"}],"wp:term":[{"taxonomy":"product_brand","embeddable":true,"href":"https:\/\/secihouse.lt\/index.php\/wp-json\/wp\/v2\/product_brand?post=6417"},{"taxonomy":"product_cat","embeddable":true,"href":"https:\/\/secihouse.lt\/index.php\/wp-json\/wp\/v2\/product_cat?post=6417"},{"taxonomy":"product_tag","embeddable":true,"href":"https:\/\/secihouse.lt\/index.php\/wp-json\/wp\/v2\/product_tag?post=6417"}],"curies":[{"name":"wp","href":"https:\/\/api.w.org\/{rel}","templated":true}]}}