{"id":6397,"date":"2023-07-27T12:34:12","date_gmt":"2023-07-27T10:34:12","guid":{"rendered":"https:\/\/secihouse.lt\/?post_type=product&#038;p=6397"},"modified":"2025-05-12T14:33:30","modified_gmt":"2025-05-12T12:33:30","slug":"liewood-silikoniniai-seilnukai-leopard","status":"publish","type":"product","link":"https:\/\/secihouse.lt\/index.php\/product\/liewood-silikoniniai-seilnukai-leopard\/","title":{"rendered":"LIEWOOD &#8211; Silikoniniai seilnukai Leopard"},"content":{"rendered":"<p><strong><span class=\"x4k7w5x x1h91t0o x1h9r5lt xv2umb2 x1beo9mf xaigb6o x12ejxvf x3igimt xarpa2k xedcshv x1lytzrv x1t2pt76 x7ja8zs x1qrby5j x1jfb8zj\">Apib\u016bdinimas: <\/span><\/strong><\/p>\n<p>Vaiki\u0161kas seilinukas &#8211; pakuot\u0117je 2vnt.<\/p>\n<p>Prakti\u0161kas seilnukas, kuris palengvins t\u0117veli\u0173 kasdienyb\u0119.<\/p>\n<p>&nbsp;<\/p>\n<p><span class=\"x4k7w5x x1h91t0o x1h9r5lt xv2umb2 x1beo9mf xaigb6o x12ejxvf x3igimt xarpa2k xedcshv x1lytzrv x1t2pt76 x7ja8zs x1qrby5j x1jfb8zj\">* Med\u017eiaga: 100% silikonas<\/span><\/p>\n<p><span class=\"x4k7w5x x1h91t0o x1h9r5lt xv2umb2 x1beo9mf xaigb6o x12ejxvf x3igimt xarpa2k xedcshv x1lytzrv x1t2pt76 x7ja8zs x1qrby5j x1jfb8zj\">* Lengva valyti<\/span><\/p>\n<p>&nbsp;<\/p>\n<p><span class=\"x4k7w5x x1h91t0o x1h9r5lt xv2umb2 x1beo9mf xaigb6o x12ejxvf x3igimt xarpa2k xedcshv x1lytzrv x1t2pt76 x7ja8zs x1qrby5j x1jfb8zj\"><strong>Matmenys: I<\/strong>LGIS 29cm, PLOTIS 22cm<\/span><\/p>\n<p><strong><span class=\"x4k7w5x x1h91t0o x1h9r5lt xv2umb2 x1beo9mf xaigb6o x12ejxvf x3igimt xarpa2k xedcshv x1lytzrv x1t2pt76 x7ja8zs x1qrby5j x1jfb8zj\">\u00a0<\/span><\/strong><\/p>\n<p><strong><span class=\"x4k7w5x x1h91t0o x1h9r5lt xv2umb2 x1beo9mf xaigb6o x12ejxvf x3igimt xarpa2k xedcshv x1lytzrv x1t2pt76 x7ja8zs x1qrby5j x1jfb8zj\">Med\u017eiagos savyb\u0117s:<\/span><\/strong><\/p>\n<p><span class=\"x4k7w5x x1h91t0o x1h9r5lt xv2umb2 x1beo9mf xaigb6o x12ejxvf x3igimt xarpa2k xedcshv x1lytzrv x1t2pt76 x7ja8zs x1qrby5j x1jfb8zj\">* Be kenksming\u0173 chemini\u0173 med\u017eiag\u0173<\/span><\/p>\n<p><span class=\"x4k7w5x x1h91t0o x1h9r5lt xv2umb2 x1beo9mf xaigb6o x12ejxvf x3igimt xarpa2k xedcshv x1lytzrv x1t2pt76 x7ja8zs x1qrby5j x1jfb8zj\">* Mink\u0161tas \/ nel\u016b\u017eta nukritus, Stabili temperat\u016bra, kai lie\u010diasi su kar\u0161tu ir \u0161altu turiniu, Lengva valyti.\u00a0<\/span><\/p>\n<p>&nbsp;<\/p>\n<p>&nbsp;<\/p>\n","protected":false},"excerpt":{"rendered":"<p>Apib\u016bdinimas: Vaiki\u0161kas seilinukas &#8211; pakuot\u0117je 2vnt. Prakti\u0161kas seilnukas, kuris palengvins t\u0117veli\u0173 kasdienyb\u0119. &nbsp; * Med\u017eiaga: 100% silikonas * Lengva valyti &nbsp; Matmenys: ILGIS 29cm, PLOTIS 22cm \u00a0 Med\u017eiagos savyb\u0117s: * Be kenksming\u0173 chemini\u0173 med\u017eiag\u0173 * Mink\u0161tas \/ nel\u016b\u017eta nukritus, Stabili temperat\u016bra, kai lie\u010diasi su kar\u0161tu ir \u0161altu turiniu, Lengva valyti.\u00a0 &nbsp; &nbsp;<\/p>\n","protected":false},"featured_media":6398,"template":"","meta":[],"product_brand":[],"product_cat":[65,186],"product_tag":[156,160,161,159,162],"class_list":{"0":"post-6397","1":"product","2":"type-product","3":"status-publish","4":"has-post-thumbnail","6":"product_cat-laikas-pietums","7":"product_cat-naujienos","8":"product_tag-liewood","9":"product_tag-liewood-seilinukas","10":"product_tag-liewood-silikoninis-seilinukas","11":"product_tag-seilnukas","12":"product_tag-silikoninis-seilinukas","13":"","15":"first","16":"instock","17":"taxable","18":"shipping-taxable","19":"purchasable","20":"product-type-simple"},"_links":{"self":[{"href":"https:\/\/secihouse.lt\/index.php\/wp-json\/wp\/v2\/product\/6397","targetHints":{"allow":["GET"]}}],"collection":[{"href":"https:\/\/secihouse.lt\/index.php\/wp-json\/wp\/v2\/product"}],"about":[{"href":"https:\/\/secihouse.lt\/index.php\/wp-json\/wp\/v2\/types\/product"}],"wp:featuredmedia":[{"embeddable":true,"href":"https:\/\/secihouse.lt\/index.php\/wp-json\/wp\/v2\/media\/6398"}],"wp:attachment":[{"href":"https:\/\/secihouse.lt\/index.php\/wp-json\/wp\/v2\/media?parent=6397"}],"wp:term":[{"taxonomy":"product_brand","embeddable":true,"href":"https:\/\/secihouse.lt\/index.php\/wp-json\/wp\/v2\/product_brand?post=6397"},{"taxonomy":"product_cat","embeddable":true,"href":"https:\/\/secihouse.lt\/index.php\/wp-json\/wp\/v2\/product_cat?post=6397"},{"taxonomy":"product_tag","embeddable":true,"href":"https:\/\/secihouse.lt\/index.php\/wp-json\/wp\/v2\/product_tag?post=6397"}],"curies":[{"name":"wp","href":"https:\/\/api.w.org\/{rel}","templated":true}]}}