{"id":6353,"date":"2023-07-27T09:22:36","date_gmt":"2023-07-27T07:22:36","guid":{"rendered":"https:\/\/secihouse.lt\/?post_type=product&#038;p=6353"},"modified":"2023-11-03T11:05:40","modified_gmt":"2023-11-03T09:05:40","slug":"liewood-daiktu-laikymo-deze-golden-caramel","status":"publish","type":"product","link":"https:\/\/secihouse.lt\/index.php\/product\/liewood-daiktu-laikymo-deze-golden-caramel\/","title":{"rendered":"Liewood daikt\u0173 laikymo d\u0117\u017e\u0117 &#8211; Golden caramel"},"content":{"rendered":"<p>Talpi daikt\u0173 laikymo d\u0117\u017e\u0117 suma\u017eins kambaryje netvark\u0105.\u00a0<span class=\"Y2IQFc\" lang=\"lt\">D\u0117\u017eut\u0117 pagaminta i\u0161 kieto perdirbto plastiko, kuris yra labai patvarus ir gali atlaikyti didel\u0119 apkrov\u0105. Idealiai tinka j\u016bs\u0173 vaik\u0173 miegamajam \u017eaislams ir kitiems aksesuarams laikyti.<\/span><\/p>\n<p>&nbsp;<\/p>\n<p>&nbsp;<\/p>\n<p><strong>Med\u017eiaga:\u00a0<\/strong><span class=\"Y2IQFc\" lang=\"lt\">60% perdirbtas polipropilenas, 40% polipropilenas<\/span><\/p>\n<p><strong>Dydis: <\/strong>Auk\u0161tis<span class=\"Y2IQFc\" lang=\"lt\">\u00a031,5cm x ilgis 30,5cm x plotis 32cm\u00a0<\/span><\/p>\n<p>&nbsp;<\/p>\n","protected":false},"excerpt":{"rendered":"<p>Talpi daikt\u0173 laikymo d\u0117\u017e\u0117 suma\u017eins kambaryje netvark\u0105.\u00a0D\u0117\u017eut\u0117 pagaminta i\u0161 kieto perdirbto plastiko, kuris yra labai patvarus ir gali atlaikyti didel\u0119 apkrov\u0105. Idealiai tinka j\u016bs\u0173 vaik\u0173 miegamajam \u017eaislams ir kitiems aksesuarams laikyti. &nbsp; &nbsp; Med\u017eiaga:\u00a060% perdirbtas polipropilenas, 40% polipropilenas Dydis: Auk\u0161tis\u00a031,5cm x ilgis 30,5cm x plotis 32cm\u00a0 &nbsp;<\/p>\n","protected":false},"featured_media":6354,"template":"","meta":[],"product_brand":[],"product_cat":[186,243],"product_tag":[316,315,312,313,296,314,156,307,317],"class_list":{"0":"post-6353","1":"product","2":"type-product","3":"status-publish","4":"has-post-thumbnail","6":"product_cat-naujienos","7":"product_cat-vaiku-kambarys","8":"product_tag-daiktams","9":"product_tag-daiktams-susideti","10":"product_tag-daiktu-laikymo-deze","11":"product_tag-deze","12":"product_tag-kambarys","13":"product_tag-laikymo-deze","14":"product_tag-liewood","15":"product_tag-vaiku-kambarys","16":"product_tag-zaislams","17":"","19":"first","20":"instock","21":"taxable","22":"shipping-taxable","23":"purchasable","24":"product-type-simple"},"_links":{"self":[{"href":"https:\/\/secihouse.lt\/index.php\/wp-json\/wp\/v2\/product\/6353","targetHints":{"allow":["GET"]}}],"collection":[{"href":"https:\/\/secihouse.lt\/index.php\/wp-json\/wp\/v2\/product"}],"about":[{"href":"https:\/\/secihouse.lt\/index.php\/wp-json\/wp\/v2\/types\/product"}],"wp:featuredmedia":[{"embeddable":true,"href":"https:\/\/secihouse.lt\/index.php\/wp-json\/wp\/v2\/media\/6354"}],"wp:attachment":[{"href":"https:\/\/secihouse.lt\/index.php\/wp-json\/wp\/v2\/media?parent=6353"}],"wp:term":[{"taxonomy":"product_brand","embeddable":true,"href":"https:\/\/secihouse.lt\/index.php\/wp-json\/wp\/v2\/product_brand?post=6353"},{"taxonomy":"product_cat","embeddable":true,"href":"https:\/\/secihouse.lt\/index.php\/wp-json\/wp\/v2\/product_cat?post=6353"},{"taxonomy":"product_tag","embeddable":true,"href":"https:\/\/secihouse.lt\/index.php\/wp-json\/wp\/v2\/product_tag?post=6353"}],"curies":[{"name":"wp","href":"https:\/\/api.w.org\/{rel}","templated":true}]}}