{"id":6336,"date":"2023-07-27T08:44:15","date_gmt":"2023-07-27T06:44:15","guid":{"rendered":"https:\/\/secihouse.lt\/?post_type=product&#038;p=6336"},"modified":"2024-09-06T07:16:28","modified_gmt":"2024-09-06T05:16:28","slug":"liewood-maiseliu-segtukai","status":"publish","type":"product","link":"https:\/\/secihouse.lt\/index.php\/product\/liewood-maiseliu-segtukai\/","title":{"rendered":"Liewood mai\u0161eli\u0173 segtukai"},"content":{"rendered":"<p>Kasdieni\u0161kas bet labai vertingas daiktas virtuv\u0117je, tai mai\u0161eli\u0173 segtukai !<\/p>\n<p>Segtukas neleis maistui pabirti i\u0161 krep\u0161elio ir produktas i\u0161liks gardesnis nei b\u016bt\u0173 atidarytas mai\u0161elis, taip pat nebus galimyb\u0117s \u012fskristi kokiam nors vabaliukui.<\/p>\n<p>Pakuot\u0117je yra 18vnt. segtuk\u0173, tai puiki galimyb\u0117 su ka\u017ekuo pasidalinti, arba nebus li\u016bdna kai pasimes ka\u017ekur tas vienas mielas segtukas.<\/p>\n<p>&nbsp;<\/p>\n<p><strong>Med\u017eiaga:<\/strong> 60% perdirbtas polipropilenas ir 40% naujas poliproplienas.<\/p>\n<p><strong>Dydis<\/strong>: auk\u0161tis &#8211; 1,5cm \u00a0 ilgis &#8211; 10cm \u00a0 plotis- 1,7cm<\/p>\n","protected":false},"excerpt":{"rendered":"<p>Kasdieni\u0161kas bet labai vertingas daiktas virtuv\u0117je, tai mai\u0161eli\u0173 segtukai ! Segtukas neleis maistui pabirti i\u0161 krep\u0161elio ir produktas i\u0161liks gardesnis nei b\u016bt\u0173 atidarytas mai\u0161elis, taip pat nebus galimyb\u0117s \u012fskristi kokiam nors vabaliukui. Pakuot\u0117je yra 18vnt. segtuk\u0173, tai puiki galimyb\u0117 su ka\u017ekuo pasidalinti, arba nebus li\u016bdna kai pasimes ka\u017ekur tas vienas mielas segtukas. &nbsp; Med\u017eiaga: 60% [&hellip;]<\/p>\n","protected":false},"featured_media":6337,"template":"","meta":[],"product_brand":[],"product_cat":[65,186],"product_tag":[304,303,305,301,302],"class_list":{"0":"post-6336","1":"product","2":"type-product","3":"status-publish","4":"has-post-thumbnail","6":"product_cat-laikas-pietums","7":"product_cat-naujienos","8":"product_tag-laikas-valgyti","9":"product_tag-liewood-segtukai","10":"product_tag-maiseliams-susegti","11":"product_tag-segtukai-maistui","12":"product_tag-segtukai-pagalbininkai","13":"","15":"first","16":"instock","17":"taxable","18":"shipping-taxable","19":"purchasable","20":"product-type-simple"},"_links":{"self":[{"href":"https:\/\/secihouse.lt\/index.php\/wp-json\/wp\/v2\/product\/6336","targetHints":{"allow":["GET"]}}],"collection":[{"href":"https:\/\/secihouse.lt\/index.php\/wp-json\/wp\/v2\/product"}],"about":[{"href":"https:\/\/secihouse.lt\/index.php\/wp-json\/wp\/v2\/types\/product"}],"wp:featuredmedia":[{"embeddable":true,"href":"https:\/\/secihouse.lt\/index.php\/wp-json\/wp\/v2\/media\/6337"}],"wp:attachment":[{"href":"https:\/\/secihouse.lt\/index.php\/wp-json\/wp\/v2\/media?parent=6336"}],"wp:term":[{"taxonomy":"product_brand","embeddable":true,"href":"https:\/\/secihouse.lt\/index.php\/wp-json\/wp\/v2\/product_brand?post=6336"},{"taxonomy":"product_cat","embeddable":true,"href":"https:\/\/secihouse.lt\/index.php\/wp-json\/wp\/v2\/product_cat?post=6336"},{"taxonomy":"product_tag","embeddable":true,"href":"https:\/\/secihouse.lt\/index.php\/wp-json\/wp\/v2\/product_tag?post=6336"}],"curies":[{"name":"wp","href":"https:\/\/api.w.org\/{rel}","templated":true}]}}