{"id":6306,"date":"2023-07-27T07:47:12","date_gmt":"2023-07-27T05:47:12","guid":{"rendered":"https:\/\/secihouse.lt\/?post_type=product&#038;p=6306"},"modified":"2026-02-18T21:01:03","modified_gmt":"2026-02-18T19:01:03","slug":"liewood-apatiniu-rinkinys-berniukams-leopard","status":"publish","type":"product","link":"https:\/\/secihouse.lt\/index.php\/product\/liewood-apatiniu-rinkinys-berniukams-leopard\/","title":{"rendered":"Liewood apatini\u0173 rinkinys berniukams &#8211; Leopard"},"content":{"rendered":"<p>Gra\u017e\u016bs bei patog\u016bs apatiniai berniukams. Rinkinyje 3vnt.<\/p>\n<p>&nbsp;<\/p>\n<p><strong>Med\u017eiaga:<\/strong> 95% organin\u0117 medviln\u0117\/ 5% elestanas ( elestanas u\u017etikrina ideal\u0173 priglaudim\u0105 prie k\u016bnelio)<\/p>\n<p><strong>Prie\u017ei\u016bra:<\/strong> Skalbti 30<span class=\"Y2IQFc\" lang=\"lt\">\u00b0C arba \u017eemesn\u0117je temperat\u016broje, rekomenduojama skalbti su pana\u0161iomis spalvomis.<\/span><\/p>\n","protected":false},"excerpt":{"rendered":"<p>Gra\u017e\u016bs bei patog\u016bs apatiniai berniukams. Rinkinyje 3vnt. &nbsp; Med\u017eiaga: 95% organin\u0117 medviln\u0117\/ 5% elestanas ( elestanas u\u017etikrina ideal\u0173 priglaudim\u0105 prie k\u016bnelio) Prie\u017ei\u016bra: Skalbti 30\u00b0C arba \u017eemesn\u0117je temperat\u016broje, rekomenduojama skalbti su pana\u0161iomis spalvomis.<\/p>\n","protected":false},"featured_media":6307,"template":"","meta":[],"product_brand":[],"product_cat":[772,67,186],"product_tag":[284,286,244,288,287,285,156],"class_list":{"0":"post-6306","1":"product","2":"type-product","3":"status-publish","4":"has-post-thumbnail","6":"product_cat-apranga","7":"product_cat-apranga-aksesuarai","8":"product_cat-naujienos","9":"product_tag-apatiniai","10":"product_tag-apatiniai-mergaites","11":"product_tag-apranga","12":"product_tag-berniukams","13":"product_tag-drabuzis","14":"product_tag-kelnaites","15":"product_tag-liewood","16":"","18":"first","19":"instock","20":"taxable","21":"shipping-taxable","22":"purchasable","23":"product-type-variable"},"_links":{"self":[{"href":"https:\/\/secihouse.lt\/index.php\/wp-json\/wp\/v2\/product\/6306","targetHints":{"allow":["GET"]}}],"collection":[{"href":"https:\/\/secihouse.lt\/index.php\/wp-json\/wp\/v2\/product"}],"about":[{"href":"https:\/\/secihouse.lt\/index.php\/wp-json\/wp\/v2\/types\/product"}],"wp:featuredmedia":[{"embeddable":true,"href":"https:\/\/secihouse.lt\/index.php\/wp-json\/wp\/v2\/media\/6307"}],"wp:attachment":[{"href":"https:\/\/secihouse.lt\/index.php\/wp-json\/wp\/v2\/media?parent=6306"}],"wp:term":[{"taxonomy":"product_brand","embeddable":true,"href":"https:\/\/secihouse.lt\/index.php\/wp-json\/wp\/v2\/product_brand?post=6306"},{"taxonomy":"product_cat","embeddable":true,"href":"https:\/\/secihouse.lt\/index.php\/wp-json\/wp\/v2\/product_cat?post=6306"},{"taxonomy":"product_tag","embeddable":true,"href":"https:\/\/secihouse.lt\/index.php\/wp-json\/wp\/v2\/product_tag?post=6306"}],"curies":[{"name":"wp","href":"https:\/\/api.w.org\/{rel}","templated":true}]}}