{"id":6279,"date":"2023-07-13T09:25:58","date_gmt":"2023-07-13T07:25:58","guid":{"rendered":"https:\/\/secihouse.lt\/?post_type=product&#038;p=6279"},"modified":"2023-07-24T12:22:01","modified_gmt":"2023-07-24T10:22:01","slug":"minikane-amigas-sportbaciai","status":"publish","type":"product","link":"https:\/\/secihouse.lt\/index.php\/product\/minikane-amigas-sportbaciai\/","title":{"rendered":"Minikane Amigas sportba\u010diai"},"content":{"rendered":"<p>Kiekviena l\u0117lyt\u0117 taip pat nori atrodyti stilingai, o \u0161ie sportba\u010diai puo\u0161 ir bus patog\u016bs \u017eengti \u017eingsnelius.<\/p>\n<p>&nbsp;<\/p>\n<p><strong>Pagaminta:<\/strong> Pranc\u016bzijoje<\/p>\n","protected":false},"excerpt":{"rendered":"<p>Kiekviena l\u0117lyt\u0117 taip pat nori atrodyti stilingai, o \u0161ie sportba\u010diai puo\u0161 ir bus patog\u016bs \u017eengti \u017eingsnelius. &nbsp; Pagaminta: Pranc\u016bzijoje<\/p>\n","protected":false},"featured_media":6280,"template":"","meta":[],"product_brand":[],"product_cat":[186,66],"product_tag":[272,276,279,259,273,277,275,274,278,178],"class_list":{"0":"post-6279","1":"product","2":"type-product","3":"status-publish","4":"has-post-thumbnail","6":"product_cat-naujienos","7":"product_cat-zaislai","8":"product_tag-amigas","9":"product_tag-batukai","10":"product_tag-leles-apranga","11":"product_tag-minikane","12":"product_tag-minikane-aksesuarai","13":"product_tag-minikane-batukai","14":"product_tag-minikane-lele","15":"product_tag-minikane-lelytems","16":"product_tag-sportbatukai","17":"product_tag-zaislas","18":"","20":"first","21":"instock","22":"taxable","23":"shipping-taxable","24":"purchasable","25":"product-type-simple"},"_links":{"self":[{"href":"https:\/\/secihouse.lt\/index.php\/wp-json\/wp\/v2\/product\/6279","targetHints":{"allow":["GET"]}}],"collection":[{"href":"https:\/\/secihouse.lt\/index.php\/wp-json\/wp\/v2\/product"}],"about":[{"href":"https:\/\/secihouse.lt\/index.php\/wp-json\/wp\/v2\/types\/product"}],"wp:featuredmedia":[{"embeddable":true,"href":"https:\/\/secihouse.lt\/index.php\/wp-json\/wp\/v2\/media\/6280"}],"wp:attachment":[{"href":"https:\/\/secihouse.lt\/index.php\/wp-json\/wp\/v2\/media?parent=6279"}],"wp:term":[{"taxonomy":"product_brand","embeddable":true,"href":"https:\/\/secihouse.lt\/index.php\/wp-json\/wp\/v2\/product_brand?post=6279"},{"taxonomy":"product_cat","embeddable":true,"href":"https:\/\/secihouse.lt\/index.php\/wp-json\/wp\/v2\/product_cat?post=6279"},{"taxonomy":"product_tag","embeddable":true,"href":"https:\/\/secihouse.lt\/index.php\/wp-json\/wp\/v2\/product_tag?post=6279"}],"curies":[{"name":"wp","href":"https:\/\/api.w.org\/{rel}","templated":true}]}}