{"id":6209,"date":"2023-06-21T20:06:45","date_gmt":"2023-06-21T18:06:45","guid":{"rendered":"https:\/\/secihouse.lt\/?post_type=product&#038;p=6209"},"modified":"2024-03-25T12:41:20","modified_gmt":"2024-03-25T10:41:20","slug":"maileg-dovanu-pakavimo-popierius-heureux-10m","status":"publish","type":"product","link":"https:\/\/secihouse.lt\/index.php\/product\/maileg-dovanu-pakavimo-popierius-heureux-10m\/","title":{"rendered":"MAILEG Dovan\u0173 pakavimo popierius &#8211; Heureux &#8211; 10M"},"content":{"rendered":"<p>Labai gra\u017eus dovan\u0173 pakavimo popierius, kuris su\u017eav\u0117s ne tik vaiku\u010dius, bet ir suaugusius.<\/p>\n<p><strong>Dydis: <\/strong>55cm<\/p>\n<p><strong>Med\u017eiaga: <\/strong>Popierius<\/p>\n<p>&nbsp;<\/p>\n<p>&nbsp;<\/p>\n","protected":false},"excerpt":{"rendered":"<p>Labai gra\u017eus dovan\u0173 pakavimo popierius, kuris su\u017eav\u0117s ne tik vaiku\u010dius, bet ir suaugusius. Dydis: 55cm Med\u017eiaga: Popierius &nbsp; &nbsp;<\/p>\n","protected":false},"featured_media":6210,"template":"","meta":[],"product_brand":[],"product_cat":[61,186],"product_tag":[],"class_list":{"0":"post-6209","1":"product","2":"type-product","3":"status-publish","4":"has-post-thumbnail","6":"product_cat-maileg-kolekcija","7":"product_cat-naujienos","8":"","10":"first","11":"instock","12":"taxable","13":"shipping-taxable","14":"purchasable","15":"product-type-simple"},"_links":{"self":[{"href":"https:\/\/secihouse.lt\/index.php\/wp-json\/wp\/v2\/product\/6209","targetHints":{"allow":["GET"]}}],"collection":[{"href":"https:\/\/secihouse.lt\/index.php\/wp-json\/wp\/v2\/product"}],"about":[{"href":"https:\/\/secihouse.lt\/index.php\/wp-json\/wp\/v2\/types\/product"}],"wp:featuredmedia":[{"embeddable":true,"href":"https:\/\/secihouse.lt\/index.php\/wp-json\/wp\/v2\/media\/6210"}],"wp:attachment":[{"href":"https:\/\/secihouse.lt\/index.php\/wp-json\/wp\/v2\/media?parent=6209"}],"wp:term":[{"taxonomy":"product_brand","embeddable":true,"href":"https:\/\/secihouse.lt\/index.php\/wp-json\/wp\/v2\/product_brand?post=6209"},{"taxonomy":"product_cat","embeddable":true,"href":"https:\/\/secihouse.lt\/index.php\/wp-json\/wp\/v2\/product_cat?post=6209"},{"taxonomy":"product_tag","embeddable":true,"href":"https:\/\/secihouse.lt\/index.php\/wp-json\/wp\/v2\/product_tag?post=6209"}],"curies":[{"name":"wp","href":"https:\/\/api.w.org\/{rel}","templated":true}]}}