{"id":6137,"date":"2023-06-21T16:38:14","date_gmt":"2023-06-21T14:38:14","guid":{"rendered":"https:\/\/secihouse.lt\/?post_type=product&#038;p=6137"},"modified":"2024-10-01T18:13:10","modified_gmt":"2024-10-01T16:13:10","slug":"maileg-lyginimo-lenta","status":"publish","type":"product","link":"https:\/\/secihouse.lt\/index.php\/product\/maileg-lyginimo-lenta\/","title":{"rendered":"MAILEG Lyginimo lenta"},"content":{"rendered":"<p>Lyginimo lenta kartu su lygintuvu. Tai taps dar \u012fdomesnis \u017eaidimas ir labiau leis susipa\u017einti ma\u017eyliui su kasdienyb\u0117s ypatumais.<\/p>\n<p>&nbsp;<\/p>\n<p><strong>Dydis:\u00a0<\/strong>H13cm x 20cm<\/p>\n<p><strong>Rekomenduojamas am\u017eius: <\/strong>3+ met\u0173<\/p>\n<p><strong>Prie\u017ei\u016bra:\u00a0<\/strong>Pavir\u0161iaus valymas<\/p>\n<p><strong>Med\u017eiaga:<\/strong>\u00a0Metalas\/ Medviln\u0117<\/p>\n<p>&nbsp;<\/p>\n","protected":false},"excerpt":{"rendered":"<p>Lyginimo lenta kartu su lygintuvu. Tai taps dar \u012fdomesnis \u017eaidimas ir labiau leis susipa\u017einti ma\u017eyliui su kasdienyb\u0117s ypatumais. &nbsp; Dydis:\u00a0H13cm x 20cm Rekomenduojamas am\u017eius: 3+ met\u0173 Prie\u017ei\u016bra:\u00a0Pavir\u0161iaus valymas Med\u017eiaga:\u00a0Metalas\/ Medviln\u0117 &nbsp;<\/p>\n","protected":false},"featured_media":6138,"template":"","meta":[],"product_brand":[],"product_cat":[61,186],"product_tag":[],"class_list":{"0":"post-6137","1":"product","2":"type-product","3":"status-publish","4":"has-post-thumbnail","6":"product_cat-maileg-kolekcija","7":"product_cat-naujienos","8":"","10":"first","11":"instock","12":"taxable","13":"shipping-taxable","14":"purchasable","15":"product-type-simple"},"_links":{"self":[{"href":"https:\/\/secihouse.lt\/index.php\/wp-json\/wp\/v2\/product\/6137","targetHints":{"allow":["GET"]}}],"collection":[{"href":"https:\/\/secihouse.lt\/index.php\/wp-json\/wp\/v2\/product"}],"about":[{"href":"https:\/\/secihouse.lt\/index.php\/wp-json\/wp\/v2\/types\/product"}],"wp:featuredmedia":[{"embeddable":true,"href":"https:\/\/secihouse.lt\/index.php\/wp-json\/wp\/v2\/media\/6138"}],"wp:attachment":[{"href":"https:\/\/secihouse.lt\/index.php\/wp-json\/wp\/v2\/media?parent=6137"}],"wp:term":[{"taxonomy":"product_brand","embeddable":true,"href":"https:\/\/secihouse.lt\/index.php\/wp-json\/wp\/v2\/product_brand?post=6137"},{"taxonomy":"product_cat","embeddable":true,"href":"https:\/\/secihouse.lt\/index.php\/wp-json\/wp\/v2\/product_cat?post=6137"},{"taxonomy":"product_tag","embeddable":true,"href":"https:\/\/secihouse.lt\/index.php\/wp-json\/wp\/v2\/product_tag?post=6137"}],"curies":[{"name":"wp","href":"https:\/\/api.w.org\/{rel}","templated":true}]}}