{"id":6038,"date":"2023-05-21T21:32:26","date_gmt":"2023-05-21T19:32:26","guid":{"rendered":"https:\/\/secihouse.lt\/?post_type=product&#038;p=6038"},"modified":"2023-07-26T11:55:43","modified_gmt":"2023-07-26T09:55:43","slug":"minikane-lele-nora","status":"publish","type":"product","link":"https:\/\/secihouse.lt\/index.php\/product\/minikane-lele-nora\/","title":{"rendered":"Minikane Amigas l\u0117l\u0117 &#8211; Nora"},"content":{"rendered":"<p>Ie\u0161kote l\u0117lyt\u0117s dovan\u0173 ? \u0160i l\u0117lyt\u0117 bus puiki dovan\u0117l\u0117, kuri atne\u0161 daug d\u017eiaugsmo! Vaikutis gal\u0117s \u0161ukuoti plaukus ir daryti \u012fvairias \u0161ukuosenas, o taip pat r\u016bpintis ir bes\u0105lygi\u0161kai myl\u0117ti.<\/p>\n<p>Taip pat l\u0117lyt\u0117s priedus, kaip drabu\u017e\u0117lius, batukus taip pat rasite SeciHouse parduotuv\u0117l\u0117je. L\u0117lyt\u0117 pateikiama tik su aptiniais.<\/p>\n<p><strong>APIE L\u0116LYT\u0118:<\/strong><\/p>\n<p>L\u0117lyt\u0117 i\u0161 vinilo korpuso, be joki\u0173 ftalat\u0173. Plauku\u010diai implantuoti rankomis.<\/p>\n<p><strong>Dydis:<\/strong> 32cm<\/p>\n","protected":false},"excerpt":{"rendered":"<p>Ie\u0161kote l\u0117lyt\u0117s dovan\u0173 ? \u0160i l\u0117lyt\u0117 bus puiki dovan\u0117l\u0117, kuri atne\u0161 daug d\u017eiaugsmo! Vaikutis gal\u0117s \u0161ukuoti plaukus ir daryti \u012fvairias \u0161ukuosenas, o taip pat r\u016bpintis ir bes\u0105lygi\u0161kai myl\u0117ti. Taip pat l\u0117lyt\u0117s priedus, kaip drabu\u017e\u0117lius, batukus taip pat rasite SeciHouse parduotuv\u0117l\u0117je. L\u0117lyt\u0117 pateikiama tik su aptiniais. APIE L\u0116LYT\u0118: L\u0117lyt\u0117 i\u0161 vinilo korpuso, be joki\u0173 ftalat\u0173. Plauku\u010diai [&hellip;]<\/p>\n","protected":false},"featured_media":6039,"template":"","meta":[],"product_brand":[],"product_cat":[186,66],"product_tag":[184,260,254,259,261,262,42,178],"class_list":{"0":"post-6038","1":"product","2":"type-product","3":"status-publish","4":"has-post-thumbnail","6":"product_cat-naujienos","7":"product_cat-zaislai","8":"product_tag-lele","9":"product_tag-lele-minikane","10":"product_tag-lelyte","11":"product_tag-minikane","12":"product_tag-naujiena","13":"product_tag-vaikams","14":"product_tag-zaislai","15":"product_tag-zaislas","16":"","18":"first","19":"instock","20":"taxable","21":"shipping-taxable","22":"purchasable","23":"product-type-simple"},"_links":{"self":[{"href":"https:\/\/secihouse.lt\/index.php\/wp-json\/wp\/v2\/product\/6038","targetHints":{"allow":["GET"]}}],"collection":[{"href":"https:\/\/secihouse.lt\/index.php\/wp-json\/wp\/v2\/product"}],"about":[{"href":"https:\/\/secihouse.lt\/index.php\/wp-json\/wp\/v2\/types\/product"}],"wp:featuredmedia":[{"embeddable":true,"href":"https:\/\/secihouse.lt\/index.php\/wp-json\/wp\/v2\/media\/6039"}],"wp:attachment":[{"href":"https:\/\/secihouse.lt\/index.php\/wp-json\/wp\/v2\/media?parent=6038"}],"wp:term":[{"taxonomy":"product_brand","embeddable":true,"href":"https:\/\/secihouse.lt\/index.php\/wp-json\/wp\/v2\/product_brand?post=6038"},{"taxonomy":"product_cat","embeddable":true,"href":"https:\/\/secihouse.lt\/index.php\/wp-json\/wp\/v2\/product_cat?post=6038"},{"taxonomy":"product_tag","embeddable":true,"href":"https:\/\/secihouse.lt\/index.php\/wp-json\/wp\/v2\/product_tag?post=6038"}],"curies":[{"name":"wp","href":"https:\/\/api.w.org\/{rel}","templated":true}]}}