{"id":5870,"date":"2023-04-06T17:57:59","date_gmt":"2023-04-06T15:57:59","guid":{"rendered":"https:\/\/secihouse.lt\/?post_type=product&#038;p=5870"},"modified":"2024-09-22T15:19:34","modified_gmt":"2024-09-22T13:19:34","slug":"konges-slojd-duru-stabdis-dino","status":"publish","type":"product","link":"https:\/\/secihouse.lt\/index.php\/product\/konges-slojd-duru-stabdis-dino\/","title":{"rendered":"Konges Slojd dur\u0173 stabdis &#8211; Dino"},"content":{"rendered":"<p>Kad pir\u0161tukai b\u016bt\u0173 saug\u016bs, tai pad\u0117s apsisaugoti dur\u0173 stabdytuvas dinozauriukas.<\/p>\n<p>Taip gal\u0117site jaustis saugiau, \u017einant, kad ma\u017eylis neprisivers pir\u0161tuku darin\u0117jantis duris.<\/p>\n<p>&nbsp;<\/p>\n<p><strong>Dydis:<\/strong>\u00a0H: 8,1 cm x W: 6,1 cm x L: 13,6 cm<\/p>\n<p><strong>Med\u017eiaga:\u00a0<\/strong>100% silikonas<\/p>\n","protected":false},"excerpt":{"rendered":"<p>Kad pir\u0161tukai b\u016bt\u0173 saug\u016bs, tai pad\u0117s apsisaugoti dur\u0173 stabdytuvas dinozauriukas. Taip gal\u0117site jaustis saugiau, \u017einant, kad ma\u017eylis neprisivers pir\u0161tuku darin\u0117jantis duris. &nbsp; Dydis:\u00a0H: 8,1 cm x W: 6,1 cm x L: 13,6 cm Med\u017eiaga:\u00a0100% silikonas<\/p>\n","protected":false},"featured_media":5871,"template":"","meta":[],"product_brand":[],"product_cat":[186,243],"product_tag":[],"class_list":{"0":"post-5870","1":"product","2":"type-product","3":"status-publish","4":"has-post-thumbnail","6":"product_cat-naujienos","7":"product_cat-vaiku-kambarys","8":"","10":"first","11":"instock","12":"taxable","13":"shipping-taxable","14":"purchasable","15":"product-type-simple"},"_links":{"self":[{"href":"https:\/\/secihouse.lt\/index.php\/wp-json\/wp\/v2\/product\/5870","targetHints":{"allow":["GET"]}}],"collection":[{"href":"https:\/\/secihouse.lt\/index.php\/wp-json\/wp\/v2\/product"}],"about":[{"href":"https:\/\/secihouse.lt\/index.php\/wp-json\/wp\/v2\/types\/product"}],"wp:featuredmedia":[{"embeddable":true,"href":"https:\/\/secihouse.lt\/index.php\/wp-json\/wp\/v2\/media\/5871"}],"wp:attachment":[{"href":"https:\/\/secihouse.lt\/index.php\/wp-json\/wp\/v2\/media?parent=5870"}],"wp:term":[{"taxonomy":"product_brand","embeddable":true,"href":"https:\/\/secihouse.lt\/index.php\/wp-json\/wp\/v2\/product_brand?post=5870"},{"taxonomy":"product_cat","embeddable":true,"href":"https:\/\/secihouse.lt\/index.php\/wp-json\/wp\/v2\/product_cat?post=5870"},{"taxonomy":"product_tag","embeddable":true,"href":"https:\/\/secihouse.lt\/index.php\/wp-json\/wp\/v2\/product_tag?post=5870"}],"curies":[{"name":"wp","href":"https:\/\/api.w.org\/{rel}","templated":true}]}}