{"id":5844,"date":"2023-04-04T12:00:46","date_gmt":"2023-04-04T10:00:46","guid":{"rendered":"https:\/\/secihouse.lt\/?post_type=product&#038;p=5844"},"modified":"2024-08-15T18:42:42","modified_gmt":"2024-08-15T16:42:42","slug":"svoora-3d-akniu-rites-misko-muzikantai","status":"publish","type":"product","link":"https:\/\/secihouse.lt\/index.php\/product\/svoora-3d-akniu-rites-misko-muzikantai\/","title":{"rendered":"SVOORA 3D akni\u0173 rit\u0117s &#8211; mi\u0161ko muzikantai"},"content":{"rendered":"<p>I\u0161nagrin\u0117kime nuostabi\u0105 istorij\u0105 su nauja \u201eMi\u0161ko muzikantai\u201c rite!<\/p>\n<p>Vaizd\u0173 turinio apra\u0161ymas gali sudaryti daugyb\u0119 skirting\u0173 istorij\u0173, kurios lavina vaizduot\u0119, lavina steb\u0117jim\u0105, ple\u010dia k\u016brybi\u0161kum\u0105 ir padeda vaikui susikaupti ties konkre\u010dia tema! Kiekviename rit\u0117s pakete yra ma\u017ea knygel\u0117 su visais vaizdais, kuriuos vienu metu galima tyrin\u0117ti kartu su vaikais, taip sustiprinant tarpusavio ry\u0161\u012f!<\/p>\n<p><strong>Dydis: <\/strong>9\u00a0x 9 x 9cm<\/p>\n<p><strong>Rekomenduojamas am\u017eius:\u00a0<\/strong>3+ met\u0173<\/p>\n<p>&nbsp;<\/p>\n","protected":false},"excerpt":{"rendered":"<p>I\u0161nagrin\u0117kime nuostabi\u0105 istorij\u0105 su nauja \u201eMi\u0161ko muzikantai\u201c rite! Vaizd\u0173 turinio apra\u0161ymas gali sudaryti daugyb\u0119 skirting\u0173 istorij\u0173, kurios lavina vaizduot\u0119, lavina steb\u0117jim\u0105, ple\u010dia k\u016brybi\u0161kum\u0105 ir padeda vaikui susikaupti ties konkre\u010dia tema! Kiekviename rit\u0117s pakete yra ma\u017ea knygel\u0117 su visais vaizdais, kuriuos vienu metu galima tyrin\u0117ti kartu su vaikais, taip sustiprinant tarpusavio ry\u0161\u012f! Dydis: 9\u00a0x 9 x [&hellip;]<\/p>\n","protected":false},"featured_media":5845,"template":"","meta":[],"product_brand":[],"product_cat":[186,66],"product_tag":[228,233,234,231,230,232,229,42],"class_list":{"0":"post-5844","1":"product","2":"type-product","3":"status-publish","4":"has-post-thumbnail","6":"product_cat-naujienos","7":"product_cat-zaislai","8":"product_tag-akiniai","9":"product_tag-fotoapratas","10":"product_tag-istorijos-rites","11":"product_tag-rites","12":"product_tag-svoora","13":"product_tag-zaidimas","14":"product_tag-zaidimas-akiniai","15":"product_tag-zaislai","16":"","18":"first","19":"instock","20":"taxable","21":"shipping-taxable","22":"purchasable","23":"product-type-simple"},"_links":{"self":[{"href":"https:\/\/secihouse.lt\/index.php\/wp-json\/wp\/v2\/product\/5844","targetHints":{"allow":["GET"]}}],"collection":[{"href":"https:\/\/secihouse.lt\/index.php\/wp-json\/wp\/v2\/product"}],"about":[{"href":"https:\/\/secihouse.lt\/index.php\/wp-json\/wp\/v2\/types\/product"}],"wp:featuredmedia":[{"embeddable":true,"href":"https:\/\/secihouse.lt\/index.php\/wp-json\/wp\/v2\/media\/5845"}],"wp:attachment":[{"href":"https:\/\/secihouse.lt\/index.php\/wp-json\/wp\/v2\/media?parent=5844"}],"wp:term":[{"taxonomy":"product_brand","embeddable":true,"href":"https:\/\/secihouse.lt\/index.php\/wp-json\/wp\/v2\/product_brand?post=5844"},{"taxonomy":"product_cat","embeddable":true,"href":"https:\/\/secihouse.lt\/index.php\/wp-json\/wp\/v2\/product_cat?post=5844"},{"taxonomy":"product_tag","embeddable":true,"href":"https:\/\/secihouse.lt\/index.php\/wp-json\/wp\/v2\/product_tag?post=5844"}],"curies":[{"name":"wp","href":"https:\/\/api.w.org\/{rel}","templated":true}]}}