{"id":5836,"date":"2023-04-04T11:44:57","date_gmt":"2023-04-04T09:44:57","guid":{"rendered":"https:\/\/secihouse.lt\/?post_type=product&#038;p=5836"},"modified":"2025-12-11T22:10:38","modified_gmt":"2025-12-11T20:10:38","slug":"svoora-3d-akniai-iskaiciuota-2-ritines","status":"publish","type":"product","link":"https:\/\/secihouse.lt\/index.php\/product\/svoora-3d-akniai-iskaiciuota-2-ritines\/","title":{"rendered":"SVOORA 3D akniai ( \u012fskai\u010diuota 2 ritin\u0117s )"},"content":{"rendered":"<p>3D akiniai patiks kiekvienam vaikui ir net t\u0117veliams! \u00a0Tikriausiai kai kurie t\u0117veliai tur\u0117jo pana\u0161ius akinius per kuriuos galima buvo steb\u0117ti gra\u017eiausius animacinius paveiksliukus, kurie suteikdavo daug d\u017eiaugsmo :). Ir \u0161tai sugr\u012f\u017eo nuostabus \u017eaidimas , kuris primena vinta\u017ein\u0119 i\u0161vaizd\u0105 ir patobulintomis optin\u0117mis funkcijomis.<\/p>\n<p>\u0160ie akiniai lavins vaizduot\u0119 ir kiekvienai nuotraukai vaikas gal\u0117s suteikti skirting\u0105 reik\u0161m\u0119. \u012e paket\u0105 \u012feina dvi rit\u0117s, o taip pat galima \u012fsigyti papildym\u0105, kur\u012f rasite SeciHouse parduotuv\u0117l\u0117je.<\/p>\n<p>Linksmyb\u0117s valand\u0173 valandas !<\/p>\n<p><strong>Dydis:\u00a0<\/strong>12.7 x 7 x 9.5cm<\/p>\n<p><strong>Rekomenduojamas am\u017eius:\u00a0<\/strong>3+ met\u0173<\/p>\n","protected":false},"excerpt":{"rendered":"<p>3D akiniai patiks kiekvienam vaikui ir net t\u0117veliams! \u00a0Tikriausiai kai kurie t\u0117veliai tur\u0117jo pana\u0161ius akinius per kuriuos galima buvo steb\u0117ti gra\u017eiausius animacinius paveiksliukus, kurie suteikdavo daug d\u017eiaugsmo :). Ir \u0161tai sugr\u012f\u017eo nuostabus \u017eaidimas , kuris primena vinta\u017ein\u0119 i\u0161vaizd\u0105 ir patobulintomis optin\u0117mis funkcijomis. \u0160ie akiniai lavins vaizduot\u0119 ir kiekvienai nuotraukai vaikas gal\u0117s suteikti skirting\u0105 reik\u0161m\u0119. \u012e [&hellip;]<\/p>\n","protected":false},"featured_media":5837,"template":"","meta":[],"product_brand":[],"product_cat":[186,66],"product_tag":[228,233,231,230,232,229,42],"class_list":{"0":"post-5836","1":"product","2":"type-product","3":"status-publish","4":"has-post-thumbnail","6":"product_cat-naujienos","7":"product_cat-zaislai","8":"product_tag-akiniai","9":"product_tag-fotoapratas","10":"product_tag-rites","11":"product_tag-svoora","12":"product_tag-zaidimas","13":"product_tag-zaidimas-akiniai","14":"product_tag-zaislai","15":"","17":"first","18":"instock","19":"taxable","20":"shipping-taxable","21":"purchasable","22":"product-type-simple"},"_links":{"self":[{"href":"https:\/\/secihouse.lt\/index.php\/wp-json\/wp\/v2\/product\/5836","targetHints":{"allow":["GET"]}}],"collection":[{"href":"https:\/\/secihouse.lt\/index.php\/wp-json\/wp\/v2\/product"}],"about":[{"href":"https:\/\/secihouse.lt\/index.php\/wp-json\/wp\/v2\/types\/product"}],"wp:featuredmedia":[{"embeddable":true,"href":"https:\/\/secihouse.lt\/index.php\/wp-json\/wp\/v2\/media\/5837"}],"wp:attachment":[{"href":"https:\/\/secihouse.lt\/index.php\/wp-json\/wp\/v2\/media?parent=5836"}],"wp:term":[{"taxonomy":"product_brand","embeddable":true,"href":"https:\/\/secihouse.lt\/index.php\/wp-json\/wp\/v2\/product_brand?post=5836"},{"taxonomy":"product_cat","embeddable":true,"href":"https:\/\/secihouse.lt\/index.php\/wp-json\/wp\/v2\/product_cat?post=5836"},{"taxonomy":"product_tag","embeddable":true,"href":"https:\/\/secihouse.lt\/index.php\/wp-json\/wp\/v2\/product_tag?post=5836"}],"curies":[{"name":"wp","href":"https:\/\/api.w.org\/{rel}","templated":true}]}}