{"id":5653,"date":"2023-03-12T19:43:27","date_gmt":"2023-03-12T17:43:27","guid":{"rendered":"https:\/\/secihouse.lt\/?post_type=product&#038;p=5653"},"modified":"2026-02-15T20:56:08","modified_gmt":"2026-02-15T18:56:08","slug":"liewood-maudyniu-zaislai-dino","status":"publish","type":"product","link":"https:\/\/secihouse.lt\/index.php\/product\/liewood-maudyniu-zaislai-dino\/","title":{"rendered":"LIEWOOD Maudyni\u0173 \u017eaislai &#8211; Dino"},"content":{"rendered":"<p>Dinozaurai maudyni\u0173 meta pavers tikru nuotyki\u0173 pasauliu. Tai yra nuostabi\u0173 form\u0173 \u017eaislai, kurie pagaminti 100% nat\u016bralios gumos. \u017daisliukai vandenyje pl\u016bduruoja ir juos bus lengva sugriebti bei laikyti.<\/p>\n<p>&nbsp;<\/p>\n<p><strong>Med\u017eiaga:\u00a0<\/strong>100% naturali guma<\/p>\n<p><strong>Rekomenduojamas am\u017eius:\u00a0<\/strong>0+ m\u0117n.<\/p>\n<p>&nbsp;<\/p>\n","protected":false},"excerpt":{"rendered":"<p>Dinozaurai maudyni\u0173 meta pavers tikru nuotyki\u0173 pasauliu. Tai yra nuostabi\u0173 form\u0173 \u017eaislai, kurie pagaminti 100% nat\u016bralios gumos. \u017daisliukai vandenyje pl\u016bduruoja ir juos bus lengva sugriebti bei laikyti. &nbsp; Med\u017eiaga:\u00a0100% naturali guma Rekomenduojamas am\u017eius:\u00a00+ m\u0117n. &nbsp;<\/p>\n","protected":false},"featured_media":5654,"template":"","meta":[],"product_brand":[],"product_cat":[63],"product_tag":[156,197,155,195,194,196,42],"class_list":{"0":"post-5653","1":"product","2":"type-product","3":"status-publish","4":"has-post-thumbnail","6":"product_cat-laikas-maudynems","7":"product_tag-liewood","8":"product_tag-liewood-vandens-zaislai","9":"product_tag-liewood-zaislai","10":"product_tag-maudynes","11":"product_tag-maudyniu-zaislai","12":"product_tag-vandens-zaislai","13":"product_tag-zaislai","14":"","16":"first","17":"instock","18":"taxable","19":"shipping-taxable","20":"purchasable","21":"product-type-simple"},"_links":{"self":[{"href":"https:\/\/secihouse.lt\/index.php\/wp-json\/wp\/v2\/product\/5653","targetHints":{"allow":["GET"]}}],"collection":[{"href":"https:\/\/secihouse.lt\/index.php\/wp-json\/wp\/v2\/product"}],"about":[{"href":"https:\/\/secihouse.lt\/index.php\/wp-json\/wp\/v2\/types\/product"}],"wp:featuredmedia":[{"embeddable":true,"href":"https:\/\/secihouse.lt\/index.php\/wp-json\/wp\/v2\/media\/5654"}],"wp:attachment":[{"href":"https:\/\/secihouse.lt\/index.php\/wp-json\/wp\/v2\/media?parent=5653"}],"wp:term":[{"taxonomy":"product_brand","embeddable":true,"href":"https:\/\/secihouse.lt\/index.php\/wp-json\/wp\/v2\/product_brand?post=5653"},{"taxonomy":"product_cat","embeddable":true,"href":"https:\/\/secihouse.lt\/index.php\/wp-json\/wp\/v2\/product_cat?post=5653"},{"taxonomy":"product_tag","embeddable":true,"href":"https:\/\/secihouse.lt\/index.php\/wp-json\/wp\/v2\/product_tag?post=5653"}],"curies":[{"name":"wp","href":"https:\/\/api.w.org\/{rel}","templated":true}]}}