{"id":5603,"date":"2023-03-02T16:55:28","date_gmt":"2023-03-02T14:55:28","guid":{"rendered":"https:\/\/secihouse.lt\/?post_type=product&#038;p=5603"},"modified":"2023-05-22T19:14:45","modified_gmt":"2023-05-22T17:14:45","slug":"little-dutch-gydytojo-rinkinys-jim","status":"publish","type":"product","link":"https:\/\/secihouse.lt\/index.php\/product\/little-dutch-gydytojo-rinkinys-jim\/","title":{"rendered":"LITTLE DUTCH Gydytojo rinkinys &#8211; Jim"},"content":{"rendered":"<p>\u017daismingas gydytoj\u0173 rinkinukas, kuris patiks berniukams tiek mergait\u0117ms! \u00a0Tai \u017eaisliukas, kuris \u012ftrauks \u012f gydytoj\u0173 vaidmen\u012f ir leis labiau susipa\u017einti su vizitu pas gydytojus, o taip pat rasite \u012fvairiausi\u0173 pried\u0173, kurie visi susideda \u012f vien\u0105 mink\u0161t\u0105 lagamin\u0117l\u012f.<\/p>\n<p><strong>Rekomenduojamas am\u017eius: \u00a0<\/strong>12m.+ am\u017eiaus<\/p>\n<p><strong>Sud\u0117tis<\/strong>: 100% Poliesteris<\/p>\n<p><strong>Prie\u017ei\u016bra:\u00a0<\/strong>Galima skalbti skalbimo ma\u0161inoje:\u00a030\u00b0C<\/p>\n<p>&nbsp;<\/p>\n","protected":false},"excerpt":{"rendered":"<p>\u017daismingas gydytoj\u0173 rinkinukas, kuris patiks berniukams tiek mergait\u0117ms! \u00a0Tai \u017eaisliukas, kuris \u012ftrauks \u012f gydytoj\u0173 vaidmen\u012f ir leis labiau susipa\u017einti su vizitu pas gydytojus, o taip pat rasite \u012fvairiausi\u0173 pried\u0173, kurie visi susideda \u012f vien\u0105 mink\u0161t\u0105 lagamin\u0117l\u012f. Rekomenduojamas am\u017eius: \u00a012m.+ am\u017eiaus Sud\u0117tis: 100% Poliesteris Prie\u017ei\u016bra:\u00a0Galima skalbti skalbimo ma\u0161inoje:\u00a030\u00b0C &nbsp;<\/p>\n","protected":false},"featured_media":5604,"template":"","meta":[],"product_brand":[],"product_cat":[66],"product_tag":[184,185,182,183,42],"class_list":{"0":"post-5603","1":"product","2":"type-product","3":"status-publish","4":"has-post-thumbnail","6":"product_cat-zaislai","7":"product_tag-lele","8":"product_tag-leles-rinkinys","9":"product_tag-little-dutch","10":"product_tag-little-dutch-lele","11":"product_tag-zaislai","12":"","14":"first","15":"instock","16":"taxable","17":"shipping-taxable","18":"purchasable","19":"product-type-simple"},"_links":{"self":[{"href":"https:\/\/secihouse.lt\/index.php\/wp-json\/wp\/v2\/product\/5603","targetHints":{"allow":["GET"]}}],"collection":[{"href":"https:\/\/secihouse.lt\/index.php\/wp-json\/wp\/v2\/product"}],"about":[{"href":"https:\/\/secihouse.lt\/index.php\/wp-json\/wp\/v2\/types\/product"}],"wp:featuredmedia":[{"embeddable":true,"href":"https:\/\/secihouse.lt\/index.php\/wp-json\/wp\/v2\/media\/5604"}],"wp:attachment":[{"href":"https:\/\/secihouse.lt\/index.php\/wp-json\/wp\/v2\/media?parent=5603"}],"wp:term":[{"taxonomy":"product_brand","embeddable":true,"href":"https:\/\/secihouse.lt\/index.php\/wp-json\/wp\/v2\/product_brand?post=5603"},{"taxonomy":"product_cat","embeddable":true,"href":"https:\/\/secihouse.lt\/index.php\/wp-json\/wp\/v2\/product_cat?post=5603"},{"taxonomy":"product_tag","embeddable":true,"href":"https:\/\/secihouse.lt\/index.php\/wp-json\/wp\/v2\/product_tag?post=5603"}],"curies":[{"name":"wp","href":"https:\/\/api.w.org\/{rel}","templated":true}]}}