{"id":5557,"date":"2023-02-14T23:01:54","date_gmt":"2023-02-14T21:01:54","guid":{"rendered":"https:\/\/secihouse.lt\/?post_type=product&#038;p=5557"},"modified":"2024-01-02T13:43:28","modified_gmt":"2024-01-02T11:43:28","slug":"liewood-yang-gertuve-500ml","status":"publish","type":"product","link":"https:\/\/secihouse.lt\/index.php\/product\/liewood-yang-gertuve-500ml\/","title":{"rendered":"LIEWOOD &#8211; Yang Gertuv\u0117 500ml"},"content":{"rendered":"<p><span class=\"x4k7w5x x1h91t0o x1h9r5lt xv2umb2 x1beo9mf xaigb6o x12ejxvf x3igimt xarpa2k xedcshv x1lytzrv x1t2pt76 x7ja8zs x1qrby5j x1jfb8zj\">Apib\u016bdinimas: <\/span><\/p>\n<p>Labai retai geriate vandens? \u0160is vandens buteliukas puikus sprendimas skatinti gerti vandens JAU DABAR! Jo permatomas dizainas leis steb\u0117ti kiek per dien\u0105 suvartojate skys\u010di\u0173.<\/p>\n<p>&nbsp;<\/p>\n<p><span class=\"x4k7w5x x1h91t0o x1h9r5lt xv2umb2 x1beo9mf xaigb6o x12ejxvf x3igimt xarpa2k xedcshv x1lytzrv x1t2pt76 x7ja8zs x1qrby5j x1jfb8zj\">* Med\u017eiaga: 100% nat\u016brali guma.\u00a0<\/span><\/p>\n<p><span class=\"x4k7w5x x1h91t0o x1h9r5lt xv2umb2 x1beo9mf xaigb6o x12ejxvf x3igimt xarpa2k xedcshv x1lytzrv x1t2pt76 x7ja8zs x1qrby5j x1jfb8zj\">* Lengva valyti<\/span><\/p>\n<p>&nbsp;<\/p>\n<p><span class=\"x4k7w5x x1h91t0o x1h9r5lt xv2umb2 x1beo9mf xaigb6o x12ejxvf x3igimt xarpa2k xedcshv x1lytzrv x1t2pt76 x7ja8zs x1qrby5j x1jfb8zj\">Matmenys: SKERSMUO 7.3cm, AUK\u0160TIS 21cm, TALPA 5OOml<\/span><\/p>\n<p><span class=\"x4k7w5x x1h91t0o x1h9r5lt xv2umb2 x1beo9mf xaigb6o x12ejxvf x3igimt xarpa2k xedcshv x1lytzrv x1t2pt76 x7ja8zs x1qrby5j x1jfb8zj\">\u00a0<\/span><\/p>\n<p><span class=\"x4k7w5x x1h91t0o x1h9r5lt xv2umb2 x1beo9mf xaigb6o x12ejxvf x3igimt xarpa2k xedcshv x1lytzrv x1t2pt76 x7ja8zs x1qrby5j x1jfb8zj\">Med\u017eiagos savyb\u0117s:<\/span><\/p>\n<p><span class=\"x4k7w5x x1h91t0o x1h9r5lt xv2umb2 x1beo9mf xaigb6o x12ejxvf x3igimt xarpa2k xedcshv x1lytzrv x1t2pt76 x7ja8zs x1qrby5j x1jfb8zj\">* Be kenksming\u0173 chemini\u0173 med\u017eiag\u0173<\/span><\/p>\n<p>&nbsp;<\/p>\n<p>&nbsp;<\/p>\n","protected":false},"excerpt":{"rendered":"<p>Apib\u016bdinimas: Labai retai geriate vandens? \u0160is vandens buteliukas puikus sprendimas skatinti gerti vandens JAU DABAR! Jo permatomas dizainas leis steb\u0117ti kiek per dien\u0105 suvartojate skys\u010di\u0173. &nbsp; * Med\u017eiaga: 100% nat\u016brali guma.\u00a0 * Lengva valyti &nbsp; Matmenys: SKERSMUO 7.3cm, AUK\u0160TIS 21cm, TALPA 5OOml \u00a0 Med\u017eiagos savyb\u0117s: * Be kenksming\u0173 chemini\u0173 med\u017eiag\u0173 &nbsp; &nbsp;<\/p>\n","protected":false},"featured_media":5558,"template":"","meta":[],"product_brand":[],"product_cat":[65],"product_tag":[165,166,164,156,163],"class_list":{"0":"post-5557","1":"product","2":"type-product","3":"status-publish","4":"has-post-thumbnail","6":"product_cat-laikas-pietums","7":"product_tag-gertuve","8":"product_tag-gertuve-500ml","9":"product_tag-laikas-pietums","10":"product_tag-liewood","11":"product_tag-liewood-gertuve","12":"","14":"first","15":"instock","16":"taxable","17":"shipping-taxable","18":"purchasable","19":"product-type-simple"},"_links":{"self":[{"href":"https:\/\/secihouse.lt\/index.php\/wp-json\/wp\/v2\/product\/5557","targetHints":{"allow":["GET"]}}],"collection":[{"href":"https:\/\/secihouse.lt\/index.php\/wp-json\/wp\/v2\/product"}],"about":[{"href":"https:\/\/secihouse.lt\/index.php\/wp-json\/wp\/v2\/types\/product"}],"wp:featuredmedia":[{"embeddable":true,"href":"https:\/\/secihouse.lt\/index.php\/wp-json\/wp\/v2\/media\/5558"}],"wp:attachment":[{"href":"https:\/\/secihouse.lt\/index.php\/wp-json\/wp\/v2\/media?parent=5557"}],"wp:term":[{"taxonomy":"product_brand","embeddable":true,"href":"https:\/\/secihouse.lt\/index.php\/wp-json\/wp\/v2\/product_brand?post=5557"},{"taxonomy":"product_cat","embeddable":true,"href":"https:\/\/secihouse.lt\/index.php\/wp-json\/wp\/v2\/product_cat?post=5557"},{"taxonomy":"product_tag","embeddable":true,"href":"https:\/\/secihouse.lt\/index.php\/wp-json\/wp\/v2\/product_tag?post=5557"}],"curies":[{"name":"wp","href":"https:\/\/api.w.org\/{rel}","templated":true}]}}