{"id":5418,"date":"2023-02-13T20:18:57","date_gmt":"2023-02-13T18:18:57","guid":{"rendered":"https:\/\/secihouse.lt\/?post_type=product&#038;p=5418"},"modified":"2023-11-12T12:26:38","modified_gmt":"2023-11-12T10:26:38","slug":"maileg-duonine-su-priedais","status":"publish","type":"product","link":"https:\/\/secihouse.lt\/index.php\/product\/maileg-duonine-su-priedais\/","title":{"rendered":"MAILEG Duonin\u0117 su priedais"},"content":{"rendered":"<p>\u0160\u012f miniati\u016brin\u012f \u017eaidimo rinkin\u012f sudaro duonos d\u0117\u017eut\u0117, pus\u0117 duonos ir 3 riekel\u0117s, pjaustymo lentel\u0117 ir peilis.<\/p>\n<p>&nbsp;<\/p>\n<p><strong>Dydis:\u00a0<\/strong>H4cm x 8cm<\/p>\n<p><strong>Rekomenduojamas am\u017eius: <\/strong>3+ met\u0173<\/p>\n<p><strong>Prie\u017ei\u016bra:\u00a0<\/strong>Pavir\u0161iaus valymas<\/p>\n<p><strong>Med\u017eiaga:<\/strong>\u00a0Metalas, Medis<\/p>\n","protected":false},"excerpt":{"rendered":"<p>\u0160\u012f miniati\u016brin\u012f \u017eaidimo rinkin\u012f sudaro duonos d\u0117\u017eut\u0117, pus\u0117 duonos ir 3 riekel\u0117s, pjaustymo lentel\u0117 ir peilis. &nbsp; Dydis:\u00a0H4cm x 8cm Rekomenduojamas am\u017eius: 3+ met\u0173 Prie\u017ei\u016bra:\u00a0Pavir\u0161iaus valymas Med\u017eiaga:\u00a0Metalas, Medis<\/p>\n","protected":false},"featured_media":5419,"template":"","meta":[],"product_brand":[],"product_cat":[61],"product_tag":[43,90,92,72,76],"class_list":{"0":"post-5418","1":"product","2":"type-product","3":"status-publish","4":"has-post-thumbnail","6":"product_cat-maileg-kolekcija","7":"product_tag-maileg","8":"product_tag-maileg-aksesuaras","9":"product_tag-maileg-duonene","10":"product_tag-maileg-kolekcija","11":"product_tag-maileg-maistas","12":"","14":"first","15":"instock","16":"taxable","17":"shipping-taxable","18":"purchasable","19":"product-type-simple"},"_links":{"self":[{"href":"https:\/\/secihouse.lt\/index.php\/wp-json\/wp\/v2\/product\/5418","targetHints":{"allow":["GET"]}}],"collection":[{"href":"https:\/\/secihouse.lt\/index.php\/wp-json\/wp\/v2\/product"}],"about":[{"href":"https:\/\/secihouse.lt\/index.php\/wp-json\/wp\/v2\/types\/product"}],"wp:featuredmedia":[{"embeddable":true,"href":"https:\/\/secihouse.lt\/index.php\/wp-json\/wp\/v2\/media\/5419"}],"wp:attachment":[{"href":"https:\/\/secihouse.lt\/index.php\/wp-json\/wp\/v2\/media?parent=5418"}],"wp:term":[{"taxonomy":"product_brand","embeddable":true,"href":"https:\/\/secihouse.lt\/index.php\/wp-json\/wp\/v2\/product_brand?post=5418"},{"taxonomy":"product_cat","embeddable":true,"href":"https:\/\/secihouse.lt\/index.php\/wp-json\/wp\/v2\/product_cat?post=5418"},{"taxonomy":"product_tag","embeddable":true,"href":"https:\/\/secihouse.lt\/index.php\/wp-json\/wp\/v2\/product_tag?post=5418"}],"curies":[{"name":"wp","href":"https:\/\/api.w.org\/{rel}","templated":true}]}}