{"id":5334,"date":"2023-02-03T14:23:06","date_gmt":"2023-02-03T12:23:06","guid":{"rendered":"https:\/\/secihouse.lt\/?post_type=product&#038;p=5334"},"modified":"2023-09-13T21:31:41","modified_gmt":"2023-09-13T19:31:41","slug":"liewood-klasikinis-peliukas-blue-fog","status":"publish","type":"product","link":"https:\/\/secihouse.lt\/index.php\/product\/liewood-klasikinis-peliukas-blue-fog\/","title":{"rendered":"LIEWOOD &#8211; Klasikinis Peliukas Blue Fog"},"content":{"rendered":"<p>Susipa\u017einkite su nuostabiu peliuku, kuriam lemta tapti naujuoju geriausiu J\u016bs\u0173 vaiku\u010dio draugu.<br \/>\nPagaminta i\u0161 \u0161velniausios 100% ekologi\u0161kos pliu\u0161in\u0117s medviln\u0117s ir su etikete kurioje galima \u012fra\u0161yti J\u016bs\u0173 vaiku\u010dio vard\u0105.<\/p>\n<p>* Med\u017eiaga: 100% organin\u0117 medviln\u0117<br \/>\n* Med\u017eiagos u\u017epildas: 100% perdirbtas poliesteris<br \/>\n* Pa\u017eym\u0117ta CE \u017eenklu<\/p>\n<p>Matmenys: 28cm<\/p>\n<p>MED\u017dIAGA:<\/p>\n<p>Med\u017eiagos savyb\u0117s:<br \/>\n* Be kenksming\u0173 chemini\u0173 med\u017eiag\u0173<br \/>\n* Mink\u0161tas \/ kokybi\u0161kas<\/p>\n<p>Tvarumas ir Gamyba:<br \/>\nEkologi\u0161ka medviln\u0117 apibr\u0117\u017eiama kaip medviln\u0117, u\u017eauginta nenaudojant joki\u0173 chemini\u0173 med\u017eiag\u0173, toki\u0173 kaip tr\u0105\u0161os ir pesticidai.<\/p>\n<p>Gamybos \u0161alis: Indija<\/p>\n","protected":false},"excerpt":{"rendered":"<p>Susipa\u017einkite su nuostabiu peliuku, kuriam lemta tapti naujuoju geriausiu J\u016bs\u0173 vaiku\u010dio draugu. Pagaminta i\u0161 \u0161velniausios 100% ekologi\u0161kos pliu\u0161in\u0117s medviln\u0117s ir su etikete kurioje galima \u012fra\u0161yti J\u016bs\u0173 vaiku\u010dio vard\u0105. * Med\u017eiaga: 100% organin\u0117 medviln\u0117 * Med\u017eiagos u\u017epildas: 100% perdirbtas poliesteris * Pa\u017eym\u0117ta CE \u017eenklu Matmenys: 28cm MED\u017dIAGA: Med\u017eiagos savyb\u0117s: * Be kenksming\u0173 chemini\u0173 med\u017eiag\u0173 * Mink\u0161tas [&hellip;]<\/p>\n","protected":false},"featured_media":5332,"template":"","meta":[],"product_brand":[],"product_cat":[66],"product_tag":[],"class_list":{"0":"post-5334","1":"product","2":"type-product","3":"status-publish","4":"has-post-thumbnail","6":"product_cat-zaislai","7":"","9":"first","10":"instock","11":"taxable","12":"shipping-taxable","13":"purchasable","14":"product-type-simple"},"_links":{"self":[{"href":"https:\/\/secihouse.lt\/index.php\/wp-json\/wp\/v2\/product\/5334","targetHints":{"allow":["GET"]}}],"collection":[{"href":"https:\/\/secihouse.lt\/index.php\/wp-json\/wp\/v2\/product"}],"about":[{"href":"https:\/\/secihouse.lt\/index.php\/wp-json\/wp\/v2\/types\/product"}],"wp:featuredmedia":[{"embeddable":true,"href":"https:\/\/secihouse.lt\/index.php\/wp-json\/wp\/v2\/media\/5332"}],"wp:attachment":[{"href":"https:\/\/secihouse.lt\/index.php\/wp-json\/wp\/v2\/media?parent=5334"}],"wp:term":[{"taxonomy":"product_brand","embeddable":true,"href":"https:\/\/secihouse.lt\/index.php\/wp-json\/wp\/v2\/product_brand?post=5334"},{"taxonomy":"product_cat","embeddable":true,"href":"https:\/\/secihouse.lt\/index.php\/wp-json\/wp\/v2\/product_cat?post=5334"},{"taxonomy":"product_tag","embeddable":true,"href":"https:\/\/secihouse.lt\/index.php\/wp-json\/wp\/v2\/product_tag?post=5334"}],"curies":[{"name":"wp","href":"https:\/\/api.w.org\/{rel}","templated":true}]}}