{"id":5326,"date":"2023-02-03T13:44:50","date_gmt":"2023-02-03T11:44:50","guid":{"rendered":"https:\/\/secihouse.lt\/?post_type=product&#038;p=5326"},"modified":"2024-09-06T07:14:43","modified_gmt":"2024-09-06T05:14:43","slug":"liewood-vaiku-lovos-baldazas-peach","status":"publish","type":"product","link":"https:\/\/secihouse.lt\/index.php\/product\/liewood-vaiku-lovos-baldazas-peach\/","title":{"rendered":"LIEWOOD &#8211; Vaik\u0173 Lovos Baldakimas Peach"},"content":{"rendered":"<p><span class=\"x4k7w5x x1h91t0o x1h9r5lt xv2umb2 x1beo9mf xaigb6o x12ejxvf x3igimt xarpa2k xedcshv x1lytzrv x1t2pt76 x7ja8zs x1qrby5j x1jfb8zj\">Gra\u017eiai aptrauktas baldakimis kiekvienam vaiku\u010dio miegamajam. I\u0161skirtinis vaik\u0173 kambario interjero dalis, kuris u\u017etikrins smagesnius \u017eaidimus ir nuostabias svajoni\u0173 naktis.<\/span><\/p>\n<p><span class=\"x4k7w5x x1h91t0o x1h9r5lt xv2umb2 x1beo9mf xaigb6o x12ejxvf x3igimt xarpa2k xedcshv x1lytzrv x1t2pt76 x7ja8zs x1qrby5j x1jfb8zj\">* MED\u017dIAGA: 100% organin\u0117 medviln\u0117 Vidinis plieninis \u017eiedas.<\/span><\/p>\n<p><span class=\"x4k7w5x x1h91t0o x1h9r5lt xv2umb2 x1beo9mf xaigb6o x12ejxvf x3igimt xarpa2k xedcshv x1lytzrv x1t2pt76 x7ja8zs x1qrby5j x1jfb8zj\">* MATMENYS: Auk\u0161tis 200cm x plotis 50cm<\/span><\/p>\n<p>&nbsp;<\/p>\n<p><span class=\"x4k7w5x x1h91t0o x1h9r5lt xv2umb2 x1beo9mf xaigb6o x12ejxvf x3igimt xarpa2k xedcshv x1lytzrv x1t2pt76 x7ja8zs x1qrby5j x1jfb8zj\">MED\u017dIAGA <\/span><\/p>\n<p><span class=\"x4k7w5x x1h91t0o x1h9r5lt xv2umb2 x1beo9mf xaigb6o x12ejxvf x3igimt xarpa2k xedcshv x1lytzrv x1t2pt76 x7ja8zs x1qrby5j x1jfb8zj\">\u2014\u2014\u2014\u2014\u2014\u2014\u2014\u2014 <\/span><\/p>\n<p><span class=\"x4k7w5x x1h91t0o x1h9r5lt xv2umb2 x1beo9mf xaigb6o x12ejxvf x3igimt xarpa2k xedcshv x1lytzrv x1t2pt76 x7ja8zs x1qrby5j x1jfb8zj\">Med\u017eiagos savyb\u0117s:<\/span><\/p>\n<p><span class=\"x4k7w5x x1h91t0o x1h9r5lt xv2umb2 x1beo9mf xaigb6o x12ejxvf x3igimt xarpa2k xedcshv x1lytzrv x1t2pt76 x7ja8zs x1qrby5j x1jfb8zj\">* Be kenksming\u0173 chemini\u0173 med\u017eiag\u0173<\/span><\/p>\n<p><span class=\"x4k7w5x x1h91t0o x1h9r5lt xv2umb2 x1beo9mf xaigb6o x12ejxvf x3igimt xarpa2k xedcshv x1lytzrv x1t2pt76 x7ja8zs x1qrby5j x1jfb8zj\">* Mink\u0161tas \/ kokybi\u0161kas<\/span><\/p>\n<p><span class=\"x4k7w5x x1h91t0o x1h9r5lt xv2umb2 x1beo9mf xaigb6o x12ejxvf x3igimt xarpa2k xedcshv x1lytzrv x1t2pt76 x7ja8zs x1qrby5j x1jfb8zj\">Tvarumas ir Gamyba:<\/span><\/p>\n<p><span class=\"x4k7w5x x1h91t0o x1h9r5lt xv2umb2 x1beo9mf xaigb6o x12ejxvf x3igimt xarpa2k xedcshv x1lytzrv x1t2pt76 x7ja8zs x1qrby5j x1jfb8zj\">Ekologi\u0161ka medviln\u0117 apibr\u0117\u017eiama kaip medviln\u0117, u\u017eauginta nenaudojant joki\u0173 chemini\u0173 med\u017eiag\u0173, toki\u0173 kaip tr\u0105\u0161os ir pesticidai.<\/span><\/p>\n<p><span class=\"x4k7w5x x1h91t0o x1h9r5lt xv2umb2 x1beo9mf xaigb6o x12ejxvf x3igimt xarpa2k xedcshv x1lytzrv x1t2pt76 x7ja8zs x1qrby5j x1jfb8zj\">Gamybos \u0161alis: Indija<\/span><\/p>\n","protected":false},"excerpt":{"rendered":"<p>Gra\u017eiai aptrauktas baldakimis kiekvienam vaiku\u010dio miegamajam. I\u0161skirtinis vaik\u0173 kambario interjero dalis, kuris u\u017etikrins smagesnius \u017eaidimus ir nuostabias svajoni\u0173 naktis. * MED\u017dIAGA: 100% organin\u0117 medviln\u0117 Vidinis plieninis \u017eiedas. * MATMENYS: Auk\u0161tis 200cm x plotis 50cm &nbsp; MED\u017dIAGA \u2014\u2014\u2014\u2014\u2014\u2014\u2014\u2014 Med\u017eiagos savyb\u0117s: * Be kenksming\u0173 chemini\u0173 med\u017eiag\u0173 * Mink\u0161tas \/ kokybi\u0161kas Tvarumas ir Gamyba: Ekologi\u0161ka medviln\u0117 apibr\u0117\u017eiama kaip [&hellip;]<\/p>\n","protected":false},"featured_media":5327,"template":"","meta":[],"product_brand":[],"product_cat":[59],"product_tag":[],"class_list":{"0":"post-5326","1":"product","2":"type-product","3":"status-publish","4":"has-post-thumbnail","6":"product_cat-miegas-prieziura","7":"","9":"first","10":"instock","11":"taxable","12":"shipping-taxable","13":"purchasable","14":"product-type-simple"},"_links":{"self":[{"href":"https:\/\/secihouse.lt\/index.php\/wp-json\/wp\/v2\/product\/5326","targetHints":{"allow":["GET"]}}],"collection":[{"href":"https:\/\/secihouse.lt\/index.php\/wp-json\/wp\/v2\/product"}],"about":[{"href":"https:\/\/secihouse.lt\/index.php\/wp-json\/wp\/v2\/types\/product"}],"wp:featuredmedia":[{"embeddable":true,"href":"https:\/\/secihouse.lt\/index.php\/wp-json\/wp\/v2\/media\/5327"}],"wp:attachment":[{"href":"https:\/\/secihouse.lt\/index.php\/wp-json\/wp\/v2\/media?parent=5326"}],"wp:term":[{"taxonomy":"product_brand","embeddable":true,"href":"https:\/\/secihouse.lt\/index.php\/wp-json\/wp\/v2\/product_brand?post=5326"},{"taxonomy":"product_cat","embeddable":true,"href":"https:\/\/secihouse.lt\/index.php\/wp-json\/wp\/v2\/product_cat?post=5326"},{"taxonomy":"product_tag","embeddable":true,"href":"https:\/\/secihouse.lt\/index.php\/wp-json\/wp\/v2\/product_tag?post=5326"}],"curies":[{"name":"wp","href":"https:\/\/api.w.org\/{rel}","templated":true}]}}