{"id":4026,"date":"2023-02-03T07:22:08","date_gmt":"2023-02-03T05:22:08","guid":{"rendered":"https:\/\/secihouse.lt\/?post_type=product&#038;p=4026"},"modified":"2024-03-15T19:43:16","modified_gmt":"2024-03-15T17:43:16","slug":"omy-spalvinimo-plakatas-vaikyste","status":"publish","type":"product","link":"https:\/\/secihouse.lt\/index.php\/product\/omy-spalvinimo-plakatas-vaikyste\/","title":{"rendered":"OMY Spalvinimo Plakatas &#8211; Vaikyst\u0117"},"content":{"rendered":"<div class=\"description tag-desktop\" data-mce-fragment=\"1\"><span class=\"x4k7w5x x1h91t0o x1h9r5lt xv2umb2 x1beo9mf xaigb6o x12ejxvf x3igimt xarpa2k xedcshv x1lytzrv x1t2pt76 x7ja8zs x1qrby5j x1jfb8zj\">Spalvinimo plakatas vaikyst\u0117. Tai labai \u017eaismingas plakatas, kuris pakels nuotaik\u0117l\u0119 J\u016bs\u0173 vaikams ! Unikalus plakatas skirtas praleisti laik\u0105 spalvingai spalvuojant \u0161ias \u017eaismingai linksmas iliustracijas , kurios ateityje gal\u0117s puo\u0161ti vaiko kambario interjer\u0105 kaip paveikslas ! Smagus laiko praleidimas kartu su t\u0117veliais, draugais, o galb\u016bt vienam vaiku\u010diui atsipalaidavimo minut\u0117l\u0117 \u012fsiliejant \u012f k\u016brybi\u0161kum\u0105 <span class=\"x3nfvp2 x1j61x8r x1fcty0u xdj266r xhhsvwb xat24cr xgzva0m xxymvpz xlup9mm x1kky2od\"><img loading=\"lazy\" decoding=\"async\" src=\"https:\/\/z-p3-static.xx.fbcdn.net\/images\/emoji.php\/v9\/teb\/2\/16\/1f642.png\" alt=\"\ud83d\ude42\" width=\"16\" height=\"16\" \/><\/span>.<\/span><\/div>\n<div class=\"description tag-desktop\" data-mce-fragment=\"1\"><\/div>\n<div class=\"description tag-desktop\" data-mce-fragment=\"1\"><span class=\"x4k7w5x x1h91t0o x1h9r5lt xv2umb2 x1beo9mf xaigb6o x12ejxvf x3igimt xarpa2k xedcshv x1lytzrv x1t2pt76 x7ja8zs x1qrby5j x1jfb8zj\">Dydis: 70cm x 100cm<\/span><\/div>\n<div class=\"description tag-desktop\" data-mce-fragment=\"1\"><span class=\"x4k7w5x x1h91t0o x1h9r5lt xv2umb2 x1beo9mf xaigb6o x12ejxvf x3igimt xarpa2k xedcshv x1lytzrv x1t2pt76 x7ja8zs x1qrby5j x1jfb8zj\">Med\u017eiaga: 100% popierius<\/span><\/div>\n<div class=\"description tag-desktop\" data-mce-fragment=\"1\"><span class=\"x4k7w5x x1h91t0o x1h9r5lt xv2umb2 x1beo9mf xaigb6o x12ejxvf x3igimt xarpa2k xedcshv x1lytzrv x1t2pt76 x7ja8zs x1qrby5j x1jfb8zj\">Pagaminta Pranc\u016bzijoje<\/span><\/div>\n","protected":false},"excerpt":{"rendered":"<p>Spalvinimo plakatas vaikyst\u0117. Tai labai \u017eaismingas plakatas, kuris pakels nuotaik\u0117l\u0119 J\u016bs\u0173 vaikams ! Unikalus plakatas skirtas praleisti laik\u0105 spalvingai spalvuojant \u0161ias \u017eaismingai linksmas iliustracijas , kurios ateityje gal\u0117s puo\u0161ti vaiko kambario interjer\u0105 kaip paveikslas ! Smagus laiko praleidimas kartu su t\u0117veliais, draugais, o galb\u016bt vienam vaiku\u010diui atsipalaidavimo minut\u0117l\u0117 \u012fsiliejant \u012f k\u016brybi\u0161kum\u0105 . Dydis: 70cm x [&hellip;]<\/p>\n","protected":false},"featured_media":5175,"template":"","meta":[],"product_brand":[],"product_cat":[66],"product_tag":[40,42],"class_list":{"0":"post-4026","1":"product","2":"type-product","3":"status-publish","4":"has-post-thumbnail","6":"product_cat-zaislai","7":"product_tag-not-on-sale","8":"product_tag-zaislai","9":"","11":"first","12":"instock","13":"taxable","14":"shipping-taxable","15":"purchasable","16":"product-type-simple"},"_links":{"self":[{"href":"https:\/\/secihouse.lt\/index.php\/wp-json\/wp\/v2\/product\/4026","targetHints":{"allow":["GET"]}}],"collection":[{"href":"https:\/\/secihouse.lt\/index.php\/wp-json\/wp\/v2\/product"}],"about":[{"href":"https:\/\/secihouse.lt\/index.php\/wp-json\/wp\/v2\/types\/product"}],"wp:featuredmedia":[{"embeddable":true,"href":"https:\/\/secihouse.lt\/index.php\/wp-json\/wp\/v2\/media\/5175"}],"wp:attachment":[{"href":"https:\/\/secihouse.lt\/index.php\/wp-json\/wp\/v2\/media?parent=4026"}],"wp:term":[{"taxonomy":"product_brand","embeddable":true,"href":"https:\/\/secihouse.lt\/index.php\/wp-json\/wp\/v2\/product_brand?post=4026"},{"taxonomy":"product_cat","embeddable":true,"href":"https:\/\/secihouse.lt\/index.php\/wp-json\/wp\/v2\/product_cat?post=4026"},{"taxonomy":"product_tag","embeddable":true,"href":"https:\/\/secihouse.lt\/index.php\/wp-json\/wp\/v2\/product_tag?post=4026"}],"curies":[{"name":"wp","href":"https:\/\/api.w.org\/{rel}","templated":true}]}}