{"id":3973,"date":"2023-02-03T09:53:46","date_gmt":"2023-02-03T07:53:46","guid":{"rendered":"https:\/\/secihouse.lt\/?post_type=product&#038;p=3973"},"modified":"2026-02-15T20:59:20","modified_gmt":"2026-02-15T18:59:20","slug":"oli-carol-valtele","status":"publish","type":"product","link":"https:\/\/secihouse.lt\/index.php\/product\/oli-carol-valtele\/","title":{"rendered":"Oli &#038; Carol valtel\u0117"},"content":{"rendered":"<p>Valtel\u0117, kuri pralinksmins ma\u017eyl\u012f ! \u00a0\u0160i valtel\u0117 lavins \u012fvairiausius \u00a0poj\u016b\u010dius, geometrinis dizainas lavins J\u016bs\u0173 ma\u017eylio rank\u0173 ir aki\u0173 koordinacijos \u012fg\u016bd\u017eius.<\/p>\n<p>\u0160is \u017eaisliukas pagamintas rank\u0173 darbo, taip pat neturintis joki\u0173 skyli\u0173, tod\u0117l n\u0117ra galimyb\u0117s kauptis bakterijoms, pel\u0117siui.<\/p>\n<p><strong>TRUMPAI APIE \u017dAISLIUK\u0104:<\/strong><\/p>\n<p>&nbsp;<\/p>\n<ul>\n<li style=\"list-style-type: none;\">\n<ul>\n<li>Pagamintas i\u0161 100% nat\u016bralaus kau\u010diuko.<\/li>\n<\/ul>\n<\/li>\n<\/ul>\n<p>&nbsp;<\/p>\n<ul>\n<li style=\"list-style-type: none;\">\n<ul>\n<li>Mink\u0161tas, lengvai suimamas ir saugus kramtyti.<\/li>\n<\/ul>\n<\/li>\n<\/ul>\n<p>&nbsp;<\/p>\n<ul>\n<li style=\"list-style-type: none;\">\n<ul>\n<li>Stimuliuoja k\u016bdikio poj\u016b\u010dius ir ramina dygstan\u010dias dantenas.<\/li>\n<\/ul>\n<\/li>\n<\/ul>\n<p>&nbsp;<\/p>\n<ul>\n<li style=\"list-style-type: none;\">\n<ul>\n<li>Valtel\u0117s rankomis da\u017eytos nat\u016braliais pigmentais<\/li>\n<\/ul>\n<\/li>\n<\/ul>\n<p>&nbsp;<\/p>\n<ul>\n<li style=\"list-style-type: none;\">\n<ul>\n<li>Visi\u0161kai saugus vaikams.<\/li>\n<\/ul>\n<\/li>\n<\/ul>\n<p>&nbsp;<\/p>\n<ul>\n<li style=\"list-style-type: none;\">\n<ul>\n<li>N\u0117ra skyli\u0173, tod\u0117l n\u0117ra galimyb\u0117s kauptis pel\u0117siui ar \u012fvairioms bakterijoms.<\/li>\n<\/ul>\n<\/li>\n<\/ul>\n<p>&nbsp;<\/p>\n<ul>\n<li style=\"list-style-type: none;\">\n<ul>\n<li>Pagamintas rank\u0173 darbo, tod\u0117l gali b\u016bti nedideli\u0173 spalvos ar formos skirtumas.<\/li>\n<\/ul>\n<\/li>\n<\/ul>\n<p>&nbsp;<\/p>\n<p>&nbsp;<\/p>\n","protected":false},"excerpt":{"rendered":"<p>Valtel\u0117, kuri pralinksmins ma\u017eyl\u012f ! \u00a0\u0160i valtel\u0117 lavins \u012fvairiausius \u00a0poj\u016b\u010dius, geometrinis dizainas lavins J\u016bs\u0173 ma\u017eylio rank\u0173 ir aki\u0173 koordinacijos \u012fg\u016bd\u017eius. \u0160is \u017eaisliukas pagamintas rank\u0173 darbo, taip pat neturintis joki\u0173 skyli\u0173, tod\u0117l n\u0117ra galimyb\u0117s kauptis bakterijoms, pel\u0117siui. TRUMPAI APIE \u017dAISLIUK\u0104: &nbsp; Pagamintas i\u0161 100% nat\u016bralaus kau\u010diuko. &nbsp; Mink\u0161tas, lengvai suimamas ir saugus kramtyti. &nbsp; Stimuliuoja k\u016bdikio [&hellip;]<\/p>\n","protected":false},"featured_media":5015,"template":"","meta":[],"product_brand":[],"product_cat":[64],"product_tag":[44],"class_list":{"0":"post-3973","1":"product","2":"type-product","3":"status-publish","4":"has-post-thumbnail","6":"product_cat-neramiems-dantukams","7":"product_tag-maudynems","8":"","10":"first","11":"instock","12":"taxable","13":"shipping-taxable","14":"purchasable","15":"product-type-simple"},"_links":{"self":[{"href":"https:\/\/secihouse.lt\/index.php\/wp-json\/wp\/v2\/product\/3973","targetHints":{"allow":["GET"]}}],"collection":[{"href":"https:\/\/secihouse.lt\/index.php\/wp-json\/wp\/v2\/product"}],"about":[{"href":"https:\/\/secihouse.lt\/index.php\/wp-json\/wp\/v2\/types\/product"}],"wp:featuredmedia":[{"embeddable":true,"href":"https:\/\/secihouse.lt\/index.php\/wp-json\/wp\/v2\/media\/5015"}],"wp:attachment":[{"href":"https:\/\/secihouse.lt\/index.php\/wp-json\/wp\/v2\/media?parent=3973"}],"wp:term":[{"taxonomy":"product_brand","embeddable":true,"href":"https:\/\/secihouse.lt\/index.php\/wp-json\/wp\/v2\/product_brand?post=3973"},{"taxonomy":"product_cat","embeddable":true,"href":"https:\/\/secihouse.lt\/index.php\/wp-json\/wp\/v2\/product_cat?post=3973"},{"taxonomy":"product_tag","embeddable":true,"href":"https:\/\/secihouse.lt\/index.php\/wp-json\/wp\/v2\/product_tag?post=3973"}],"curies":[{"name":"wp","href":"https:\/\/api.w.org\/{rel}","templated":true}]}}