{"id":3857,"date":"2023-02-03T09:56:44","date_gmt":"2023-02-03T07:56:44","guid":{"rendered":"https:\/\/secihouse.lt\/?post_type=product&#038;p=3857"},"modified":"2023-09-13T21:36:06","modified_gmt":"2023-09-13T19:36:06","slug":"mimi-lula-plauku-lankelis","status":"publish","type":"product","link":"https:\/\/secihouse.lt\/index.php\/product\/mimi-lula-plauku-lankelis\/","title":{"rendered":"MIMI &#038; LULA plauk\u0173 lankelis"},"content":{"rendered":"<p>Lankelis kuklus, bet labai \u0161velnios spalvyt\u0117s, kuri puikiai derinama prie \u012fvairiausios aprangos. Lankelio kaspin\u0117l\u012f galima formuoti pagal poreik\u012f.<span class=\"Apple-converted-space\">\u00a0<\/span><\/p>\n<p>Kaspin\u0117lio auseles galima pakelti auk\u0161tyn, kaip zuiku\u010dio, arba nuleisti \u017eemyn tarsi nut\u016bp\u0119s drugelis.<\/p>\n","protected":false},"excerpt":{"rendered":"<p>Lankelis kuklus, bet labai \u0161velnios spalvyt\u0117s, kuri puikiai derinama prie \u012fvairiausios aprangos. Lankelio kaspin\u0117l\u012f galima formuoti pagal poreik\u012f.\u00a0 Kaspin\u0117lio auseles galima pakelti auk\u0161tyn, kaip zuiku\u010dio, arba nuleisti \u017eemyn tarsi nut\u016bp\u0119s drugelis.<\/p>\n","protected":false},"featured_media":4841,"template":"","meta":[],"product_brand":[],"product_cat":[67],"product_tag":[46],"class_list":{"0":"post-3857","1":"product","2":"type-product","3":"status-publish","4":"has-post-thumbnail","6":"product_cat-apranga-aksesuarai","7":"product_tag-aksesuarai-vaikams","8":"","10":"first","11":"instock","12":"taxable","13":"shipping-taxable","14":"purchasable","15":"product-type-simple"},"_links":{"self":[{"href":"https:\/\/secihouse.lt\/index.php\/wp-json\/wp\/v2\/product\/3857","targetHints":{"allow":["GET"]}}],"collection":[{"href":"https:\/\/secihouse.lt\/index.php\/wp-json\/wp\/v2\/product"}],"about":[{"href":"https:\/\/secihouse.lt\/index.php\/wp-json\/wp\/v2\/types\/product"}],"wp:featuredmedia":[{"embeddable":true,"href":"https:\/\/secihouse.lt\/index.php\/wp-json\/wp\/v2\/media\/4841"}],"wp:attachment":[{"href":"https:\/\/secihouse.lt\/index.php\/wp-json\/wp\/v2\/media?parent=3857"}],"wp:term":[{"taxonomy":"product_brand","embeddable":true,"href":"https:\/\/secihouse.lt\/index.php\/wp-json\/wp\/v2\/product_brand?post=3857"},{"taxonomy":"product_cat","embeddable":true,"href":"https:\/\/secihouse.lt\/index.php\/wp-json\/wp\/v2\/product_cat?post=3857"},{"taxonomy":"product_tag","embeddable":true,"href":"https:\/\/secihouse.lt\/index.php\/wp-json\/wp\/v2\/product_tag?post=3857"}],"curies":[{"name":"wp","href":"https:\/\/api.w.org\/{rel}","templated":true}]}}