{"id":3856,"date":"2023-02-03T09:57:00","date_gmt":"2023-02-03T07:57:00","guid":{"rendered":"https:\/\/secihouse.lt\/?post_type=product&#038;p=3856"},"modified":"2023-03-23T10:53:15","modified_gmt":"2023-03-23T08:53:15","slug":"mimi-lula-plauku-gumyciu-rinkinys-planetos","status":"publish","type":"product","link":"https:\/\/secihouse.lt\/index.php\/product\/mimi-lula-plauku-gumyciu-rinkinys-planetos\/","title":{"rendered":"MIMI &#038; LULA plauk\u0173 gumy\u010di\u0173 rinkinys Planetos"},"content":{"rendered":"<p>\u2022 4 vnt pakuot\u0117je<br \/>\n\u2022 5cm skersmens gumyt\u0117s, tvirtos ir tamprios<br \/>\n\u2022 Planet\u0173 dydis yra apie 3-4 cm<br \/>\n\u2022 \u012esp\u0117jimas!\u00a0 Netinka vaikams iki 36 m\u0117n<\/p>\n","protected":false},"excerpt":{"rendered":"<p>\u2022 4 vnt pakuot\u0117je \u2022 5cm skersmens gumyt\u0117s, tvirtos ir tamprios \u2022 Planet\u0173 dydis yra apie 3-4 cm \u2022 \u012esp\u0117jimas!\u00a0 Netinka vaikams iki 36 m\u0117n<\/p>\n","protected":false},"featured_media":4838,"template":"","meta":[],"product_brand":[],"product_cat":[67],"product_tag":[40],"class_list":{"0":"post-3856","1":"product","2":"type-product","3":"status-publish","4":"has-post-thumbnail","6":"product_cat-apranga-aksesuarai","7":"product_tag-not-on-sale","8":"","10":"first","11":"instock","12":"taxable","13":"shipping-taxable","14":"purchasable","15":"product-type-simple"},"_links":{"self":[{"href":"https:\/\/secihouse.lt\/index.php\/wp-json\/wp\/v2\/product\/3856","targetHints":{"allow":["GET"]}}],"collection":[{"href":"https:\/\/secihouse.lt\/index.php\/wp-json\/wp\/v2\/product"}],"about":[{"href":"https:\/\/secihouse.lt\/index.php\/wp-json\/wp\/v2\/types\/product"}],"wp:featuredmedia":[{"embeddable":true,"href":"https:\/\/secihouse.lt\/index.php\/wp-json\/wp\/v2\/media\/4838"}],"wp:attachment":[{"href":"https:\/\/secihouse.lt\/index.php\/wp-json\/wp\/v2\/media?parent=3856"}],"wp:term":[{"taxonomy":"product_brand","embeddable":true,"href":"https:\/\/secihouse.lt\/index.php\/wp-json\/wp\/v2\/product_brand?post=3856"},{"taxonomy":"product_cat","embeddable":true,"href":"https:\/\/secihouse.lt\/index.php\/wp-json\/wp\/v2\/product_cat?post=3856"},{"taxonomy":"product_tag","embeddable":true,"href":"https:\/\/secihouse.lt\/index.php\/wp-json\/wp\/v2\/product_tag?post=3856"}],"curies":[{"name":"wp","href":"https:\/\/api.w.org\/{rel}","templated":true}]}}