{"id":3658,"date":"2023-02-03T10:04:54","date_gmt":"2023-02-03T08:04:54","guid":{"rendered":"https:\/\/secihouse.lt\/?post_type=product&#038;p=3658"},"modified":"2025-04-28T08:42:27","modified_gmt":"2025-04-28T06:42:27","slug":"gommu-lele-kudikis-peach","status":"publish","type":"product","link":"https:\/\/secihouse.lt\/index.php\/product\/gommu-lele-kudikis-peach\/","title":{"rendered":"GOMMU L\u0117l\u0117 k\u016bdikis &#8211; Peach"},"content":{"rendered":"<p>Tai nuostabi, i\u0161skirtin\u0117 Gommu l\u0117l\u0117 k\u016bdik\u0117lis &#8211; Peach, kuris gali b\u016bti puikus draugas vaiku\u010diui. \u0160is Gommu k\u016bdik\u0117lis yra unikalus kaip ir visi kiti Gommu produktai, pagaminti rank\u0173 darbo, tod\u0117l gali tur\u0117ti nedideli\u0173 netobulum\u0173. Gommu \u017eaislai gali pad\u0117ti ma\u017eyliui vystyti emocin\u012f, jutimin\u012f ir pa\u017eintinius jausmus.<\/p>\n<p>\u0160i l\u0117lyt\u0117 visi\u0161kai saugi kramtyti, \u017eaisti, liesti.<\/p>\n<p>Tinka vaikams nuo 3+ am\u017eiaus vaikams.<\/p>\n<p>Be PVC ir BPA.<\/p>\n<p>Tinkama \u017eaisti vandenyje! Hermeti\u0161kai u\u017edarytas ir n\u0117ra galimyb\u0117s patekti vandeniui, kauptis pel\u0117siui ar \u012fvairiausioms bakterijoms.<\/p>\n<p>Sud\u0117tis: 100% kau\u010diukas<\/p>\n<p>L\u0117lyt\u0117s k\u016bdik\u0117lio dydis: 31cm x 19cm<\/p>\n","protected":false},"excerpt":{"rendered":"<p>Tai nuostabi, i\u0161skirtin\u0117 Gommu l\u0117l\u0117 k\u016bdik\u0117lis &#8211; Peach, kuris gali b\u016bti puikus draugas vaiku\u010diui. \u0160is Gommu k\u016bdik\u0117lis yra unikalus kaip ir visi kiti Gommu produktai, pagaminti rank\u0173 darbo, tod\u0117l gali tur\u0117ti nedideli\u0173 netobulum\u0173. Gommu \u017eaislai gali pad\u0117ti ma\u017eyliui vystyti emocin\u012f, jutimin\u012f ir pa\u017eintinius jausmus. \u0160i l\u0117lyt\u0117 visi\u0161kai saugi kramtyti, \u017eaisti, liesti. Tinka vaikams nuo 3+ [&hellip;]<\/p>\n","protected":false},"featured_media":4341,"template":"","meta":[],"product_brand":[],"product_cat":[66],"product_tag":[40,42],"class_list":{"0":"post-3658","1":"product","2":"type-product","3":"status-publish","4":"has-post-thumbnail","6":"product_cat-zaislai","7":"product_tag-not-on-sale","8":"product_tag-zaislai","9":"","11":"first","12":"instock","13":"taxable","14":"shipping-taxable","15":"purchasable","16":"product-type-simple"},"_links":{"self":[{"href":"https:\/\/secihouse.lt\/index.php\/wp-json\/wp\/v2\/product\/3658","targetHints":{"allow":["GET"]}}],"collection":[{"href":"https:\/\/secihouse.lt\/index.php\/wp-json\/wp\/v2\/product"}],"about":[{"href":"https:\/\/secihouse.lt\/index.php\/wp-json\/wp\/v2\/types\/product"}],"wp:featuredmedia":[{"embeddable":true,"href":"https:\/\/secihouse.lt\/index.php\/wp-json\/wp\/v2\/media\/4341"}],"wp:attachment":[{"href":"https:\/\/secihouse.lt\/index.php\/wp-json\/wp\/v2\/media?parent=3658"}],"wp:term":[{"taxonomy":"product_brand","embeddable":true,"href":"https:\/\/secihouse.lt\/index.php\/wp-json\/wp\/v2\/product_brand?post=3658"},{"taxonomy":"product_cat","embeddable":true,"href":"https:\/\/secihouse.lt\/index.php\/wp-json\/wp\/v2\/product_cat?post=3658"},{"taxonomy":"product_tag","embeddable":true,"href":"https:\/\/secihouse.lt\/index.php\/wp-json\/wp\/v2\/product_tag?post=3658"}],"curies":[{"name":"wp","href":"https:\/\/api.w.org\/{rel}","templated":true}]}}