{"id":3610,"date":"2023-02-03T10:14:43","date_gmt":"2023-02-03T08:14:43","guid":{"rendered":"https:\/\/secihouse.lt\/?post_type=product&#038;p=3610"},"modified":"2026-02-15T20:58:08","modified_gmt":"2026-02-15T18:58:08","slug":"done-by-deer-lavinamasis-zaislas-lalle-sand","status":"publish","type":"product","link":"https:\/\/secihouse.lt\/index.php\/product\/done-by-deer-lavinamasis-zaislas-lalle-sand\/","title":{"rendered":"DONE BY DEER lavinamasis \u017eaislas &#8211; Lalle Sand"},"content":{"rendered":"<p>Mink\u0161tas \u017eaisliukas, kuris puikiai tiks kelioni\u0173 metu. \u017daisl\u0105 galima pritvirtinti prie ve\u017eim\u0117lio, automobilin\u0117s k\u0117dut\u0117s ar lovelyje.<\/p>\n<p>\u0160is \u017eaislas Lalle turintis daug jutimo funkcij\u0173, kurios pakels ma\u017eylio nuotaik\u0105 ir pad\u0117s pa\u017einti pasaul\u012f.<\/p>\n<p><strong>Sud\u0117tis:\u00a0<\/strong>100% poliesteris<\/p>\n<p><strong>Dydis:\u00a0<\/strong>\u00d8 8,5 x H24 cm<\/p>\n<p><strong>Prie\u017ei\u016bra:\u00a0<\/strong>Nuvalyti dr\u0117gna servet\u0117le<\/p>\n","protected":false},"excerpt":{"rendered":"<p>Mink\u0161tas \u017eaisliukas, kuris puikiai tiks kelioni\u0173 metu. \u017daisl\u0105 galima pritvirtinti prie ve\u017eim\u0117lio, automobilin\u0117s k\u0117dut\u0117s ar lovelyje. \u0160is \u017eaislas Lalle turintis daug jutimo funkcij\u0173, kurios pakels ma\u017eylio nuotaik\u0105 ir pad\u0117s pa\u017einti pasaul\u012f. Sud\u0117tis:\u00a0100% poliesteris Dydis:\u00a0\u00d8 8,5 x H24 cm Prie\u017ei\u016bra:\u00a0Nuvalyti dr\u0117gna servet\u0117le<\/p>\n","protected":false},"featured_media":4221,"template":"","meta":[],"product_brand":[],"product_cat":[66],"product_tag":[40,42],"class_list":{"0":"post-3610","1":"product","2":"type-product","3":"status-publish","4":"has-post-thumbnail","6":"product_cat-zaislai","7":"product_tag-not-on-sale","8":"product_tag-zaislai","9":"","11":"first","12":"instock","13":"taxable","14":"shipping-taxable","15":"purchasable","16":"product-type-simple"},"_links":{"self":[{"href":"https:\/\/secihouse.lt\/index.php\/wp-json\/wp\/v2\/product\/3610","targetHints":{"allow":["GET"]}}],"collection":[{"href":"https:\/\/secihouse.lt\/index.php\/wp-json\/wp\/v2\/product"}],"about":[{"href":"https:\/\/secihouse.lt\/index.php\/wp-json\/wp\/v2\/types\/product"}],"wp:featuredmedia":[{"embeddable":true,"href":"https:\/\/secihouse.lt\/index.php\/wp-json\/wp\/v2\/media\/4221"}],"wp:attachment":[{"href":"https:\/\/secihouse.lt\/index.php\/wp-json\/wp\/v2\/media?parent=3610"}],"wp:term":[{"taxonomy":"product_brand","embeddable":true,"href":"https:\/\/secihouse.lt\/index.php\/wp-json\/wp\/v2\/product_brand?post=3610"},{"taxonomy":"product_cat","embeddable":true,"href":"https:\/\/secihouse.lt\/index.php\/wp-json\/wp\/v2\/product_cat?post=3610"},{"taxonomy":"product_tag","embeddable":true,"href":"https:\/\/secihouse.lt\/index.php\/wp-json\/wp\/v2\/product_tag?post=3610"}],"curies":[{"name":"wp","href":"https:\/\/api.w.org\/{rel}","templated":true}]}}